775
CDUS41 KCLE 250545
CLICLE


CLIMATE REPORT
NATIONAL WEATHER SERVICE CLEVELAND OH
145 AM EDT THU MAY 25 2017


...................................

...THE CLEVELAND OH CLIMATE SUMMARY FOR MAY 24 2017...

CLIMATE NORMAL PERIOD 1981 TO 2010
CLIMATE RECORD PERIOD 1871 TO 2017


WEATHER ITEM   OBSERVED TIME   RECORD YEAR NORMAL DEPARTURE LAST
                VALUE   (LST)  VALUE       VALUE  FROM      YEAR
                                                  NORMAL
..................................................................
TEMPERATURE (F)
 YESTERDAY
  MAXIMUM         68   1230 PM  89    1950  72     -4       83
  MINIMUM         61    439 AM  32    1963  53      8       50
  AVERAGE         65                        62      3       67

PRECIPITATION (IN)
  YESTERDAY        0.45                      0.12   0.33     0.00
  MONTH TO DATE    3.39                      2.79   0.60     2.51
  SINCE MAR 1     11.90                      9.21   2.69    10.54
  SINCE JAN 1     19.36                     14.27   5.09    15.13

SNOWFALL (IN)
  YESTERDAY        0.0                       0.0    0.0      0.0
  MONTH TO DATE    0.0                       0.1   -0.1       T
  SINCE MAR 1     12.1                      16.0   -3.9     11.0
  SINCE JUL 1     37.3                      68.2  -30.9     32.8
  SNOW DEPTH       0

DEGREE DAYS
 HEATING
  YESTERDAY        0                         5     -5        0
  MONTH TO DATE  190                       181      9      212
  SINCE MAR 1   1234                      1475   -241     1355
  SINCE JUL 1   4545                      5692  -1147     4946

 COOLING
  YESTERDAY        0                         2     -2        2
  MONTH TO DATE   39                        32      7        8
  SINCE MAR 1     70                        43     27        8
  SINCE JAN 1     70                        43     27        8
..................................................................


WIND (MPH)
  HIGHEST WIND SPEED    17   HIGHEST WIND DIRECTION    SE (120)
  HIGHEST GUST SPEED    24   HIGHEST GUST DIRECTION     E (100)
  AVERAGE WIND SPEED     9.5


SKY COVER
  POSSIBLE SUNSHINE  MM
  AVERAGE SKY COVER 1.0


WEATHER CONDITIONS
 THE FOLLOWING WEATHER WAS RECORDED YESTERDAY.
  RAIN
  LIGHT RAIN
  FOG


RELATIVE HUMIDITY (PERCENT)
 HIGHEST    90           400 PM
 LOWEST     56          1200 AM
 AVERAGE    73

..........................................................


THE CLEVELAND OH CLIMATE NORMALS FOR TODAY
                         NORMAL    RECORD    YEAR
 MAXIMUM TEMPERATURE (F)   72        90      2012
 MINIMUM TEMPERATURE (F)   53        33      2013


SUNRISE AND SUNSET
MAY 25 2017...........SUNRISE   600 AM EDT   SUNSET   849 PM EDT
MAY 26 2017...........SUNRISE   559 AM EDT   SUNSET   850 PM EDT


-  INDICATES NEGATIVE NUMBERS.
R  INDICATES RECORD WAS SET OR TIED.
MM INDICATES DATA IS MISSING.
T  INDICATES TRACE AMOUNT.




$$
