000
CDUS41 KCLE 290545
CLICLE


CLIMATE REPORT
NATIONAL WEATHER SERVICE CLEVELAND OH
145 AM EDT MON SEP 29 2014


...................................

...THE CLEVELAND OH CLIMATE SUMMARY FOR SEPTEMBER 28 2014...

CLIMATE NORMAL PERIOD 1981 TO 2010
CLIMATE RECORD PERIOD 1871 TO 2014


WEATHER ITEM   OBSERVED TIME   RECORD YEAR NORMAL DEPARTURE LAST
                VALUE   (LST)  VALUE       VALUE  FROM      YEAR
                                                  NORMAL
..................................................................
TEMPERATURE (F)
 YESTERDAY
  MAXIMUM         75   1218 PM  89    1959  69      6       77
  MINIMUM         51    503 AM  34    1984  51      0       51
                                      1942
  AVERAGE         63                        60      3       64

PRECIPITATION (IN)
  YESTERDAY        0.00                      0.12  -0.12     0.00
  MONTH TO DATE    4.18                      3.56   0.62     1.87
  SINCE SEP 1      4.18                      3.56   0.62     1.87
  SINCE JAN 1     35.29                     29.10   6.19    30.08

SNOWFALL (IN)
  YESTERDAY        0.0                       0.0    0.0      0.0
  MONTH TO DATE    0.0                       0.0    0.0      0.0
  SINCE SEP 1      0.0                       0.0    0.0      0.0
  SINCE JUL 1      0.0                       0.0    0.0      0.0
  SNOW DEPTH       0

DEGREE DAYS
 HEATING
  YESTERDAY        2                         6     -4        1
  MONTH TO DATE  109                        77     32       86
  SINCE SEP 1    109                        77     32       86
  SINCE JUL 1    134                        89     45       93

 COOLING
  YESTERDAY        0                         1     -1        0
  MONTH TO DATE   63                        85    -22       93
  SINCE SEP 1     63                        85    -22       93
  SINCE JAN 1    653                       800   -147      855
..................................................................


WIND (MPH)
  HIGHEST WIND SPEED    10   HIGHEST WIND DIRECTION     N (350)
  HIGHEST GUST SPEED    12   HIGHEST GUST DIRECTION     N (20)
  AVERAGE WIND SPEED     2.3


SKY COVER
  POSSIBLE SUNSHINE  MM
  AVERAGE SKY COVER 0.6


WEATHER CONDITIONS
 THE FOLLOWING WEATHER WAS RECORDED YESTERDAY.
  FOG


RELATIVE HUMIDITY (PERCENT)
 HIGHEST   100           300 AM
 LOWEST     53          1200 PM
 AVERAGE    77

..........................................................


THE CLEVELAND OH CLIMATE NORMALS FOR TODAY
                         NORMAL    RECORD    YEAR
 MAXIMUM TEMPERATURE (F)   69        95      1953
 MINIMUM TEMPERATURE (F)   51        32      1942


SUNRISE AND SUNSET
SEPTEMBER 29 2014.....SUNRISE   722 AM EDT   SUNSET   713 PM EDT
SEPTEMBER 30 2014.....SUNRISE   723 AM EDT   SUNSET   711 PM EDT


-  INDICATES NEGATIVE NUMBERS.
R  INDICATES RECORD WAS SET OR TIED.
MM INDICATES DATA IS MISSING.
T  INDICATES TRACE AMOUNT.




$$
