000
CDUS41 KCLE 280528
CLICLE


CLIMATE REPORT
NATIONAL WEATHER SERVICE CLEVELAND OH
127 AM EDT FRI AUG 28 2015


...................................

...THE CLEVELAND OH CLIMATE SUMMARY FOR AUGUST 27 2015...

CLIMATE NORMAL PERIOD 1981 TO 2010
CLIMATE RECORD PERIOD 1871 TO 2015


WEATHER ITEM   OBSERVED TIME   RECORD YEAR NORMAL DEPARTURE LAST
                VALUE   (LST)  VALUE       VALUE  FROM      YEAR
                                                  NORMAL
..................................................................
TEMPERATURE (F)
 YESTERDAY
  MAXIMUM         71    321 PM 102    1948  80     -9       77
  MINIMUM         55   1124 PM  49    1963  62     -7       66
                                      1946
                                      1945
  AVERAGE         63                        71     -8       72

PRECIPITATION (IN)
  YESTERDAY        0.01                      0.12  -0.11     0.00
  MONTH TO DATE    2.47                      3.07  -0.60     4.59
  SINCE JUN 1     13.71                      9.96   3.75    14.84
  SINCE JAN 1     27.34                     25.10   2.24    31.11

SNOWFALL (IN)
  YESTERDAY        0.0                       0.0    0.0      0.0
  MONTH TO DATE    0.0                       0.0    0.0      0.0
  SINCE JUN 1      0.0                       0.0    0.0      0.0
  SINCE JUL 1      0.0                       0.0    0.0      0.0
  SNOW DEPTH       0

DEGREE DAYS
 HEATING
  YESTERDAY        2                         0      2        0
  MONTH TO DATE   11                         0     11        8
  SINCE JUN 1     44                        46     -2       42
  SINCE JUL 1     14                         4     10       22

 COOLING
  YESTERDAY        0                         6     -6        7
  MONTH TO DATE  163                       200    -37      165
  SINCE JUN 1    520                       633   -113      499
  SINCE JAN 1    641                       692    -51      565
..................................................................


WIND (MPH)
  HIGHEST WIND SPEED    13   HIGHEST WIND DIRECTION     N (350)
  HIGHEST GUST SPEED    20   HIGHEST GUST DIRECTION     N (340)
  AVERAGE WIND SPEED     6.5


SKY COVER
  POSSIBLE SUNSHINE  MM
  AVERAGE SKY COVER 0.6


WEATHER CONDITIONS
 THE FOLLOWING WEATHER WAS RECORDED YESTERDAY.
  LIGHT RAIN


RELATIVE HUMIDITY (PERCENT)
 HIGHEST    97           800 AM
 LOWEST     61           200 PM
 AVERAGE    79

..........................................................


THE CLEVELAND OH CLIMATE NORMALS FOR TODAY
                         NORMAL    RECORD    YEAR
 MAXIMUM TEMPERATURE (F)   80        98      1953
 MINIMUM TEMPERATURE (F)   62        42      1968


SUNRISE AND SUNSET
AUGUST 28 2015........SUNRISE   649 AM EDT   SUNSET   807 PM EDT
AUGUST 29 2015........SUNRISE   650 AM EDT   SUNSET   806 PM EDT


-  INDICATES NEGATIVE NUMBERS.
R  INDICATES RECORD WAS SET OR TIED.
MM INDICATES DATA IS MISSING.
T  INDICATES TRACE AMOUNT.




$$
