000
CDUS41 KCLE 100527
CLICLE


CLIMATE REPORT
NATIONAL WEATHER SERVICE CLEVELAND OH
127 AM EDT THU APR 10 2014


...................................

...THE CLEVELAND OH CLIMATE SUMMARY FOR APRIL 9 2014...

CLIMATE NORMAL PERIOD 1981 TO 2010
CLIMATE RECORD PERIOD 1871 TO 2014


WEATHER ITEM   OBSERVED TIME   RECORD YEAR NORMAL DEPARTURE LAST
                VALUE   (LST)  VALUE       VALUE  FROM      YEAR
                                                  NORMAL
..................................................................
TEMPERATURE (F)
 YESTERDAY
  MAXIMUM         52    406 PM  81    1931  57     -5       80
  MINIMUM         40    642 AM  17    1972  38      2       46
  AVERAGE         46                        47     -1       63

PRECIPITATION (IN)
  YESTERDAY        T                         0.13  -0.13      T
  MONTH TO DATE    2.29                      1.09   1.20     0.03
  SINCE MAR 1      4.49                      4.02   0.47     2.28
  SINCE JAN 1      9.52                      9.08   0.44     6.75

SNOWFALL (IN)
  YESTERDAY        0.0                       0.2   -0.2      0.0
  MONTH TO DATE    0.0                       1.8   -1.8      0.2
  SINCE MAR 1     15.1                      14.4    0.7     10.9
  SINCE JUL 1     84.8                      66.6   18.2     51.6
  SNOW DEPTH       0

DEGREE DAYS
 HEATING
  YESTERDAY       19                        18      1        2
  MONTH TO DATE  163                       175    -12      184
  SINCE MAR 1   1172                      1001    171     1144
  SINCE JUL 1   5853                      5218    635     5323

 COOLING
  YESTERDAY        0                         0      0        0
  MONTH TO DATE    0                         0      0        0
  SINCE MAR 1      0                         1     -1        0
  SINCE JAN 1      0                         1     -1        0
..................................................................


WIND (MPH)
  HIGHEST WIND SPEED    15   HIGHEST WIND DIRECTION    NW (330)
  HIGHEST GUST SPEED    23   HIGHEST GUST DIRECTION     W (290)
  AVERAGE WIND SPEED     8.3


SKY COVER
  POSSIBLE SUNSHINE  MM
  AVERAGE SKY COVER 0.4


WEATHER CONDITIONS
 THE FOLLOWING WEATHER WAS RECORDED YESTERDAY.
  LIGHT RAIN


RELATIVE HUMIDITY (PERCENT)
 HIGHEST    70           300 AM
 LOWEST     36           600 PM
 AVERAGE    53

..........................................................


THE CLEVELAND OH CLIMATE NORMALS FOR TODAY
                         NORMAL    RECORD    YEAR
 MAXIMUM TEMPERATURE (F)   57        83      1978
                                             1945
 MINIMUM TEMPERATURE (F)   39        20      1997


SUNRISE AND SUNSET
APRIL 10 2014.........SUNRISE   656 AM EDT   SUNSET   802 PM EDT
APRIL 11 2014.........SUNRISE   654 AM EDT   SUNSET   803 PM EDT


-  INDICATES NEGATIVE NUMBERS.
R  INDICATES RECORD WAS SET OR TIED.
MM INDICATES DATA IS MISSING.
T  INDICATES TRACE AMOUNT.




$$
