000
CDUS41 KCLE 120526
CLICLE


CLIMATE REPORT
NATIONAL WEATHER SERVICE CLEVELAND OH
126 AM EDT TUE SEP 12 2017


...................................

...THE CLEVELAND OH CLIMATE SUMMARY FOR SEPTEMBER 11 2017...

CLIMATE NORMAL PERIOD 1981 TO 2010
CLIMATE RECORD PERIOD 1871 TO 2017


WEATHER ITEM   OBSERVED TIME   RECORD YEAR NORMAL DEPARTURE LAST
                VALUE   (LST)  VALUE       VALUE  FROM      YEAR
                                                  NORMAL
..................................................................
TEMPERATURE (F)
 YESTERDAY
  MAXIMUM         77    129 PM  95    2013  76      1       73
  MINIMUM         50    349 AM  42    1995  58     -8       56
                                      1943
                                      1883
  AVERAGE         64                        67     -3       65

PRECIPITATION (IN)
  YESTERDAY        0.00                      0.13  -0.13     0.00
  MONTH TO DATE    0.76                      1.34  -0.58     2.20
  SINCE SEP 1      0.76                      1.34  -0.58     2.20
  SINCE JAN 1     32.39                     26.88   5.51    25.57

SNOWFALL (IN)
  YESTERDAY        0.0                       0.0    0.0      0.0
  MONTH TO DATE    0.0                       0.0    0.0      0.0
  SINCE SEP 1      0.0                       0.0    0.0      0.0
  SINCE JUL 1      0.0                       0.0    0.0      0.0
  SNOW DEPTH       0

DEGREE DAYS
 HEATING
  YESTERDAY        1                         2     -1        0
  MONTH TO DATE   28                        13     15        0
  SINCE SEP 1     28                        13     15        0
  SINCE JUL 1     30                        25      5        0

 COOLING
  YESTERDAY        0                         4     -4        0
  MONTH TO DATE   18                        49    -31      106
  SINCE SEP 1     18                        49    -31      106
  SINCE JAN 1    909                       764    145     1190
..................................................................


WIND (MPH)
  HIGHEST WIND SPEED    18   HIGHEST WIND DIRECTION    NE (30)
  HIGHEST GUST SPEED    23   HIGHEST GUST DIRECTION    NE (40)
  AVERAGE WIND SPEED     7.5


SKY COVER
  POSSIBLE SUNSHINE  MM
  AVERAGE SKY COVER 0.7


WEATHER CONDITIONS
 THE FOLLOWING WEATHER WAS RECORDED YESTERDAY.
  NO SIGNIFICANT WEATHER WAS OBSERVED.


RELATIVE HUMIDITY (PERCENT)
 HIGHEST    83           400 AM
 LOWEST     36           100 PM
 AVERAGE    60

..........................................................


THE CLEVELAND OH CLIMATE NORMALS FOR TODAY
                         NORMAL    RECORD    YEAR
 MAXIMUM TEMPERATURE (F)   76        98      1952
 MINIMUM TEMPERATURE (F)   58        40      1943
                                             1941


SUNRISE AND SUNSET
SEPTEMBER 12 2017.....SUNRISE   705 AM EDT   SUNSET   741 PM EDT
SEPTEMBER 13 2017.....SUNRISE   706 AM EDT   SUNSET   740 PM EDT


-  INDICATES NEGATIVE NUMBERS.
R  INDICATES RECORD WAS SET OR TIED.
MM INDICATES DATA IS MISSING.
T  INDICATES TRACE AMOUNT.




$$
