000
CDUS41 KCLE 261307
CLICLE


CLIMATE REPORT...CORRECTED
NATIONAL WEATHER SERVICE CLEVELAND OH
906 AM EDT FRI AUG 26 2016


...................................

...THE CLEVELAND OH CLIMATE SUMMARY FOR AUGUST 25 2016...

CLIMATE NORMAL PERIOD 1981 TO 2010
CLIMATE RECORD PERIOD 1871 TO 2016


WEATHER ITEM   OBSERVED TIME   RECORD YEAR NORMAL DEPARTURE LAST
                VALUE   (LST)  VALUE       VALUE  FROM      YEAR
                                                  NORMAL
..................................................................
TEMPERATURE (F)
 YESTERDAY
  MAXIMUM         92    314 PM  97    1948  80     12       68
  MINIMUM         74    707 AM  45    1951  62     12       56
                                      1944
  AVERAGE         83                        71     12       62

PRECIPITATION (IN)
  YESTERDAY        0.11                      0.11   0.00     0.02
  MONTH TO DATE    3.45                      2.83   0.62     2.41
  SINCE JUN 1      7.39                      9.72  -2.33    13.65
  SINCE JAN 1     23.32                     24.86  -1.54    27.28

SNOWFALL (IN)
  YESTERDAY        0.0                       0.0    0.0      0.0
  MONTH TO DATE    0.0                       0.0    0.0      0.0
  SINCE JUN 1      0.0                       0.0    0.0      0.0
  SINCE JUL 1      0.0                       0.0    0.0      0.0
  SNOW DEPTH       0

DEGREE DAYS
 HEATING
  YESTERDAY        0                         0      0        3
  MONTH TO DATE    0                         0      0        3
  SINCE JUN 1     13                        46    -33       36
  SINCE JUL 1      0                         4     -4        6

 COOLING
  YESTERDAY       18                         6     12        0
  MONTH TO DATE  332                       188    144      163
  SINCE JUN 1    931                       621    310      520
  SINCE JAN 1   1012                       680    332      641
..................................................................


WIND (MPH)
  HIGHEST WIND SPEED    32   HIGHEST WIND DIRECTION    SW (230)
  HIGHEST GUST SPEED    39   HIGHEST GUST DIRECTION    SW (240)
  AVERAGE WIND SPEED     9.4


SKY COVER
  POSSIBLE SUNSHINE  MM
  AVERAGE SKY COVER 0.6


WEATHER CONDITIONS
 THE FOLLOWING WEATHER WAS RECORDED YESTERDAY.
  THUNDERSTORM
  HEAVY RAIN
  LIGHT RAIN
  FOG


RELATIVE HUMIDITY (PERCENT)
 HIGHEST    87           300 AM
 LOWEST     49           300 PM
 AVERAGE    68

..........................................................


THE CLEVELAND OH CLIMATE NORMALS FOR TODAY
                         NORMAL    RECORD    YEAR
 MAXIMUM TEMPERATURE (F)   80        97      1948
 MINIMUM TEMPERATURE (F)   62        47      1958
                                             1944


SUNRISE AND SUNSET
AUGUST 26 2016........SUNRISE   648 AM EDT   SUNSET   809 PM EDT
AUGUST 27 2016........SUNRISE   649 AM EDT   SUNSET   808 PM EDT


-  INDICATES NEGATIVE NUMBERS.
R  INDICATES RECORD WAS SET OR TIED.
MM INDICATES DATA IS MISSING.
T  INDICATES TRACE AMOUNT.




$$
CORRECTED PRECIPITATION.
