000
CDUS41 KCLE 170526
CLICLE


CLIMATE REPORT
NATIONAL WEATHER SERVICE CLEVELAND OH
125 AM EDT SAT SEP 17 2016


...................................

...THE CLEVELAND OH CLIMATE SUMMARY FOR SEPTEMBER 16 2016...

CLIMATE NORMAL PERIOD 1981 TO 2010
CLIMATE RECORD PERIOD 1871 TO 2016


WEATHER ITEM   OBSERVED TIME   RECORD YEAR NORMAL DEPARTURE LAST
                VALUE   (LST)  VALUE       VALUE  FROM      YEAR
                                                  NORMAL
..................................................................
TEMPERATURE (F)
 YESTERDAY
  MAXIMUM         83    432 PM  93    1991  74      9       82
                                      1939
  MINIMUM         54    640 AM  39    1984  56     -2       57
  AVERAGE         69                        65      4       70

PRECIPITATION (IN)
  YESTERDAY        0.00                      0.14  -0.14     0.00
  MONTH TO DATE    2.31                      2.00   0.31     4.60
  SINCE SEP 1      2.31                      2.00   0.31     4.60
  SINCE JAN 1     25.68                     27.54  -1.86    32.32

SNOWFALL (IN)
  YESTERDAY        0.0                       0.0    0.0      0.0
  MONTH TO DATE    0.0                       0.0    0.0      0.0
  SINCE SEP 1      0.0                       0.0    0.0      0.0
  SINCE JUL 1      0.0                       0.0    0.0      0.0
  SNOW DEPTH       0

DEGREE DAYS
 HEATING
  YESTERDAY        0                         3     -3        0
  MONTH TO DATE    0                        24    -24       15
  SINCE SEP 1      0                        24    -24       15
  SINCE JUL 1      0                        36    -36       29

 COOLING
  YESTERDAY        4                         3      1        5
  MONTH TO DATE  121                        64     57      128
  SINCE SEP 1    121                        64     57      128
  SINCE JAN 1   1205                       779    426      797
..................................................................


WIND (MPH)
  HIGHEST WIND SPEED    14   HIGHEST WIND DIRECTION     S (160)
  HIGHEST GUST SPEED    17   HIGHEST GUST DIRECTION    SW (210)
  AVERAGE WIND SPEED     5.5


SKY COVER
  POSSIBLE SUNSHINE  MM
  AVERAGE SKY COVER 0.4


WEATHER CONDITIONS
 THE FOLLOWING WEATHER WAS RECORDED YESTERDAY.
  NO SIGNIFICANT WEATHER WAS OBSERVED.


RELATIVE HUMIDITY (PERCENT)
 HIGHEST    89           400 AM
 LOWEST     47          1100 AM
 AVERAGE    68

..........................................................


THE CLEVELAND OH CLIMATE NORMALS FOR TODAY
                         NORMAL    RECORD    YEAR
 MAXIMUM TEMPERATURE (F)   74        95      1955
 MINIMUM TEMPERATURE (F)   56        37      1984


SUNRISE AND SUNSET
SEPTEMBER 17 2016.....SUNRISE   710 AM EDT   SUNSET   732 PM EDT
SEPTEMBER 18 2016.....SUNRISE   711 AM EDT   SUNSET   731 PM EDT


-  INDICATES NEGATIVE NUMBERS.
R  INDICATES RECORD WAS SET OR TIED.
MM INDICATES DATA IS MISSING.
T  INDICATES TRACE AMOUNT.




$$
