000
CDUS41 KCLE 210545
CLICLE


CLIMATE REPORT
NATIONAL WEATHER SERVICE CLEVELAND OH
145 AM EDT MON JUL 21 2014


...................................

...THE CLEVELAND OH CLIMATE SUMMARY FOR JULY 20 2014...

CLIMATE NORMAL PERIOD 1981 TO 2010
CLIMATE RECORD PERIOD 1871 TO 2014


WEATHER ITEM   OBSERVED TIME   RECORD YEAR NORMAL DEPARTURE LAST
                VALUE   (LST)  VALUE       VALUE  FROM      YEAR
                                                  NORMAL
..................................................................
TEMPERATURE (F)
 YESTERDAY
  MAXIMUM         77    243 PM  98    1930  83     -6       82
                                      1926
  MINIMUM         61    430 AM  46    1965  65     -4       69
  AVERAGE         69                        74     -5       76

PRECIPITATION (IN)
  YESTERDAY        0.00                      0.11  -0.11     0.71
  MONTH TO DATE    1.98                      2.17  -0.19     3.63
  SINCE JUN 1      8.24                      5.60   2.64    11.53
  SINCE JAN 1     24.51                     20.74   3.77    24.12

SNOWFALL (IN)
  YESTERDAY        0.0                       0.0    0.0      0.0
  MONTH TO DATE    0.0                       0.0    0.0      0.0
  SINCE JUN 1      0.0                       0.0    0.0      0.0
  SINCE JUL 1      0.0                       0.0    0.0      0.0
  SNOW DEPTH       0

DEGREE DAYS
 HEATING
  YESTERDAY        0                         0      0        0
  MONTH TO DATE    7                         0      7        0
  SINCE JUN 1     27                        42    -15       39
  SINCE JUL 1      7                         0      7        0

 COOLING
  YESTERDAY        4                         9     -5       11
  MONTH TO DATE  111                       175    -64      242
  SINCE JUN 1    293                       343    -50      406
  SINCE JAN 1    359                       402    -43      520
..................................................................


WIND (MPH)
  HIGHEST WIND SPEED    13   HIGHEST WIND DIRECTION     N (10)
  HIGHEST GUST SPEED    15   HIGHEST GUST DIRECTION     N (10)
  AVERAGE WIND SPEED     5.4


SKY COVER
  POSSIBLE SUNSHINE  MM
  AVERAGE SKY COVER 0.6


WEATHER CONDITIONS
 THE FOLLOWING WEATHER WAS RECORDED YESTERDAY.
  FOG
  FOG W/VISIBILITY <= 1/4 MILE


RELATIVE HUMIDITY (PERCENT)
 HIGHEST   100           500 AM
 LOWEST     64           300 PM
 AVERAGE    82

..........................................................


THE CLEVELAND OH CLIMATE NORMALS FOR TODAY
                         NORMAL    RECORD    YEAR
 MAXIMUM TEMPERATURE (F)   83        97      2011
                                             1952
                                             1926
 MINIMUM TEMPERATURE (F)   65        46      1966


SUNRISE AND SUNSET
JULY 21 2014..........SUNRISE   612 AM EDT   SUNSET   855 PM EDT
JULY 22 2014..........SUNRISE   613 AM EDT   SUNSET   854 PM EDT


-  INDICATES NEGATIVE NUMBERS.
R  INDICATES RECORD WAS SET OR TIED.
MM INDICATES DATA IS MISSING.
T  INDICATES TRACE AMOUNT.




$$
