000
CDUS41 KCLE 090529
CLICLE


CLIMATE REPORT
NATIONAL WEATHER SERVICE CLEVELAND OH
1228 AM EST FRI FEB 9 2018


...................................

...THE CLEVELAND OH CLIMATE SUMMARY FOR FEBRUARY 8 2018...

CLIMATE NORMAL PERIOD 1981 TO 2010
CLIMATE RECORD PERIOD 1871 TO 2018


WEATHER ITEM   OBSERVED TIME   RECORD YEAR NORMAL DEPARTURE LAST
                VALUE   (LST)  VALUE       VALUE  FROM      YEAR
                                                  NORMAL
..................................................................
TEMPERATURE (F)
 YESTERDAY
  MAXIMUM         21    344 PM  69    1937  36    -15       53
  MINIMUM         11   1054 PM  -8    1977  23    -12       28
                                      1934
                                      1899
  AVERAGE         16                        29    -13       41

PRECIPITATION (IN)
  YESTERDAY        T                         0.08  -0.08     0.13
  MONTH TO DATE    0.42                      0.64  -0.22     1.78
  SINCE DEC 1      4.42                      6.46  -2.04     9.21
  SINCE JAN 1      2.69                      3.36  -0.67     6.56

SNOWFALL (IN)
  YESTERDAY        T                         0.5   -0.5      1.3
  MONTH TO DATE    4.4                       4.4    0.0      1.6
  SINCE DEC 1     33.6                      37.2   -3.6     22.7
  SINCE JUL 1     34.4                      41.7   -7.3     23.6
  SNOW DEPTH       2

DEGREE DAYS
 HEATING
  YESTERDAY       49                        36     13       24
  MONTH TO DATE  341                       288     53      238
  SINCE DEC 1   2630                      2445    185     2175
  SINCE JUL 1   3520                      3540    -20     2891

 COOLING
  YESTERDAY        0                         0      0        0
  MONTH TO DATE    0                         0      0        0
  SINCE DEC 1      0                         0      0        0
  SINCE JAN 1      0                         0      0        0
..................................................................


WIND (MPH)
  HIGHEST WIND SPEED    21   HIGHEST WIND DIRECTION    SW (240)
  HIGHEST GUST SPEED    24   HIGHEST GUST DIRECTION     W (250)
  AVERAGE WIND SPEED     9.8


SKY COVER
  POSSIBLE SUNSHINE  MM
  AVERAGE SKY COVER 0.8


WEATHER CONDITIONS
 THE FOLLOWING WEATHER WAS RECORDED YESTERDAY.
  LIGHT SNOW
  FOG
  HAZE


RELATIVE HUMIDITY (PERCENT)
 HIGHEST    91           200 AM
 LOWEST     61           600 PM
 AVERAGE    76

..........................................................


THE CLEVELAND OH CLIMATE NORMALS FOR TODAY
                         NORMAL    RECORD    YEAR
 MAXIMUM TEMPERATURE (F)   36        63      2001
 MINIMUM TEMPERATURE (F)   23       -14      1899


SUNRISE AND SUNSET
FEBRUARY  9 2018......SUNRISE   730 AM EST   SUNSET   554 PM EST
FEBRUARY 10 2018......SUNRISE   729 AM EST   SUNSET   555 PM EST


-  INDICATES NEGATIVE NUMBERS.
R  INDICATES RECORD WAS SET OR TIED.
MM INDICATES DATA IS MISSING.
T  INDICATES TRACE AMOUNT.




$$
