000
CDUS41 KCLE 140545
CLICLE


CLIMATE REPORT
NATIONAL WEATHER SERVICE CLEVELAND OH
145 AM EDT WED JUN 14 2017


...................................

...THE CLEVELAND OH CLIMATE SUMMARY FOR JUNE 13 2017...

CLIMATE NORMAL PERIOD 1981 TO 2010
CLIMATE RECORD PERIOD 1871 TO 2017


WEATHER ITEM   OBSERVED TIME   RECORD YEAR NORMAL DEPARTURE LAST
                VALUE   (LST)  VALUE       VALUE  FROM      YEAR
                                                  NORMAL
..................................................................
TEMPERATURE (F)
 YESTERDAY
  MAXIMUM         93R   202 PM  93    1954  78     15       70
  MINIMUM         73   1110 PM  43    1979  59     14       53
  AVERAGE         83                        69     14       62

PRECIPITATION (IN)
  YESTERDAY        0.00                      0.12  -0.12     0.00
  MONTH TO DATE    0.17                      1.52  -1.35     0.51
  SINCE JUN 1      0.17                      1.52  -1.35     0.51
  SINCE JAN 1     22.23                     16.66   5.57    16.44

SNOWFALL (IN)
  YESTERDAY        0.0                       0.0    0.0      0.0
  MONTH TO DATE    0.0                       0.0    0.0      0.0
  SINCE JUN 1      0.0                       0.0    0.0      0.0
  SINCE JUL 1     37.3                      68.1  -30.8     32.8
  SNOW DEPTH       0

DEGREE DAYS
 HEATING
  YESTERDAY        0                         1     -1        3
  MONTH TO DATE   15                        29    -14       13
  SINCE JUN 1     15                        29    -14       13
  SINCE JUL 1   4565                      5749  -1184     4959

 COOLING
  YESTERDAY       18                         5     13        0
  MONTH TO DATE   84                        53     31       83
  SINCE JUN 1     84                        53     31       83
  SINCE JAN 1    172                       112     60      164
..................................................................


WIND (MPH)
  HIGHEST WIND SPEED    17   HIGHEST WIND DIRECTION    NW (320)
  HIGHEST GUST SPEED    22   HIGHEST GUST DIRECTION     W (290)
  AVERAGE WIND SPEED     8.1


SKY COVER
  POSSIBLE SUNSHINE  MM
  AVERAGE SKY COVER 0.5


WEATHER CONDITIONS
 THE FOLLOWING WEATHER WAS RECORDED YESTERDAY.
  THUNDERSTORM


RELATIVE HUMIDITY (PERCENT)
 HIGHEST    79          1000 PM
 LOWEST     44           300 PM
 AVERAGE    62

..........................................................


THE CLEVELAND OH CLIMATE NORMALS FOR TODAY
                         NORMAL    RECORD    YEAR
 MAXIMUM TEMPERATURE (F)   78        95      1988
 MINIMUM TEMPERATURE (F)   60        43      1978
                                             1968


SUNRISE AND SUNSET
JUNE 14 2017..........SUNRISE   553 AM EDT   SUNSET   902 PM EDT
JUNE 15 2017..........SUNRISE   553 AM EDT   SUNSET   903 PM EDT


-  INDICATES NEGATIVE NUMBERS.
R  INDICATES RECORD WAS SET OR TIED.
MM INDICATES DATA IS MISSING.
T  INDICATES TRACE AMOUNT.




$$
