000
CDUS41 KCLE 190526
CLICLE


CLIMATE REPORT
NATIONAL WEATHER SERVICE CLEVELAND OH
125 AM EDT FRI MAY 19 2017


...................................

...THE CLEVELAND OH CLIMATE SUMMARY FOR MAY 18 2017...

CLIMATE NORMAL PERIOD 1981 TO 2010
CLIMATE RECORD PERIOD 1871 TO 2017


WEATHER ITEM   OBSERVED TIME   RECORD YEAR NORMAL DEPARTURE LAST
                VALUE   (LST)  VALUE       VALUE  FROM      YEAR
                                                  NORMAL
..................................................................
TEMPERATURE (F)
 YESTERDAY
  MAXIMUM         89    334 PM  91    1962  70     19       62
  MINIMUM         71   1047 PM  34    2009  51     20       47
  AVERAGE         80                        60     20       55

PRECIPITATION (IN)
  YESTERDAY        T                         0.12  -0.12     0.00
  MONTH TO DATE    2.52                      2.05   0.47     2.47
  SINCE MAR 1     11.03                      8.47   2.56    10.50
  SINCE JAN 1     18.49                     13.53   4.96    15.09

SNOWFALL (IN)
  YESTERDAY        0.0                       0.0    0.0      0.0
  MONTH TO DATE    0.0                       0.1   -0.1       T
  SINCE MAR 1     12.1                      16.0   -3.9     11.0
  SINCE JUL 1     37.3                      68.2  -30.9     32.8
  SNOW DEPTH       0

DEGREE DAYS
 HEATING
  YESTERDAY        0                         6     -6       10
  MONTH TO DATE  184                       148     36      173
  SINCE MAR 1   1228                      1442   -214     1316
  SINCE JUL 1   4539                      5659  -1120     4907

 COOLING
  YESTERDAY       15                         2     13        0
  MONTH TO DATE   33                        20     13        6
  SINCE MAR 1     64                        31     33        6
  SINCE JAN 1     64                        31     33        6
..................................................................


WIND (MPH)
  HIGHEST WIND SPEED    25   HIGHEST WIND DIRECTION    SW (230)
  HIGHEST GUST SPEED    35   HIGHEST GUST DIRECTION     S (200)
  AVERAGE WIND SPEED    15.0


SKY COVER
  POSSIBLE SUNSHINE  MM
  AVERAGE SKY COVER 0.7


WEATHER CONDITIONS
 THE FOLLOWING WEATHER WAS RECORDED YESTERDAY.
  THUNDERSTORM
  LIGHT RAIN


RELATIVE HUMIDITY (PERCENT)
 HIGHEST    68          1100 PM
 LOWEST     36           300 PM
 AVERAGE    52

..........................................................


THE CLEVELAND OH CLIMATE NORMALS FOR TODAY
                         NORMAL    RECORD    YEAR
 MAXIMUM TEMPERATURE (F)   70        88      1998
                                             1996
                                             1911
 MINIMUM TEMPERATURE (F)   51        33      1976


SUNRISE AND SUNSET
MAY 19 2017...........SUNRISE   605 AM EDT   SUNSET   844 PM EDT
MAY 20 2017...........SUNRISE   604 AM EDT   SUNSET   845 PM EDT


-  INDICATES NEGATIVE NUMBERS.
R  INDICATES RECORD WAS SET OR TIED.
MM INDICATES DATA IS MISSING.
T  INDICATES TRACE AMOUNT.




$$
