000
CDUS41 KCLE 220532
CLICLE


CLIMATE REPORT
NATIONAL WEATHER SERVICE CLEVELAND OH
1231 AM EST THU JAN 22 2015


...................................

...THE CLEVELAND OH CLIMATE SUMMARY FOR JANUARY 21 2015...

CLIMATE NORMAL PERIOD 1981 TO 2010
CLIMATE RECORD PERIOD 1871 TO 2015


WEATHER ITEM   OBSERVED TIME   RECORD YEAR NORMAL DEPARTURE LAST
                VALUE   (LST)  VALUE       VALUE  FROM      YEAR
                                                  NORMAL
..................................................................
TEMPERATURE (F)
 YESTERDAY
  MAXIMUM         33    340 PM  71    1906  34     -1       19
  MINIMUM         25   1159 PM -17    1985  22      3        8
                                      1984
  AVERAGE         29                        28      1       14

PRECIPITATION (IN)
  YESTERDAY        0.21                      0.08   0.13     0.03
  MONTH TO DATE    2.62                      1.92   0.70     1.52
  SINCE DEC 1      4.57                      5.02  -0.45     5.62
  SINCE JAN 1      2.62                      1.92   0.70     1.52

SNOWFALL (IN)
  YESTERDAY        2.4                       0.6    1.8      0.7
  MONTH TO DATE   12.6                      12.6    0.0     13.7
  SINCE DEC 1     13.5                      26.7  -13.2     31.2
  SINCE JUL 1     32.9                      31.2    1.7     35.9
  SNOW DEPTH       T

DEGREE DAYS
 HEATING
  YESTERDAY       36                        37     -1       51
  MONTH TO DATE  877                       776    101      836
  SINCE DEC 1   1784                      1788     -4     1851
  SINCE JUL 1   3118                      2883    235     3000

 COOLING
  YESTERDAY        0                         0      0        0
  MONTH TO DATE    0                         0      0        0
  SINCE DEC 1      0                         0      0        0
  SINCE JAN 1      0                         0      0        0
..................................................................


WIND (MPH)
  HIGHEST WIND SPEED    15   HIGHEST WIND DIRECTION     W (250)
  HIGHEST GUST SPEED    20   HIGHEST GUST DIRECTION     W (260)
  AVERAGE WIND SPEED     6.2


SKY COVER
  POSSIBLE SUNSHINE  MM
  AVERAGE SKY COVER 1.0


WEATHER CONDITIONS
 THE FOLLOWING WEATHER WAS RECORDED YESTERDAY.
  LIGHT RAIN
  HEAVY SNOW
  SNOW
  LIGHT SNOW
  FOG
  FOG W/VISIBILITY <= 1/4 MILE


RELATIVE HUMIDITY (PERCENT)
 HIGHEST    92           700 AM
 LOWEST     78           100 AM
 AVERAGE    85

..........................................................


THE CLEVELAND OH CLIMATE NORMALS FOR TODAY
                         NORMAL    RECORD    YEAR
 MAXIMUM TEMPERATURE (F)   34        71      1906
 MINIMUM TEMPERATURE (F)   22       -10      1936


SUNRISE AND SUNSET
JANUARY 22 2015.......SUNRISE   747 AM EST   SUNSET   531 PM EST
JANUARY 23 2015.......SUNRISE   747 AM EST   SUNSET   532 PM EST


-  INDICATES NEGATIVE NUMBERS.
R  INDICATES RECORD WAS SET OR TIED.
MM INDICATES DATA IS MISSING.
T  INDICATES TRACE AMOUNT.




$$
