000
CDUS41 KCLE 270545
CLICLE


CLIMATE REPORT
NATIONAL WEATHER SERVICE CLEVELAND OH
145 AM EDT SUN JUL 27 2014


...................................

...THE CLEVELAND OH CLIMATE SUMMARY FOR JULY 26 2014...

CLIMATE NORMAL PERIOD 1981 TO 2010
CLIMATE RECORD PERIOD 1871 TO 2014


WEATHER ITEM   OBSERVED TIME   RECORD YEAR NORMAL DEPARTURE LAST
                VALUE   (LST)  VALUE       VALUE  FROM      YEAR
                                                  NORMAL
..................................................................
TEMPERATURE (F)
 YESTERDAY
  MAXIMUM         82    207 PM  99    1941  82      0       80
  MINIMUM         62    550 AM  46    1946  65     -3       54
  AVERAGE         72                        73     -1       67

PRECIPITATION (IN)
  YESTERDAY        0.32                      0.12   0.20     0.00
  MONTH TO DATE    2.40                      2.88  -0.48     4.66
  SINCE JUN 1      8.66                      6.31   2.35    12.56
  SINCE JAN 1     24.93                     21.45   3.48    25.15

SNOWFALL (IN)
  YESTERDAY        0.0                       0.0    0.0      0.0
  MONTH TO DATE    0.0                       0.0    0.0      0.0
  SINCE JUN 1      0.0                       0.0    0.0      0.0
  SINCE JUL 1      0.0                       0.0    0.0      0.0
  SNOW DEPTH       0

DEGREE DAYS
 HEATING
  YESTERDAY        0                         0      0        0
  MONTH TO DATE    9                         0      9        1
  SINCE JUN 1     29                        42    -13       40
  SINCE JUL 1      9                         0      9        1

 COOLING
  YESTERDAY        7                         8     -1        2
  MONTH TO DATE  140                       228    -88      272
  SINCE JUN 1    322                       396    -74      436
  SINCE JAN 1    388                       455    -67      550
..................................................................


WIND (MPH)
  HIGHEST WIND SPEED    16   HIGHEST WIND DIRECTION    SW (210)
  HIGHEST GUST SPEED    22   HIGHEST GUST DIRECTION    SW (210)
  AVERAGE WIND SPEED     8.6


SKY COVER
  POSSIBLE SUNSHINE  MM
  AVERAGE SKY COVER 0.8


WEATHER CONDITIONS
 THE FOLLOWING WEATHER WAS RECORDED YESTERDAY.
  THUNDERSTORM
  HEAVY RAIN
  LIGHT RAIN
  FOG


RELATIVE HUMIDITY (PERCENT)
 HIGHEST    90           300 AM
 LOWEST     51          1200 PM
 AVERAGE    71

..........................................................


THE CLEVELAND OH CLIMATE NORMALS FOR TODAY
                         NORMAL    RECORD    YEAR
 MAXIMUM TEMPERATURE (F)   82       103      1941
 MINIMUM TEMPERATURE (F)   64        47      1946


SUNRISE AND SUNSET
JULY 27 2014..........SUNRISE   618 AM EDT   SUNSET   850 PM EDT
JULY 28 2014..........SUNRISE   618 AM EDT   SUNSET   849 PM EDT


-  INDICATES NEGATIVE NUMBERS.
R  INDICATES RECORD WAS SET OR TIED.
MM INDICATES DATA IS MISSING.
T  INDICATES TRACE AMOUNT.




$$
