000
CDUS41 KCLE 212114
CLICLE


CLIMATE REPORT
NATIONAL WEATHER SERVICE CLEVELAND OH
513 PM EDT FRI APR 21 2017


...................................

...THE CLEVELAND OH CLIMATE SUMMARY FOR APRIL 21 2017...
VALID TODAY AS OF 0500 PM LOCAL TIME.

CLIMATE NORMAL PERIOD 1981 TO 2010
CLIMATE RECORD PERIOD 1871 TO 2017


WEATHER ITEM   OBSERVED TIME   RECORD YEAR NORMAL DEPARTURE LAST
                VALUE   (LST)  VALUE       VALUE  FROM      YEAR
                                                  NORMAL
..................................................................
TEMPERATURE (F)
 TODAY
  MAXIMUM         66   1247 AM  86    1952  61      5       65
  MINIMUM         53    359 PM  24    1875  42     11       59
  AVERAGE         60                        52      8       62

PRECIPITATION (IN)
  TODAY            T                         0.12  -0.12     0.10
  MONTH TO DATE    4.03                      2.53   1.50     2.72
  SINCE MAR 1      8.05                      5.46   2.59     6.89
  SINCE JAN 1     15.51                     10.52   4.99    11.48

SNOWFALL (IN)
  TODAY            0.0                       0.1   -0.1      0.0
  MONTH TO DATE    2.8                       3.1   -0.3      7.8
  SINCE MAR 1     12.1                      15.7   -3.6     11.0
  SINCE JUL 1     37.3                      67.9  -30.6     32.8
  SNOW DEPTH       0

DEGREE DAYS
 HEATING
  TODAY            5                        14     -9        3
  MONTH TO DATE  190                       361   -171      397
  SINCE MAR 1    981                      1187   -206     1020
  SINCE JUL 1   4292                      5404  -1112     4611

 COOLING
  TODAY            0                         1     -1        0
  MONTH TO DATE   21                         1     20        0
  SINCE MAR 1     21                         2     19        0
  SINCE JAN 1     21                         2     19        0
..................................................................


WIND (MPH)
  HIGHEST WIND SPEED    20   HIGHEST WIND DIRECTION    NW (320)
  HIGHEST GUST SPEED    27   HIGHEST GUST DIRECTION    NW (320)


SKY COVER
  POSSIBLE SUNSHINE  MM
  AVERAGE SKY COVER 1.0


WEATHER CONDITIONS
 THE FOLLOWING WEATHER WAS RECORDED TODAY.
  LIGHT RAIN
  FOG
  HAZE


RELATIVE HUMIDITY (PERCENT)
 HIGHEST    81          1200 AM
 LOWEST     54           400 PM
 AVERAGE    68

..........................................................


THE CLEVELAND OH CLIMATE NORMALS FOR TOMORROW
                         NORMAL    RECORD    YEAR
 MAXIMUM TEMPERATURE (F)   62        84      1985
 MINIMUM TEMPERATURE (F)   43        23      1875


SUNRISE AND SUNSET
APRIL 21 2017.........SUNRISE   638 AM EDT   SUNSET   814 PM EDT
APRIL 22 2017.........SUNRISE   637 AM EDT   SUNSET   816 PM EDT


-  INDICATES NEGATIVE NUMBERS.
R  INDICATES RECORD WAS SET OR TIED.
MM INDICATES DATA IS MISSING.
T  INDICATES TRACE AMOUNT.




$$
