000
CDUS41 KCLE 180532
CLICLE


CLIMATE REPORT
NATIONAL WEATHER SERVICE CLEVELAND OH
1232 AM EST TUE NOV 18 2014


...................................

...THE CLEVELAND OH CLIMATE SUMMARY FOR NOVEMBER 17 2014...

CLIMATE NORMAL PERIOD 1981 TO 2010
CLIMATE RECORD PERIOD 1871 TO 2014


WEATHER ITEM   OBSERVED TIME   RECORD YEAR NORMAL DEPARTURE LAST
                VALUE   (LST)  VALUE       VALUE  FROM      YEAR
                                                  NORMAL
..................................................................
TEMPERATURE (F)
 YESTERDAY
  MAXIMUM         32   1042 AM  72    1954  50    -18       65
                                      1931
  MINIMUM         14R  1159 PM  14    1959  37    -23       52
  AVERAGE         23                        44    -21       59

PRECIPITATION (IN)
  YESTERDAY        0.17                      0.13   0.04     0.73
  MONTH TO DATE    2.15                      2.04   0.11     2.45
  SINCE SEP 1      9.46                      8.92   0.54     9.11
  SINCE JAN 1     40.57                     34.46   6.11    37.32

SNOWFALL (IN)
  YESTERDAY        1.8                       0.1    1.7      0.0
  MONTH TO DATE    9.4                       1.7    7.7      3.1
  SINCE SEP 1      9.4                       1.9    7.5      3.1
  SINCE JUL 1      9.4                       1.9    7.5      3.1
  SNOW DEPTH       3

DEGREE DAYS
 HEATING
  YESTERDAY       42                        22     20        6
  MONTH TO DATE  425                       318    107      333
  SINCE SEP 1    900                       766    134      737
  SINCE JUL 1    925                       778    147      744

 COOLING
  YESTERDAY        0                         0      0        0
  MONTH TO DATE    0                         0      0        0
  SINCE SEP 1     67                       101    -34      127
  SINCE JAN 1    657                       816   -159      889
..................................................................


WIND (MPH)
  HIGHEST WIND SPEED    33   HIGHEST WIND DIRECTION     W (250)
  HIGHEST GUST SPEED    44   HIGHEST GUST DIRECTION     W (270)
  AVERAGE WIND SPEED    12.4


SKY COVER
  POSSIBLE SUNSHINE  MM
  AVERAGE SKY COVER 0.9


WEATHER CONDITIONS
 THE FOLLOWING WEATHER WAS RECORDED YESTERDAY.
  SNOW
  LIGHT SNOW
  FOG
  FOG W/VISIBILITY <= 1/4 MILE
  HAZE
  BLOWING SNOW


RELATIVE HUMIDITY (PERCENT)
 HIGHEST   100           300 AM
 LOWEST     67          1100 PM
 AVERAGE    84

..........................................................


THE CLEVELAND OH CLIMATE NORMALS FOR TODAY
                         NORMAL    RECORD    YEAR
 MAXIMUM TEMPERATURE (F)   50        71      1954
 MINIMUM TEMPERATURE (F)   36        10      1959


SUNRISE AND SUNSET
NOVEMBER 18 2014......SUNRISE   719 AM EST   SUNSET   505 PM EST
NOVEMBER 19 2014......SUNRISE   721 AM EST   SUNSET   505 PM EST


-  INDICATES NEGATIVE NUMBERS.
R  INDICATES RECORD WAS SET OR TIED.
MM INDICATES DATA IS MISSING.
T  INDICATES TRACE AMOUNT.




$$
