000
CDUS41 KCLE 250535
CLICLE


CLIMATE REPORT
NATIONAL WEATHER SERVICE CLEVELAND OH
134 AM EDT WED MAR 25 2015


...................................

...THE CLEVELAND OH CLIMATE SUMMARY FOR MARCH 24 2015...

CLIMATE NORMAL PERIOD 1981 TO 2010
CLIMATE RECORD PERIOD 1871 TO 2015


WEATHER ITEM   OBSERVED TIME   RECORD YEAR NORMAL DEPARTURE LAST
                VALUE   (LST)  VALUE       VALUE  FROM      YEAR
                                                  NORMAL
..................................................................
TEMPERATURE (F)
 YESTERDAY
  MAXIMUM         37    124 PM  83    1910  50    -13       33
  MINIMUM         20    507 AM   8    1888  33    -13       19
  AVERAGE         29                        41    -12       26

PRECIPITATION (IN)
  YESTERDAY        0.00                      0.11  -0.11      T
  MONTH TO DATE    1.14                      2.18  -1.04     1.17
  SINCE MAR 1      1.14                      2.18  -1.04     1.17
  SINCE JAN 1      5.94                      7.24  -1.30     6.20

SNOWFALL (IN)
  YESTERDAY        0.0                       0.4   -0.4       T
  MONTH TO DATE    4.5                      10.5   -6.0      7.7
  SINCE MAR 1      4.5                      10.5   -6.0      7.7
  SINCE JUL 1     65.9                      62.7    3.2     77.4
  SNOW DEPTH       0

DEGREE DAYS
 HEATING
  YESTERDAY       36                        24     12       39
  MONTH TO DATE  752                       667     85      806
  SINCE MAR 1    752                       667     85      806
  SINCE JUL 1   5702                      4884    818     5487

 COOLING
  YESTERDAY        0                         0      0        0
  MONTH TO DATE    0                         0      0        0
  SINCE MAR 1      0                         0      0        0
  SINCE JAN 1      0                         0      0        0
..................................................................


WIND (MPH)
  HIGHEST WIND SPEED    13   HIGHEST WIND DIRECTION     N (10)
  HIGHEST GUST SPEED    17   HIGHEST GUST DIRECTION     N (10)
  AVERAGE WIND SPEED     8.1


SKY COVER
  POSSIBLE SUNSHINE  MM
  AVERAGE SKY COVER 0.3


WEATHER CONDITIONS
 THE FOLLOWING WEATHER WAS RECORDED YESTERDAY.
  NO SIGNIFICANT WEATHER WAS OBSERVED.


RELATIVE HUMIDITY (PERCENT)
 HIGHEST    73           500 AM
 LOWEST     43          1100 AM
 AVERAGE    58

..........................................................


THE CLEVELAND OH CLIMATE NORMALS FOR TODAY
                         NORMAL    RECORD    YEAR
 MAXIMUM TEMPERATURE (F)   50        83      1945
 MINIMUM TEMPERATURE (F)   33         4      1974


SUNRISE AND SUNSET
MARCH 25 2015.........SUNRISE   723 AM EDT   SUNSET   745 PM EDT
MARCH 26 2015.........SUNRISE   721 AM EDT   SUNSET   746 PM EDT


-  INDICATES NEGATIVE NUMBERS.
R  INDICATES RECORD WAS SET OR TIED.
MM INDICATES DATA IS MISSING.
T  INDICATES TRACE AMOUNT.




$$
