518
CDUS41 KCLE 250530
CLICLE


CLIMATE REPORT
NATIONAL WEATHER SERVICE CLEVELAND OH
129 AM EDT MON APR 25 2016


...................................

...THE CLEVELAND OH CLIMATE SUMMARY FOR APRIL 24 2016...

CLIMATE NORMAL PERIOD 1981 TO 2010
CLIMATE RECORD PERIOD 1871 TO 2016


WEATHER ITEM   OBSERVED TIME   RECORD YEAR NORMAL DEPARTURE LAST
                VALUE   (LST)  VALUE       VALUE  FROM      YEAR
                                                  NORMAL
..................................................................
TEMPERATURE (F)
 YESTERDAY
  MAXIMUM         66    131 PM  88    1925  63      3       50
  MINIMUM         34    551 AM  27    2015  43     -9       27
  AVERAGE         50                        53     -3       39

PRECIPITATION (IN)
  YESTERDAY        0.00                      0.11  -0.11     0.00
  MONTH TO DATE    2.76                      2.86  -0.10     2.63
  SINCE MAR 1      6.93                      5.79   1.14     4.60
  SINCE JAN 1     11.52                     10.85   0.67     9.40

SNOWFALL (IN)
  YESTERDAY        0.0                       0.1   -0.1      0.0
  MONTH TO DATE    7.8                       3.2    4.6      0.9
  SINCE MAR 1     11.0                      15.8   -4.8      5.7
  SINCE JUL 1     32.8                      68.0  -35.2     67.1
  SNOW DEPTH       0

DEGREE DAYS
 HEATING
  YESTERDAY       15                        13      2       26
  MONTH TO DATE  439                       400     39      331
  SINCE MAR 1   1062                      1226   -164     1286
  SINCE JUL 1   4653                      5443   -790     6236

 COOLING
  YESTERDAY        0                         1     -1        0
  MONTH TO DATE    0                         4     -4        1
  SINCE MAR 1      0                         5     -5        1
  SINCE JAN 1      0                         5     -5        1
..................................................................


WIND (MPH)
  HIGHEST WIND SPEED    15   HIGHEST WIND DIRECTION    NE (30)
  HIGHEST GUST SPEED    18   HIGHEST GUST DIRECTION    NE (30)
  AVERAGE WIND SPEED     5.6


SKY COVER
  POSSIBLE SUNSHINE  MM
  AVERAGE SKY COVER 0.2


WEATHER CONDITIONS
 THE FOLLOWING WEATHER WAS RECORDED YESTERDAY.
  NO SIGNIFICANT WEATHER WAS OBSERVED.


RELATIVE HUMIDITY (PERCENT)
 HIGHEST    92           400 AM
 LOWEST     25          1200 PM
 AVERAGE    59

..........................................................


THE CLEVELAND OH CLIMATE NORMALS FOR TODAY
                         NORMAL    RECORD    YEAR
 MAXIMUM TEMPERATURE (F)   63        87      1990
 MINIMUM TEMPERATURE (F)   44        27      1888


SUNRISE AND SUNSET
APRIL 25 2016.........SUNRISE   632 AM EDT   SUNSET   819 PM EDT
APRIL 26 2016.........SUNRISE   631 AM EDT   SUNSET   820 PM EDT


-  INDICATES NEGATIVE NUMBERS.
R  INDICATES RECORD WAS SET OR TIED.
MM INDICATES DATA IS MISSING.
T  INDICATES TRACE AMOUNT.




$$
