000
CDUS41 KCLE 010534
CLICLE


CLIMATE REPORT
NATIONAL WEATHER SERVICE CLEVELAND OH
133 AM EDT WED JUL 1 2015


...................................

...THE CLEVELAND OH CLIMATE SUMMARY FOR JUNE 30 2015...

CLIMATE NORMAL PERIOD 1981 TO 2010
CLIMATE RECORD PERIOD 1871 TO 2015


WEATHER ITEM   OBSERVED TIME   RECORD YEAR NORMAL DEPARTURE LAST
                VALUE   (LST)  VALUE       VALUE  FROM      YEAR
                                                  NORMAL
..................................................................
TEMPERATURE (F)
 YESTERDAY
  MAXIMUM         78    213 PM  95    1941  82     -4       86
  MINIMUM         61    218 AM  48    1988  63     -2       71
  AVERAGE         70                        73     -3       79

PRECIPITATION (IN)
  YESTERDAY        0.16                      0.11   0.05     0.00
  MONTH TO DATE    8.52                      3.43   5.09     6.26
  SINCE JUN 1      8.52                      3.43   5.09     6.26
  SINCE JAN 1     22.15                     18.57   3.58    22.53

SNOWFALL (IN)
  YESTERDAY        0.0                       0.0    0.0      0.0
  MONTH TO DATE    0.0                       0.0    0.0      0.0
  SINCE JUN 1      0.0                       0.0    0.0      0.0
  SINCE JUL 1     67.1                      68.1   -1.0     86.1
  SNOW DEPTH       0

DEGREE DAYS
 HEATING
  YESTERDAY        0                         0      0        0
  MONTH TO DATE   30                        41    -11       20
  SINCE JUN 1     30                        42    -12       20
  SINCE JUL 1   6523                      5762    761     6315

 COOLING
  YESTERDAY        5                         8     -3       14
  MONTH TO DATE  147                       168    -21      182
  SINCE JUN 1    147                       168    -21      182
  SINCE JAN 1    268                       227     41      248
..................................................................


WIND (MPH)
  HIGHEST WIND SPEED    18   HIGHEST WIND DIRECTION    SW (240)
  HIGHEST GUST SPEED    22   HIGHEST GUST DIRECTION    SW (230)
  AVERAGE WIND SPEED     7.1


SKY COVER
  POSSIBLE SUNSHINE  MM
  AVERAGE SKY COVER 0.9


WEATHER CONDITIONS
 THE FOLLOWING WEATHER WAS RECORDED YESTERDAY.
  THUNDERSTORM
  LIGHT RAIN
  FOG


RELATIVE HUMIDITY (PERCENT)
 HIGHEST    93           300 AM
 LOWEST     56           200 PM
 AVERAGE    75

..........................................................


THE CLEVELAND OH CLIMATE NORMALS FOR TODAY
                         NORMAL    RECORD    YEAR
 MAXIMUM TEMPERATURE (F)   82        95      2002
                                             1941
 MINIMUM TEMPERATURE (F)   63        45      1988


SUNRISE AND SUNSET
JULY  1 2015..........SUNRISE   558 AM EDT   SUNSET   905 PM EDT
JULY  2 2015..........SUNRISE   558 AM EDT   SUNSET   905 PM EDT


-  INDICATES NEGATIVE NUMBERS.
R  INDICATES RECORD WAS SET OR TIED.
MM INDICATES DATA IS MISSING.
T  INDICATES TRACE AMOUNT.




$$
