000
CDUS41 KCLE 250546
CLICLE


CLIMATE REPORT
NATIONAL WEATHER SERVICE CLEVELAND OH
145 AM EDT THU JUN 25 2015


...................................

...THE CLEVELAND OH CLIMATE SUMMARY FOR JUNE 24 2015...

CLIMATE NORMAL PERIOD 1981 TO 2010
CLIMATE RECORD PERIOD 1871 TO 2015


WEATHER ITEM   OBSERVED TIME   RECORD YEAR NORMAL DEPARTURE LAST
                VALUE   (LST)  VALUE       VALUE  FROM      YEAR
                                                  NORMAL
..................................................................
TEMPERATURE (F)
 YESTERDAY
  MAXIMUM         76    328 PM  96    1952  81     -5       85
  MINIMUM         58    516 AM  44    1915  62     -4       67
  AVERAGE         67                        72     -5       76

PRECIPITATION (IN)
  YESTERDAY        0.00                      0.11  -0.11     3.54
  MONTH TO DATE    5.27                      2.76   2.51     5.41
  SINCE JUN 1      5.27                      2.76   2.51     5.41
  SINCE JAN 1     18.90                     17.90   1.00    21.68

SNOWFALL (IN)
  YESTERDAY        0.0                       0.0    0.0      0.0
  MONTH TO DATE    0.0                       0.0    0.0      0.0
  SINCE JUN 1      0.0                       0.0    0.0      0.0
  SINCE JUL 1     67.1                      68.1   -1.0     86.1
  SNOW DEPTH       0

DEGREE DAYS
 HEATING
  YESTERDAY        0                         1     -1        0
  MONTH TO DATE   28                        40    -12       20
  SINCE JUN 1     28                        40    -12       20
  SINCE JUL 1   6521                      5760    761     6315

 COOLING
  YESTERDAY        2                         7     -5       11
  MONTH TO DATE  134                       121     13      125
  SINCE JUN 1    134                       121     13      125
  SINCE JAN 1    255                       180     75      191
..................................................................


WIND (MPH)
  HIGHEST WIND SPEED    13   HIGHEST WIND DIRECTION     N (360)
  HIGHEST GUST SPEED    20   HIGHEST GUST DIRECTION    NW (330)
  AVERAGE WIND SPEED     4.6


SKY COVER
  POSSIBLE SUNSHINE  MM
  AVERAGE SKY COVER 0.5


WEATHER CONDITIONS
 THE FOLLOWING WEATHER WAS RECORDED YESTERDAY.
  NO SIGNIFICANT WEATHER WAS OBSERVED.


RELATIVE HUMIDITY (PERCENT)
 HIGHEST    90           300 AM
 LOWEST     43          1200 PM
 AVERAGE    67

..........................................................


THE CLEVELAND OH CLIMATE NORMALS FOR TODAY
                         NORMAL    RECORD    YEAR
 MAXIMUM TEMPERATURE (F)   81       104      1988
 MINIMUM TEMPERATURE (F)   62        41      1979


SUNRISE AND SUNSET
JUNE 25 2015..........SUNRISE   555 AM EDT   SUNSET   905 PM EDT
JUNE 26 2015..........SUNRISE   555 AM EDT   SUNSET   905 PM EDT


-  INDICATES NEGATIVE NUMBERS.
R  INDICATES RECORD WAS SET OR TIED.
MM INDICATES DATA IS MISSING.
T  INDICATES TRACE AMOUNT.




$$
