000
CDUS41 KCLE 120538
CLICLE


CLIMATE REPORT
NATIONAL WEATHER SERVICE CLEVELAND OH
135 AM EDT SAT APR 12 2014


...................................

...THE CLEVELAND OH CLIMATE SUMMARY FOR APRIL 11 2014...

CLIMATE NORMAL PERIOD 1981 TO 2010
CLIMATE RECORD PERIOD 1871 TO 2014


WEATHER ITEM   OBSERVED TIME   RECORD YEAR NORMAL DEPARTURE LAST
                VALUE   (LST)  VALUE       VALUE  FROM      YEAR
                                                  NORMAL
..................................................................
TEMPERATURE (F)
 YESTERDAY
  MAXIMUM         62    138 PM  82    1945  57      5       50
                                      1930
  MINIMUM         48   1159 PM  22    1882  39      9       39
  AVERAGE         55                        48      7       45

PRECIPITATION (IN)
  YESTERDAY        0.10                      0.13  -0.03     0.37
  MONTH TO DATE    2.71                      1.34   1.37     1.74
  SINCE MAR 1      4.91                      4.27   0.64     3.99
  SINCE JAN 1      9.94                      9.33   0.61     8.46

SNOWFALL (IN)
  YESTERDAY        0.0                       0.2   -0.2      0.0
  MONTH TO DATE    0.0                       2.1   -2.1      0.2
  SINCE MAR 1     15.1                      14.7    0.4     10.9
  SINCE JUL 1     84.8                      66.9   17.9     51.6
  SNOW DEPTH       0

DEGREE DAYS
 HEATING
  YESTERDAY       10                        17     -7       20
  MONTH TO DATE  180                       209    -29      215
  SINCE MAR 1   1189                      1035    154     1175
  SINCE JUL 1   5870                      5252    618     5354

 COOLING
  YESTERDAY        0                         0      0        0
  MONTH TO DATE    0                         0      0        0
  SINCE MAR 1      0                         1     -1        0
  SINCE JAN 1      0                         1     -1        0
..................................................................


WIND (MPH)
  HIGHEST WIND SPEED    15   HIGHEST WIND DIRECTION    NW (320)
  HIGHEST GUST SPEED    19   HIGHEST GUST DIRECTION    NW (310)
  AVERAGE WIND SPEED     5.8


SKY COVER
  POSSIBLE SUNSHINE  MM
  AVERAGE SKY COVER 0.6


WEATHER CONDITIONS
 THE FOLLOWING WEATHER WAS RECORDED YESTERDAY.
  LIGHT RAIN
  FOG


RELATIVE HUMIDITY (PERCENT)
 HIGHEST    89          1200 AM
 LOWEST     39           500 PM
 AVERAGE    64

..........................................................


THE CLEVELAND OH CLIMATE NORMALS FOR TODAY
                         NORMAL    RECORD    YEAR
 MAXIMUM TEMPERATURE (F)   58        82      2001
                                             1977
                                             1896
 MINIMUM TEMPERATURE (F)   39        20      1939


SUNRISE AND SUNSET
APRIL 12 2014.........SUNRISE   653 AM EDT   SUNSET   804 PM EDT
APRIL 13 2014.........SUNRISE   651 AM EDT   SUNSET   806 PM EDT


-  INDICATES NEGATIVE NUMBERS.
R  INDICATES RECORD WAS SET OR TIED.
MM INDICATES DATA IS MISSING.
T  INDICATES TRACE AMOUNT.




$$
