000
CDUS41 KCLE 260530
CLICLE


CLIMATE REPORT
NATIONAL WEATHER SERVICE CLEVELAND OH
1230 AM EST MON JAN 26 2015


...................................

...THE CLEVELAND OH CLIMATE SUMMARY FOR JANUARY 25 2015...

CLIMATE NORMAL PERIOD 1981 TO 2010
CLIMATE RECORD PERIOD 1871 TO 2015


WEATHER ITEM   OBSERVED TIME   RECORD YEAR NORMAL DEPARTURE LAST
                VALUE   (LST)  VALUE       VALUE  FROM      YEAR
                                                  NORMAL
..................................................................
TEMPERATURE (F)
 YESTERDAY
  MAXIMUM         34    624 AM  73    1950  35     -1       30
  MINIMUM         19   1152 PM -15    1897  22     -3       12
  AVERAGE         27                        28     -1       21

PRECIPITATION (IN)
  YESTERDAY        0.06                      0.08  -0.02     0.28
  MONTH TO DATE    2.70                      2.25   0.45     1.93
  SINCE DEC 1      4.65                      5.35  -0.70     6.03
  SINCE JAN 1      2.70                      2.25   0.45     1.93

SNOWFALL (IN)
  YESTERDAY        0.7                       0.6    0.1      5.3
  MONTH TO DATE   13.7                      15.0   -1.3     22.2
  SINCE DEC 1     14.6                      29.1  -14.5     39.7
  SINCE JUL 1     34.0                      33.6    0.4     44.4
  SNOW DEPTH       1

DEGREE DAYS
 HEATING
  YESTERDAY       38                        37      1       44
  MONTH TO DATE 1027                       924    103     1048
  SINCE DEC 1   1934                      1936     -2     2063
  SINCE JUL 1   3268                      3031    237     3212

 COOLING
  YESTERDAY        0                         0      0        0
  MONTH TO DATE    0                         0      0        0
  SINCE DEC 1      0                         0      0        0
  SINCE JAN 1      0                         0      0        0
..................................................................


WIND (MPH)
  HIGHEST WIND SPEED    24   HIGHEST WIND DIRECTION    NE (40)
  HIGHEST GUST SPEED    31   HIGHEST GUST DIRECTION    NE (40)
  AVERAGE WIND SPEED    13.8


SKY COVER
  POSSIBLE SUNSHINE  MM
  AVERAGE SKY COVER 1.0


WEATHER CONDITIONS
 THE FOLLOWING WEATHER WAS RECORDED YESTERDAY.
  LIGHT SNOW
  FOG
  HAZE
  BLOWING SNOW


RELATIVE HUMIDITY (PERCENT)
 HIGHEST    92           700 AM
 LOWEST     77          1000 PM
 AVERAGE    85

..........................................................


THE CLEVELAND OH CLIMATE NORMALS FOR TODAY
                         NORMAL    RECORD    YEAR
 MAXIMUM TEMPERATURE (F)   35        69      1950
 MINIMUM TEMPERATURE (F)   22        -9      1897


SUNRISE AND SUNSET
JANUARY 26 2015.......SUNRISE   744 AM EST   SUNSET   536 PM EST
JANUARY 27 2015.......SUNRISE   744 AM EST   SUNSET   537 PM EST


-  INDICATES NEGATIVE NUMBERS.
R  INDICATES RECORD WAS SET OR TIED.
MM INDICATES DATA IS MISSING.
T  INDICATES TRACE AMOUNT.




$$
