000
CDUS41 KCLE 160537
CLICLE


CLIMATE REPORT
NATIONAL WEATHER SERVICE CLEVELAND OH
1236 AM EST THU FEB 16 2017


...................................

...THE CLEVELAND OH CLIMATE SUMMARY FOR FEBRUARY 15 2017...

CLIMATE NORMAL PERIOD 1981 TO 2010
CLIMATE RECORD PERIOD 1871 TO 2017


WEATHER ITEM   OBSERVED TIME   RECORD YEAR NORMAL DEPARTURE LAST
                VALUE   (LST)  VALUE       VALUE  FROM      YEAR
                                                  NORMAL
..................................................................
TEMPERATURE (F)
 YESTERDAY
  MAXIMUM         42    133 AM  67    1954  37      5       33
  MINIMUM         28   1001 PM  -5    2015  24      4       16
  AVERAGE         35                        30      5       25

PRECIPITATION (IN)
  YESTERDAY        0.07                      0.08  -0.01     0.02
  MONTH TO DATE    2.10                      1.21   0.89     1.62
  SINCE DEC 1      9.53                      7.03   2.50     5.95
  SINCE JAN 1      6.88                      3.93   2.95     2.99

SNOWFALL (IN)
  YESTERDAY        0.9                       0.5    0.4      0.4
  MONTH TO DATE    2.9                       8.1   -5.2     10.2
  SINCE DEC 1     24.0                      40.9  -16.9     18.1
  SINCE JUL 1     24.9                      45.4  -20.5     19.0
  SNOW DEPTH       0

DEGREE DAYS
 HEATING
  YESTERDAY       30                        35     -5       40
  MONTH TO DATE  444                       534    -90      549
  SINCE DEC 1   2381                      2691   -310     2335
  SINCE JUL 1   3097                      3786   -689     3200

 COOLING
  YESTERDAY        0                         0      0        0
  MONTH TO DATE    0                         0      0        0
  SINCE DEC 1      0                         0      0        0
  SINCE JAN 1      0                         0      0        0
..................................................................


WIND (MPH)
  HIGHEST WIND SPEED    23   HIGHEST WIND DIRECTION    NW (300)
  HIGHEST GUST SPEED    29   HIGHEST GUST DIRECTION    NW (300)
  AVERAGE WIND SPEED    14.1


SKY COVER
  POSSIBLE SUNSHINE  MM
  AVERAGE SKY COVER 0.9


WEATHER CONDITIONS
 THE FOLLOWING WEATHER WAS RECORDED YESTERDAY.
  LIGHT RAIN
  SNOW
  LIGHT SNOW
  FOG


RELATIVE HUMIDITY (PERCENT)
 HIGHEST    82           400 AM
 LOWEST     61           900 AM
 AVERAGE    72

..........................................................


THE CLEVELAND OH CLIMATE NORMALS FOR TODAY
                         NORMAL    RECORD    YEAR
 MAXIMUM TEMPERATURE (F)   38        72      1883
 MINIMUM TEMPERATURE (F)   24       -12      2015


SUNRISE AND SUNSET
FEBRUARY 16 2017......SUNRISE   721 AM EST   SUNSET   603 PM EST
FEBRUARY 17 2017......SUNRISE   719 AM EST   SUNSET   604 PM EST


-  INDICATES NEGATIVE NUMBERS.
R  INDICATES RECORD WAS SET OR TIED.
MM INDICATES DATA IS MISSING.
T  INDICATES TRACE AMOUNT.




$$
