000
CDUS41 KCLE 140545
CLICLE


CLIMATE REPORT
NATIONAL WEATHER SERVICE CLEVELAND OH
145 AM EDT SUN MAY 14 2017


...................................

...THE CLEVELAND OH CLIMATE SUMMARY FOR MAY 13 2017...

CLIMATE NORMAL PERIOD 1981 TO 2010
CLIMATE RECORD PERIOD 1871 TO 2017


WEATHER ITEM   OBSERVED TIME   RECORD YEAR NORMAL DEPARTURE LAST
                VALUE   (LST)  VALUE       VALUE  FROM      YEAR
                                                  NORMAL
..................................................................
TEMPERATURE (F)
 YESTERDAY
  MAXIMUM         70    555 PM  88    2014  69      1       69
  MINIMUM         42    538 AM  30    1996  49     -7       57
  AVERAGE         56                        59     -3       63

PRECIPITATION (IN)
  YESTERDAY        0.16                      0.11   0.05     0.04
  MONTH TO DATE    2.52                      1.45   1.07     1.79
  SINCE MAR 1     11.03                      7.87   3.16     9.82
  SINCE JAN 1     18.49                     12.93   5.56    14.41

SNOWFALL (IN)
  YESTERDAY       MM                         0.0   MM        0.0
  MONTH TO DATE    0.0                       0.1   -0.1      0.0
  SINCE MAR 1     12.1                      16.0   -3.9     11.0
  SINCE JUL 1     37.3                      68.2  -30.9     32.8
  SNOW DEPTH       0

DEGREE DAYS
 HEATING
  YESTERDAY        9                         7      2        2
  MONTH TO DATE  165                       115     50      105
  SINCE MAR 1   1209                      1409   -200     1248
  SINCE JUL 1   4520                      5626  -1106     4839

 COOLING
  YESTERDAY        0                         1     -1        0
  MONTH TO DATE    0                        13    -13        6
  SINCE MAR 1     31                        24      7        6
  SINCE JAN 1     31                        24      7        6
..................................................................


WIND (MPH)
  HIGHEST WIND SPEED    15   HIGHEST WIND DIRECTION     S (160)
  HIGHEST GUST SPEED    19   HIGHEST GUST DIRECTION    NW (310)
  AVERAGE WIND SPEED     5.1


SKY COVER
  POSSIBLE SUNSHINE  MM
  AVERAGE SKY COVER 0.4


WEATHER CONDITIONS
 THE FOLLOWING WEATHER WAS RECORDED YESTERDAY.
  THUNDERSTORM
  LIGHT RAIN
  FOG
  FOG W/VISIBILITY <= 1/4 MILE
  HAZE


RELATIVE HUMIDITY (PERCENT)
 HIGHEST    93           700 AM
 LOWEST     37           400 PM
 AVERAGE    65

..........................................................


THE CLEVELAND OH CLIMATE NORMALS FOR TODAY
                         NORMAL    RECORD    YEAR
 MAXIMUM TEMPERATURE (F)   69        91      1962
 MINIMUM TEMPERATURE (F)   49        30      1996


SUNRISE AND SUNSET
MAY 14 2017...........SUNRISE   609 AM EDT   SUNSET   839 PM EDT
MAY 15 2017...........SUNRISE   608 AM EDT   SUNSET   840 PM EDT


-  INDICATES NEGATIVE NUMBERS.
R  INDICATES RECORD WAS SET OR TIED.
MM INDICATES DATA IS MISSING.
T  INDICATES TRACE AMOUNT.




$$
