000
CDUS41 KCLE 080529
CLICLE


CLIMATE REPORT
NATIONAL WEATHER SERVICE CLEVELAND OH
1228 AM EST THU FEB 8 2018


...................................

...THE CLEVELAND OH CLIMATE SUMMARY FOR FEBRUARY 7 2018...

CLIMATE NORMAL PERIOD 1981 TO 2010
CLIMATE RECORD PERIOD 1871 TO 2018


WEATHER ITEM   OBSERVED TIME   RECORD YEAR NORMAL DEPARTURE LAST
                VALUE   (LST)  VALUE       VALUE  FROM      YEAR
                                                  NORMAL
..................................................................
TEMPERATURE (F)
 YESTERDAY
  MAXIMUM         23   1104 AM  60    2017  36    -13       60
                                      1925
  MINIMUM         18    611 PM  -3    2014  23     -5       47
                                      1988
                                      1895
  AVERAGE         21                        29     -8       54

PRECIPITATION (IN)
  YESTERDAY        0.12                      0.08   0.04     1.61
  MONTH TO DATE    0.42                      0.56  -0.14     1.65
  SINCE DEC 1      4.42                      6.38  -1.96     9.08
  SINCE JAN 1      2.69                      3.28  -0.59     6.43

SNOWFALL (IN)
  YESTERDAY        1.7                       0.5    1.2      0.0
  MONTH TO DATE    4.4                       3.9    0.5      0.3
  SINCE DEC 1     33.6                      36.7   -3.1     21.4
  SINCE JUL 1     34.4                      41.2   -6.8     22.3
  SNOW DEPTH       2

DEGREE DAYS
 HEATING
  YESTERDAY       44                        36      8       11
  MONTH TO DATE  292                       252     40      214
  SINCE DEC 1   2581                      2409    172     2151
  SINCE JUL 1   3471                      3504    -33     2867

 COOLING
  YESTERDAY        0                         0      0        0
  MONTH TO DATE    0                         0      0        0
  SINCE DEC 1      0                         0      0        0
  SINCE JAN 1      0                         0      0        0
..................................................................


WIND (MPH)
  HIGHEST WIND SPEED    18   HIGHEST WIND DIRECTION    NW (320)
  HIGHEST GUST SPEED    21   HIGHEST GUST DIRECTION    NW (320)
  AVERAGE WIND SPEED     9.3


SKY COVER
  POSSIBLE SUNSHINE  MM
  AVERAGE SKY COVER 1.0


WEATHER CONDITIONS
 THE FOLLOWING WEATHER WAS RECORDED YESTERDAY.
  LIGHT SNOW
  FOG
  HAZE


RELATIVE HUMIDITY (PERCENT)
 HIGHEST    92           700 AM
 LOWEST     71           500 PM
 AVERAGE    82

..........................................................


THE CLEVELAND OH CLIMATE NORMALS FOR TODAY
                         NORMAL    RECORD    YEAR
 MAXIMUM TEMPERATURE (F)   36        69      1937
 MINIMUM TEMPERATURE (F)   23        -8      1977
                                             1934
                                             1899


SUNRISE AND SUNSET
FEBRUARY  8 2018......SUNRISE   731 AM EST   SUNSET   553 PM EST
FEBRUARY  9 2018......SUNRISE   730 AM EST   SUNSET   554 PM EST


-  INDICATES NEGATIVE NUMBERS.
R  INDICATES RECORD WAS SET OR TIED.
MM INDICATES DATA IS MISSING.
T  INDICATES TRACE AMOUNT.




$$
