000
CDUS41 KCLE 060527
CLICLE


CLIMATE REPORT
NATIONAL WEATHER SERVICE CLEVELAND OH
1227 AM EST TUE FEB 6 2018


...................................

...THE CLEVELAND OH CLIMATE SUMMARY FOR FEBRUARY 5 2018...

CLIMATE NORMAL PERIOD 1981 TO 2010
CLIMATE RECORD PERIOD 1871 TO 2018


WEATHER ITEM   OBSERVED TIME   RECORD YEAR NORMAL DEPARTURE LAST
                VALUE   (LST)  VALUE       VALUE  FROM      YEAR
                                                  NORMAL
..................................................................
TEMPERATURE (F)
 YESTERDAY
  MAXIMUM         22    249 PM  61    1938  36    -14       44
  MINIMUM         12    550 AM -12    1918  22    -10       30
  AVERAGE         17                        29    -12       37

PRECIPITATION (IN)
  YESTERDAY        0.01                      0.08  -0.07     0.00
  MONTH TO DATE    0.22                      0.40  -0.18     0.02
  SINCE DEC 1      4.22                      6.22  -2.00     7.45
  SINCE JAN 1      2.49                      3.12  -0.63     4.80

SNOWFALL (IN)
  YESTERDAY        0.1                       0.5   -0.4      0.0
  MONTH TO DATE    1.0                       2.8   -1.8      0.3
  SINCE DEC 1     30.2                      35.6   -5.4     21.4
  SINCE JUL 1     31.0                      40.1   -9.1     22.3
  SNOW DEPTH       1

DEGREE DAYS
 HEATING
  YESTERDAY       48                        36     12       28
  MONTH TO DATE  206                       180     26      178
  SINCE DEC 1   2495                      2337    158     2115
  SINCE JUL 1   3385                      3432    -47     2831

 COOLING
  YESTERDAY        0                         0      0        0
  MONTH TO DATE    0                         0      0        0
  SINCE DEC 1      0                         0      0        0
  SINCE JAN 1      0                         0      0        0
..................................................................


WIND (MPH)
  HIGHEST WIND SPEED    23   HIGHEST WIND DIRECTION    NW (310)
  HIGHEST GUST SPEED    27   HIGHEST GUST DIRECTION    NW (310)
  AVERAGE WIND SPEED     9.8


SKY COVER
  POSSIBLE SUNSHINE  MM
  AVERAGE SKY COVER 0.9


WEATHER CONDITIONS
 THE FOLLOWING WEATHER WAS RECORDED YESTERDAY.
  LIGHT SNOW
  FOG
  HAZE


RELATIVE HUMIDITY (PERCENT)
 HIGHEST    84          1200 AM
 LOWEST     57           300 PM
 AVERAGE    71

..........................................................


THE CLEVELAND OH CLIMATE NORMALS FOR TODAY
                         NORMAL    RECORD    YEAR
 MAXIMUM TEMPERATURE (F)   36        61      1938
 MINIMUM TEMPERATURE (F)   23        -6      1895


SUNRISE AND SUNSET
FEBRUARY  6 2018......SUNRISE   733 AM EST   SUNSET   550 PM EST
FEBRUARY  7 2018......SUNRISE   732 AM EST   SUNSET   551 PM EST


-  INDICATES NEGATIVE NUMBERS.
R  INDICATES RECORD WAS SET OR TIED.
MM INDICATES DATA IS MISSING.
T  INDICATES TRACE AMOUNT.




$$
