022
CDUS41 KCLE 140526
CLICLE


CLIMATE REPORT
NATIONAL WEATHER SERVICE CLEVELAND OH
125 AM EDT SAT OCT 14 2017


...................................

...THE CLEVELAND OH CLIMATE SUMMARY FOR OCTOBER 13 2017...

CLIMATE NORMAL PERIOD 1981 TO 2010
CLIMATE RECORD PERIOD 1871 TO 2017


WEATHER ITEM   OBSERVED TIME   RECORD YEAR NORMAL DEPARTURE LAST
                VALUE   (LST)  VALUE       VALUE  FROM      YEAR
                                                  NORMAL
..................................................................
TEMPERATURE (F)
 YESTERDAY
  MAXIMUM         75    241 PM  82    1969  63     12       64
  MINIMUM         57   1002 PM  29    1875  46     11       41
  AVERAGE         66                        55     11       53

PRECIPITATION (IN)
  YESTERDAY        0.00                      0.10  -0.10     0.16
  MONTH TO DATE    2.88                      1.37   1.51     0.50
  SINCE SEP 1      3.69                      5.18  -1.49     5.88
  SINCE JAN 1     35.32                     30.72   4.60    29.25

SNOWFALL (IN)
  YESTERDAY        0.0                       0.0    0.0      0.0
  MONTH TO DATE    0.0                       0.0    0.0      0.0
  SINCE SEP 1      0.0                       0.0    0.0      0.0
  SINCE JUL 1      0.0                       0.0    0.0      0.0
  SNOW DEPTH       0

DEGREE DAYS
 HEATING
  YESTERDAY        0                        11    -11       12
  MONTH TO DATE   12                       116   -104       53
  SINCE SEP 1     60                       207   -147       64
  SINCE JUL 1     62                       219   -157       64

 COOLING
  YESTERDAY        1                         0      1        0
  MONTH TO DATE   41                        10     31       15
  SINCE SEP 1    218                        99    119      200
  SINCE JAN 1   1109                       814    295     1284
..................................................................


WIND (MPH)
  HIGHEST WIND SPEED    13   HIGHEST WIND DIRECTION     N (360)
  HIGHEST GUST SPEED    15   HIGHEST GUST DIRECTION     N (350)
  AVERAGE WIND SPEED     5.6


SKY COVER
  POSSIBLE SUNSHINE  MM
  AVERAGE SKY COVER 0.5


WEATHER CONDITIONS
 THE FOLLOWING WEATHER WAS RECORDED YESTERDAY.
  NO SIGNIFICANT WEATHER WAS OBSERVED.


RELATIVE HUMIDITY (PERCENT)
 HIGHEST    93           700 AM
 LOWEST     53           200 PM
 AVERAGE    73

..........................................................


THE CLEVELAND OH CLIMATE NORMALS FOR TODAY
                         NORMAL    RECORD    YEAR
 MAXIMUM TEMPERATURE (F)   63        84      1989
                                             1899
 MINIMUM TEMPERATURE (F)   46        30      1988


SUNRISE AND SUNSET
OCTOBER 14 2017.......SUNRISE   738 AM EDT   SUNSET   648 PM EDT
OCTOBER 15 2017.......SUNRISE   740 AM EDT   SUNSET   646 PM EDT


-  INDICATES NEGATIVE NUMBERS.
R  INDICATES RECORD WAS SET OR TIED.
MM INDICATES DATA IS MISSING.
T  INDICATES TRACE AMOUNT.




$$
