000
CDUS41 KCLE 240526
CLICLE


CLIMATE REPORT
NATIONAL WEATHER SERVICE CLEVELAND OH
1226 AM EST THU NOV 24 2016


...................................

...THE CLEVELAND OH CLIMATE SUMMARY FOR NOVEMBER 23 2016...

CLIMATE NORMAL PERIOD 1981 TO 2010
CLIMATE RECORD PERIOD 1871 TO 2016


WEATHER ITEM   OBSERVED TIME   RECORD YEAR NORMAL DEPARTURE LAST
                VALUE   (LST)  VALUE       VALUE  FROM      YEAR
                                                  NORMAL
..................................................................
TEMPERATURE (F)
 YESTERDAY
  MAXIMUM         43   1059 PM  75    1931  47     -4       36
  MINIMUM         26    315 AM   6    1880  35     -9       21
  AVERAGE         35                        41     -6       29

PRECIPITATION (IN)
  YESTERDAY        0.08                      0.12  -0.04     0.00
  MONTH TO DATE    1.25                      2.79  -1.54     1.57
  SINCE SEP 1      9.59                      9.67  -0.08     8.65
  SINCE JAN 1     32.96                     35.21  -2.25    36.37

SNOWFALL (IN)
  YESTERDAY        0.0                       0.2   -0.2      0.0
  MONTH TO DATE    0.9                       2.7   -1.8      0.8
  SINCE SEP 1      0.9                       2.9   -2.0      0.9
  SINCE JUL 1      0.9                       2.9   -2.0      0.9
  SNOW DEPTH       0

DEGREE DAYS
 HEATING
  YESTERDAY       30                        24      6       36
  MONTH TO DATE  357                       456    -99      353
  SINCE SEP 1    586                       904   -318      703
  SINCE JUL 1    586                       916   -330      717

 COOLING
  YESTERDAY        0                         0      0        0
  MONTH TO DATE    8                         0      8        4
  SINCE SEP 1    236                       101    135      162
  SINCE JAN 1   1320                       816    504      831
..................................................................


WIND (MPH)
  HIGHEST WIND SPEED    14   HIGHEST WIND DIRECTION    SE (150)
  HIGHEST GUST SPEED    21   HIGHEST GUST DIRECTION    SE (150)
  AVERAGE WIND SPEED     6.6


SKY COVER
  POSSIBLE SUNSHINE  MM
  AVERAGE SKY COVER 0.9


WEATHER CONDITIONS
 THE FOLLOWING WEATHER WAS RECORDED YESTERDAY.
  LIGHT RAIN


RELATIVE HUMIDITY (PERCENT)
 HIGHEST    75           300 AM
 LOWEST     54          1100 AM
 AVERAGE    65

..........................................................


THE CLEVELAND OH CLIMATE NORMALS FOR TODAY
                         NORMAL    RECORD    YEAR
 MAXIMUM TEMPERATURE (F)   47        70      1931
 MINIMUM TEMPERATURE (F)   34         7      1950


SUNRISE AND SUNSET
NOVEMBER 24 2016......SUNRISE   727 AM EST   SUNSET   501 PM EST
NOVEMBER 25 2016......SUNRISE   728 AM EST   SUNSET   501 PM EST


-  INDICATES NEGATIVE NUMBERS.
R  INDICATES RECORD WAS SET OR TIED.
MM INDICATES DATA IS MISSING.
T  INDICATES TRACE AMOUNT.




$$
