956
CDUS41 KCLE 110533
CLICLE


CLIMATE REPORT
NATIONAL WEATHER SERVICE CLEVELAND OH
1232 AM EST SAT NOV 11 2017


...................................

...THE CLEVELAND OH CLIMATE SUMMARY FOR NOVEMBER 10 2017...

CLIMATE NORMAL PERIOD 1981 TO 2010
CLIMATE RECORD PERIOD 1871 TO 2017


WEATHER ITEM   OBSERVED TIME   RECORD YEAR NORMAL DEPARTURE LAST
                VALUE   (LST)  VALUE       VALUE  FROM      YEAR
                                                  NORMAL
..................................................................
TEMPERATURE (F)
 YESTERDAY
  MAXIMUM         35   1205 AM  71    1998  53    -18       60
  MINIMUM         23   1159 PM  19    1991  39    -16       37
  AVERAGE         29                        46    -17       49

PRECIPITATION (IN)
  YESTERDAY        0.02                      0.12  -0.10     0.00
  MONTH TO DATE    2.84                      1.17   1.67     0.71
  SINCE SEP 1      7.33                      8.05  -0.72     9.05
  SINCE JAN 1     38.96                     33.59   5.37    32.42

SNOWFALL (IN)
  YESTERDAY        0.2                       0.1    0.1      0.0
  MONTH TO DATE    0.2                       0.8   -0.6      0.0
  SINCE SEP 1      0.2                       1.0   -0.8      0.0
  SINCE JUL 1      0.2                       1.0   -0.8      0.0
  SNOW DEPTH       T

DEGREE DAYS
 HEATING
  YESTERDAY       36                        19     17       16
  MONTH TO DATE  168                       175     -7       96
  SINCE SEP 1    426                       623   -197      325
  SINCE JUL 1    428                       635   -207      325

 COOLING
  YESTERDAY        0                         0      0        0
  MONTH TO DATE    0                         0      0        7
  SINCE SEP 1    222                       101    121      235
  SINCE JAN 1   1113                       816    297     1319
..................................................................


WIND (MPH)
  HIGHEST WIND SPEED    22   HIGHEST WIND DIRECTION     N (350)
  HIGHEST GUST SPEED    32   HIGHEST GUST DIRECTION    NW (330)
  AVERAGE WIND SPEED    13.4


SKY COVER
  POSSIBLE SUNSHINE  MM
  AVERAGE SKY COVER 1.0


WEATHER CONDITIONS
 THE FOLLOWING WEATHER WAS RECORDED YESTERDAY.
  LIGHT SNOW


RELATIVE HUMIDITY (PERCENT)
 HIGHEST    69           200 AM
 LOWEST     50           700 AM
 AVERAGE    60

..........................................................


THE CLEVELAND OH CLIMATE NORMALS FOR TODAY
                         NORMAL    RECORD    YEAR
 MAXIMUM TEMPERATURE (F)   53        73      1915
 MINIMUM TEMPERATURE (F)   39        21      1957


SUNRISE AND SUNSET
NOVEMBER 11 2017......SUNRISE   711 AM EST   SUNSET   511 PM EST
NOVEMBER 12 2017......SUNRISE   713 AM EST   SUNSET   510 PM EST


-  INDICATES NEGATIVE NUMBERS.
R  INDICATES RECORD WAS SET OR TIED.
MM INDICATES DATA IS MISSING.
T  INDICATES TRACE AMOUNT.




$$
