000
CDUS41 KCLE 110530
CLICLE


CLIMATE REPORT
NATIONAL WEATHER SERVICE CLEVELAND OH
1229 AM EST THU JAN 11 2018


...................................

...THE CLEVELAND OH CLIMATE SUMMARY FOR JANUARY 10 2018...

CLIMATE NORMAL PERIOD 1981 TO 2010
CLIMATE RECORD PERIOD 1871 TO 2018


WEATHER ITEM   OBSERVED TIME   RECORD YEAR NORMAL DEPARTURE LAST
                VALUE   (LST)  VALUE       VALUE  FROM      YEAR
                                                  NORMAL
..................................................................
TEMPERATURE (F)
 YESTERDAY
  MAXIMUM         54   1159 PM  61    1939  34     20       51
  MINIMUM         25    351 AM -12    1875  22      3       28
  AVERAGE         40                        28     12       40

PRECIPITATION (IN)
  YESTERDAY        0.01                      0.09  -0.08     0.39
  MONTH TO DATE    0.29                      0.96  -0.67     1.36
  SINCE DEC 1      2.02                      4.06  -2.04     4.01
  SINCE JAN 1      0.29                      0.96  -0.67     1.36

SNOWFALL (IN)
  YESTERDAY        T                         0.5   -0.5      0.9
  MONTH TO DATE    3.3                       5.8   -2.5      3.5
  SINCE DEC 1     20.5                      19.9    0.6     13.1
  SINCE JUL 1     21.3                      24.4   -3.1     14.0
  SNOW DEPTH       3

DEGREE DAYS
 HEATING
  YESTERDAY       25                        37    -12       25
  MONTH TO DATE  482                       369    113      379
  SINCE DEC 1   1599                      1381    218     1386
  SINCE JUL 1   2489                      2476     13     2102

 COOLING
  YESTERDAY        0                         0      0        0
  MONTH TO DATE    0                         0      0        0
  SINCE DEC 1      0                         0      0        0
  SINCE JAN 1      0                         0      0        0
..................................................................


WIND (MPH)
  HIGHEST WIND SPEED    20   HIGHEST WIND DIRECTION     S (180)
  HIGHEST GUST SPEED    28   HIGHEST GUST DIRECTION     S (170)
  AVERAGE WIND SPEED    11.8


SKY COVER
  POSSIBLE SUNSHINE  MM
  AVERAGE SKY COVER 0.8


WEATHER CONDITIONS
 THE FOLLOWING WEATHER WAS RECORDED YESTERDAY.
  LIGHT RAIN
  SNOW
  FOG


RELATIVE HUMIDITY (PERCENT)
 HIGHEST    92           100 AM
 LOWEST     66          1100 PM
 AVERAGE    79

..........................................................


THE CLEVELAND OH CLIMATE NORMALS FOR TODAY
                         NORMAL    RECORD    YEAR
 MAXIMUM TEMPERATURE (F)   34        67      1890
 MINIMUM TEMPERATURE (F)   22        -9      1886


SUNRISE AND SUNSET
JANUARY 11 2018.......SUNRISE   753 AM EST   SUNSET   518 PM EST
JANUARY 12 2018.......SUNRISE   752 AM EST   SUNSET   520 PM EST


-  INDICATES NEGATIVE NUMBERS.
R  INDICATES RECORD WAS SET OR TIED.
MM INDICATES DATA IS MISSING.
T  INDICATES TRACE AMOUNT.




$$
