000
CDUS41 KCLE 190527
CLICLE


CLIMATE REPORT
NATIONAL WEATHER SERVICE CLEVELAND OH
1227 AM EST FRI DEC 19 2014


...................................

...THE CLEVELAND OH CLIMATE SUMMARY FOR DECEMBER 18 2014...

CLIMATE NORMAL PERIOD 1981 TO 2010
CLIMATE RECORD PERIOD 1871 TO 2014


WEATHER ITEM   OBSERVED TIME   RECORD YEAR NORMAL DEPARTURE LAST
                VALUE   (LST)  VALUE       VALUE  FROM      YEAR
                                                  NORMAL
..................................................................
TEMPERATURE (F)
 YESTERDAY
  MAXIMUM         30    619 PM  62    1939  37     -7       31
  MINIMUM         29   1159 PM  -5    1989  25      4       22
  AVERAGE         30                        31     -1       27

PRECIPITATION (IN)
  YESTERDAY        T                         0.09  -0.09      T
  MONTH TO DATE    1.39                      1.82  -0.43     1.01
  SINCE DEC 1      1.39                      1.82  -0.43     1.01
  SINCE JAN 1     43.49                     37.86   5.63    38.76

SNOWFALL (IN)
  YESTERDAY        T                         0.5   -0.5       T
  MONTH TO DATE    T                         7.3   -7.3     11.9
  SINCE DEC 1      T                         7.3   -7.3     11.9
  SINCE JUL 1     19.4                      11.8    7.6     16.6
  SNOW DEPTH       0

DEGREE DAYS
 HEATING
  YESTERDAY       35                        34      1       38
  MONTH TO DATE  517                       553    -36      628
  SINCE DEC 1    517                       553    -36      628
  SINCE JUL 1   1851                      1648    203     1777

 COOLING
  YESTERDAY        0                         0      0        0
  MONTH TO DATE    0                         0      0        0
  SINCE DEC 1      0                         0      0        0
  SINCE JAN 1    657                       817   -160      889
..................................................................


WIND (MPH)
  HIGHEST WIND SPEED    22   HIGHEST WIND DIRECTION     W (290)
  HIGHEST GUST SPEED    29   HIGHEST GUST DIRECTION    NW (300)
  AVERAGE WIND SPEED    10.6


SKY COVER
  POSSIBLE SUNSHINE  MM
  AVERAGE SKY COVER 1.0


WEATHER CONDITIONS
 THE FOLLOWING WEATHER WAS RECORDED YESTERDAY.
  LT FREEZING RAIN
  LIGHT SNOW
  FOG


RELATIVE HUMIDITY (PERCENT)
 HIGHEST    92           800 PM
 LOWEST     69           100 AM
 AVERAGE    81

..........................................................


THE CLEVELAND OH CLIMATE NORMALS FOR TODAY
                         NORMAL    RECORD    YEAR
 MAXIMUM TEMPERATURE (F)   37        61      1939
 MINIMUM TEMPERATURE (F)   25        -5      1884


SUNRISE AND SUNSET
DECEMBER 19 2014......SUNRISE   749 AM EST   SUNSET   500 PM EST
DECEMBER 20 2014......SUNRISE   750 AM EST   SUNSET   501 PM EST


-  INDICATES NEGATIVE NUMBERS.
R  INDICATES RECORD WAS SET OR TIED.
MM INDICATES DATA IS MISSING.
T  INDICATES TRACE AMOUNT.




$$
