000
CDUS41 KCLE 221119
CLICLE


CLIMATE REPORT
NATIONAL WEATHER SERVICE CLEVELAND OH
719 AM EDT SUN MAR 22 2015


...................................

...THE CLEVELAND OH CLIMATE SUMMARY FOR MARCH 21 2015...

CLIMATE NORMAL PERIOD 1981 TO 2010
CLIMATE RECORD PERIOD 1871 TO 2015


WEATHER ITEM   OBSERVED TIME   RECORD YEAR NORMAL DEPARTURE LAST
                VALUE   (LST)  VALUE       VALUE  FROM      YEAR
                                                  NORMAL
..................................................................
TEMPERATURE (F)
 YESTERDAY
  MAXIMUM         51   1105 AM  83    2012  48      3       47
  MINIMUM         30   1159 PM  -4    1885  32     -2       27
  AVERAGE         41                        40      1       37

PRECIPITATION (IN)
  YESTERDAY        0.00                      0.10  -0.10     0.01
  MONTH TO DATE    1.14                      1.87  -0.73     1.14
  SINCE MAR 1      1.14                      1.87  -0.73     1.14
  SINCE JAN 1      5.94                      6.93  -0.99     6.17

SNOWFALL (IN)
  YESTERDAY        0.0                       0.4   -0.4      0.1
  MONTH TO DATE    4.5                       9.4   -4.9      7.4
  SINCE MAR 1      4.5                       9.4   -4.9      7.4
  SINCE JUL 1     65.9                      61.6    4.3     77.1
  SNOW DEPTH       0

DEGREE DAYS
 HEATING
  YESTERDAY       24                        25     -1       28
  MONTH TO DATE  637                       594     43      708
  SINCE MAR 1    637                       594     43      708
  SINCE JUL 1   5587                      4811    776     5389

 COOLING
  YESTERDAY        0                         0      0        0
  MONTH TO DATE    0                         0      0        0
  SINCE MAR 1      0                         0      0        0
  SINCE JAN 1      0                         0      0        0
..................................................................


WIND (MPH)
  HIGHEST WIND SPEED    23   HIGHEST WIND DIRECTION    SW (240)
  HIGHEST GUST SPEED    28   HIGHEST GUST DIRECTION     W (250)
  AVERAGE WIND SPEED    11.5


SKY COVER
  POSSIBLE SUNSHINE  MM
  AVERAGE SKY COVER 0.9


WEATHER CONDITIONS
 THE FOLLOWING WEATHER WAS RECORDED YESTERDAY.
  HAZE


RELATIVE HUMIDITY (PERCENT)
 HIGHEST    82           500 PM
 LOWEST     66          1100 AM
 AVERAGE    74

..........................................................


THE CLEVELAND OH CLIMATE NORMALS FOR TODAY
                         NORMAL    RECORD    YEAR
 MAXIMUM TEMPERATURE (F)   49        83      2012
                                             1938
 MINIMUM TEMPERATURE (F)   32         0      1885


SUNRISE AND SUNSET
MARCH 22 2015.........SUNRISE   728 AM EDT   SUNSET   741 PM EDT
MARCH 23 2015.........SUNRISE   726 AM EDT   SUNSET   743 PM EDT


-  INDICATES NEGATIVE NUMBERS.
R  INDICATES RECORD WAS SET OR TIED.
MM INDICATES DATA IS MISSING.
T  INDICATES TRACE AMOUNT.




$$
