531
CDUS41 KCLE 180545
CLICLE


CLIMATE REPORT
NATIONAL WEATHER SERVICE CLEVELAND OH
145 AM EDT SUN SEP 18 2016


...................................

...THE CLEVELAND OH CLIMATE SUMMARY FOR SEPTEMBER 17 2016...

CLIMATE NORMAL PERIOD 1981 TO 2010
CLIMATE RECORD PERIOD 1871 TO 2016


WEATHER ITEM   OBSERVED TIME   RECORD YEAR NORMAL DEPARTURE LAST
                VALUE   (LST)  VALUE       VALUE  FROM      YEAR
                                                  NORMAL
..................................................................
TEMPERATURE (F)
 YESTERDAY
  MAXIMUM         82    108 PM  95    1955  74      8       82
  MINIMUM         70   1159 PM  37    1984  56     14       56
  AVERAGE         76                        65     11       69

PRECIPITATION (IN)
  YESTERDAY        1.09                      0.13   0.96     0.00
  MONTH TO DATE    3.40                      2.13   1.27     4.60
  SINCE SEP 1      3.40                      2.13   1.27     4.60
  SINCE JAN 1     26.77                     27.67  -0.90    32.32

SNOWFALL (IN)
  YESTERDAY        0.0                       0.0    0.0      0.0
  MONTH TO DATE    0.0                       0.0    0.0      0.0
  SINCE SEP 1      0.0                       0.0    0.0      0.0
  SINCE JUL 1      0.0                       0.0    0.0      0.0
  SNOW DEPTH       0

DEGREE DAYS
 HEATING
  YESTERDAY        0                         3     -3        0
  MONTH TO DATE    0                        27    -27       15
  SINCE SEP 1      0                        27    -27       15
  SINCE JUL 1      0                        39    -39       29

 COOLING
  YESTERDAY       11                         3      8        4
  MONTH TO DATE  132                        67     65      132
  SINCE SEP 1    132                        67     65      132
  SINCE JAN 1   1216                       782    434      801
..................................................................


WIND (MPH)
  HIGHEST WIND SPEED    24   HIGHEST WIND DIRECTION    SW (230)
  HIGHEST GUST SPEED    30   HIGHEST GUST DIRECTION    SW (210)
  AVERAGE WIND SPEED    10.4


SKY COVER
  POSSIBLE SUNSHINE  MM
  AVERAGE SKY COVER 0.8


WEATHER CONDITIONS
 THE FOLLOWING WEATHER WAS RECORDED YESTERDAY.
  THUNDERSTORM
  HEAVY RAIN
  RAIN
  LIGHT RAIN
  FOG
  HAZE


RELATIVE HUMIDITY (PERCENT)
 HIGHEST    90           900 AM
 LOWEST     62           100 PM
 AVERAGE    76

..........................................................


THE CLEVELAND OH CLIMATE NORMALS FOR TODAY
                         NORMAL    RECORD    YEAR
 MAXIMUM TEMPERATURE (F)   73        94      1955
 MINIMUM TEMPERATURE (F)   55        39      1959


SUNRISE AND SUNSET
SEPTEMBER 18 2016.....SUNRISE   711 AM EDT   SUNSET   731 PM EDT
SEPTEMBER 19 2016.....SUNRISE   712 AM EDT   SUNSET   729 PM EDT


-  INDICATES NEGATIVE NUMBERS.
R  INDICATES RECORD WAS SET OR TIED.
MM INDICATES DATA IS MISSING.
T  INDICATES TRACE AMOUNT.




$$
