167
CDUS41 KCLE 200545
CLICLE


CLIMATE REPORT
NATIONAL WEATHER SERVICE CLEVELAND OH
145 AM EDT TUE SEP 20 2016


...................................

...THE CLEVELAND OH CLIMATE SUMMARY FOR SEPTEMBER 19 2016...

CLIMATE NORMAL PERIOD 1981 TO 2010
CLIMATE RECORD PERIOD 1871 TO 2016


WEATHER ITEM   OBSERVED TIME   RECORD YEAR NORMAL DEPARTURE LAST
                VALUE   (LST)  VALUE       VALUE  FROM      YEAR
                                                  NORMAL
..................................................................
TEMPERATURE (F)
 YESTERDAY
  MAXIMUM         82    255 PM  93    1955  73      9       75
  MINIMUM         62   1117 PM  40    1973  55      7       61
  AVERAGE         72                        64      8       68

PRECIPITATION (IN)
  YESTERDAY        0.00                      0.13  -0.13     0.10
  MONTH TO DATE    3.40                      2.40   1.00     4.70
  SINCE SEP 1      3.40                      2.40   1.00     4.70
  SINCE JAN 1     26.77                     27.94  -1.17    32.42

SNOWFALL (IN)
  YESTERDAY        0.0                       0.0    0.0      0.0
  MONTH TO DATE    0.0                       0.0    0.0      0.0
  SINCE SEP 1      0.0                       0.0    0.0      0.0
  SINCE JUL 1      0.0                       0.0    0.0      0.0
  SNOW DEPTH       0

DEGREE DAYS
 HEATING
  YESTERDAY        0                         3     -3        0
  MONTH TO DATE    0                        33    -33       15
  SINCE SEP 1      0                        33    -33       15
  SINCE JUL 1      0                        45    -45       29

 COOLING
  YESTERDAY        7                         2      5        3
  MONTH TO DATE  149                        71     78      140
  SINCE SEP 1    149                        71     78      140
  SINCE JAN 1   1233                       786    447      809
..................................................................


WIND (MPH)
  HIGHEST WIND SPEED    12   HIGHEST WIND DIRECTION     N (350)
  HIGHEST GUST SPEED    14   HIGHEST GUST DIRECTION     N (10)
  AVERAGE WIND SPEED     3.8


SKY COVER
  POSSIBLE SUNSHINE  MM
  AVERAGE SKY COVER 0.2


WEATHER CONDITIONS
 THE FOLLOWING WEATHER WAS RECORDED YESTERDAY.
  FOG


RELATIVE HUMIDITY (PERCENT)
 HIGHEST    87          1200 AM
 LOWEST     46           700 PM
 AVERAGE    67

..........................................................


THE CLEVELAND OH CLIMATE NORMALS FOR TODAY
                         NORMAL    RECORD    YEAR
 MAXIMUM TEMPERATURE (F)   72        92      1978
                                             1895
 MINIMUM TEMPERATURE (F)   55        40      1956


SUNRISE AND SUNSET
SEPTEMBER 20 2016.....SUNRISE   713 AM EDT   SUNSET   727 PM EDT
SEPTEMBER 21 2016.....SUNRISE   714 AM EDT   SUNSET   725 PM EDT


-  INDICATES NEGATIVE NUMBERS.
R  INDICATES RECORD WAS SET OR TIED.
MM INDICATES DATA IS MISSING.
T  INDICATES TRACE AMOUNT.




$$
