000
CDUS41 KCLE 070527
CLICLE


CLIMATE REPORT
NATIONAL WEATHER SERVICE CLEVELAND OH
126 AM EDT SAT OCT 7 2017


...................................

...THE CLEVELAND OH CLIMATE SUMMARY FOR OCTOBER 6 2017...

CLIMATE NORMAL PERIOD 1981 TO 2010
CLIMATE RECORD PERIOD 1871 TO 2017


WEATHER ITEM   OBSERVED TIME   RECORD YEAR NORMAL DEPARTURE LAST
                VALUE   (LST)  VALUE       VALUE  FROM      YEAR
                                                  NORMAL
..................................................................
TEMPERATURE (F)
 YESTERDAY
  MAXIMUM         70    618 PM  90    1946  66      4       81
  MINIMUM         65    221 AM  34    2003  48     17       60
                                      1964
  AVERAGE         68                        57     11       71

PRECIPITATION (IN)
  YESTERDAY        0.24                      0.10   0.14     0.00
  MONTH TO DATE    0.32                      0.64  -0.32     0.34
  SINCE SEP 1      1.13                      4.45  -3.32     5.72
  SINCE JAN 1     32.76                     29.99   2.77    29.09

SNOWFALL (IN)
  YESTERDAY        0.0                       0.0    0.0      0.0
  MONTH TO DATE    0.0                       0.0    0.0      0.0
  SINCE SEP 1      0.0                       0.0    0.0      0.0
  SINCE JUL 1      0.0                       0.0    0.0      0.0
  SNOW DEPTH       0

DEGREE DAYS
 HEATING
  YESTERDAY        0                         9     -9        0
  MONTH TO DATE   10                        47    -37        6
  SINCE SEP 1     58                       138    -80       17
  SINCE JUL 1     60                       150    -90       17

 COOLING
  YESTERDAY        3                         1      2        6
  MONTH TO DATE   20                         6     14       11
  SINCE SEP 1    197                        95    102      196
  SINCE JAN 1   1088                       810    278     1280
..................................................................


WIND (MPH)
  HIGHEST WIND SPEED     9   HIGHEST WIND DIRECTION     S (160)
  HIGHEST GUST SPEED    13   HIGHEST GUST DIRECTION    SW (210)
  AVERAGE WIND SPEED     5.6


SKY COVER
  POSSIBLE SUNSHINE  MM
  AVERAGE SKY COVER 0.9


WEATHER CONDITIONS
 THE FOLLOWING WEATHER WAS RECORDED YESTERDAY.
  RAIN
  LIGHT RAIN
  FOG


RELATIVE HUMIDITY (PERCENT)
 HIGHEST    93           100 AM
 LOWEST     84           700 PM
 AVERAGE    89

..........................................................


THE CLEVELAND OH CLIMATE NORMALS FOR TODAY
                         NORMAL    RECORD    YEAR
 MAXIMUM TEMPERATURE (F)   65        88      1946
 MINIMUM TEMPERATURE (F)   48        30      1964


SUNRISE AND SUNSET
OCTOBER  7 2017.......SUNRISE   731 AM EDT   SUNSET   659 PM EDT
OCTOBER  8 2017.......SUNRISE   732 AM EDT   SUNSET   657 PM EDT


-  INDICATES NEGATIVE NUMBERS.
R  INDICATES RECORD WAS SET OR TIED.
MM INDICATES DATA IS MISSING.
T  INDICATES TRACE AMOUNT.




$$
