000
CDUS41 KCLE 050537
CLICLE


CLIMATE REPORT
NATIONAL WEATHER SERVICE CLEVELAND OH
137 AM EDT SAT APR 5 2014


...................................

...THE CLEVELAND OH CLIMATE SUMMARY FOR APRIL 4 2014...

CLIMATE NORMAL PERIOD 1981 TO 2010
CLIMATE RECORD PERIOD 1871 TO 2014


WEATHER ITEM   OBSERVED TIME   RECORD YEAR NORMAL DEPARTURE LAST
                VALUE   (LST)  VALUE       VALUE  FROM      YEAR
                                                  NORMAL
..................................................................
TEMPERATURE (F)
 YESTERDAY
  MAXIMUM         65    253 PM  77    1882  54     11       55
  MINIMUM         39   1159 PM  19    1971  37      2       23
  AVERAGE         52                        45      7       39

PRECIPITATION (IN)
  YESTERDAY        0.35                      0.12   0.23     0.00
  MONTH TO DATE    1.41                      0.48   0.93     0.02
  SINCE MAR 1      3.61                      3.41   0.20     2.27
  SINCE JAN 1      8.64                      8.47   0.17     6.74

SNOWFALL (IN)
  YESTERDAY        0.0                       0.2   -0.2      0.0
  MONTH TO DATE    0.0                       0.9   -0.9      0.2
  SINCE MAR 1     15.1                      13.5    1.6     10.9
  SINCE JUL 1     84.8                      65.7   19.1     51.6
  SNOW DEPTH       0

DEGREE DAYS
 HEATING
  YESTERDAY       13                        20     -7       26
  MONTH TO DATE   60                        82    -22      117
  SINCE MAR 1   1069                       908    161     1077
  SINCE JUL 1   5750                      5125    625     5256

 COOLING
  YESTERDAY        0                         0      0        0
  MONTH TO DATE    0                         0      0        0
  SINCE MAR 1      0                         1     -1        0
  SINCE JAN 1      0                         1     -1        0
..................................................................


WIND (MPH)
  HIGHEST WIND SPEED    37   HIGHEST WIND DIRECTION     W (270)
  HIGHEST GUST SPEED    49   HIGHEST GUST DIRECTION     W (270)
  AVERAGE WIND SPEED    15.0


SKY COVER
  POSSIBLE SUNSHINE  MM
  AVERAGE SKY COVER 0.9


WEATHER CONDITIONS
 THE FOLLOWING WEATHER WAS RECORDED YESTERDAY.
  HEAVY RAIN
  RAIN
  LIGHT RAIN
  FOG
  FOG W/VISIBILITY <= 1/4 MILE
  HAZE


RELATIVE HUMIDITY (PERCENT)
 HIGHEST    93           600 AM
 LOWEST     64          1000 PM
 AVERAGE    79

..........................................................


THE CLEVELAND OH CLIMATE NORMALS FOR TODAY
                         NORMAL    RECORD    YEAR
 MAXIMUM TEMPERATURE (F)   55        81      1988
 MINIMUM TEMPERATURE (F)   37        16      1881


SUNRISE AND SUNSET
APRIL  5 2014.........SUNRISE   704 AM EDT   SUNSET   757 PM EDT
APRIL  6 2014.........SUNRISE   702 AM EDT   SUNSET   758 PM EDT


-  INDICATES NEGATIVE NUMBERS.
R  INDICATES RECORD WAS SET OR TIED.
MM INDICATES DATA IS MISSING.
T  INDICATES TRACE AMOUNT.




$$
