000
CDUS41 KCLE 190527
CLICLE


CLIMATE REPORT
NATIONAL WEATHER SERVICE CLEVELAND OH
126 AM EDT SUN MAR 19 2017


...................................

...THE CLEVELAND OH CLIMATE SUMMARY FOR MARCH 18 2017...

CLIMATE NORMAL PERIOD 1981 TO 2010
CLIMATE RECORD PERIOD 1871 TO 2017


WEATHER ITEM   OBSERVED TIME   RECORD YEAR NORMAL DEPARTURE LAST
                VALUE   (LST)  VALUE       VALUE  FROM      YEAR
                                                  NORMAL
..................................................................
TEMPERATURE (F)
 YESTERDAY
  MAXIMUM         41    924 AM  75    1903  47     -6       51
  MINIMUM         35    310 PM   0    1877  31      4       33
  AVERAGE         38                        39     -1       42

PRECIPITATION (IN)
  YESTERDAY        0.16                      0.09   0.07     0.00
  MONTH TO DATE    2.23                      1.58   0.65     2.77
  SINCE MAR 1      2.23                      1.58   0.65     2.77
  SINCE JAN 1      9.69                      6.64   3.05     7.36

SNOWFALL (IN)
  YESTERDAY        0.3                       0.4   -0.1      0.0
  MONTH TO DATE    9.3                       8.2    1.1      3.2
  SINCE MAR 1      9.3                       8.2    1.1      3.2
  SINCE JUL 1     34.5                      60.4  -25.9     25.0
  SNOW DEPTH       0

DEGREE DAYS
 HEATING
  YESTERDAY       27                        26      1       23
  MONTH TO DATE  550                       518     32      370
  SINCE MAR 1    550                       518     32      370
  SINCE JUL 1   3861                      4735   -874     3961

 COOLING
  YESTERDAY        0                         0      0        0
  MONTH TO DATE    0                         0      0        0
  SINCE MAR 1      0                         0      0        0
  SINCE JAN 1      0                         0      0        0
..................................................................


WIND (MPH)
  HIGHEST WIND SPEED    21   HIGHEST WIND DIRECTION     W (260)
  HIGHEST GUST SPEED    27   HIGHEST GUST DIRECTION     W (260)
  AVERAGE WIND SPEED     9.4


SKY COVER
  POSSIBLE SUNSHINE  MM
  AVERAGE SKY COVER 1.0


WEATHER CONDITIONS
 THE FOLLOWING WEATHER WAS RECORDED YESTERDAY.
  LIGHT RAIN
  SNOW
  LIGHT SNOW
  FOG
  HAZE


RELATIVE HUMIDITY (PERCENT)
 HIGHEST    89           200 AM
 LOWEST     82          1200 AM
 AVERAGE    86

..........................................................


THE CLEVELAND OH CLIMATE NORMALS FOR TODAY
                         NORMAL    RECORD    YEAR
 MAXIMUM TEMPERATURE (F)   48        76      2012
                                             1903
 MINIMUM TEMPERATURE (F)   31         7      1885
                                             1877


SUNRISE AND SUNSET
MARCH 19 2017.........SUNRISE   732 AM EDT   SUNSET   739 PM EDT
MARCH 20 2017.........SUNRISE   730 AM EDT   SUNSET   740 PM EDT


-  INDICATES NEGATIVE NUMBERS.
R  INDICATES RECORD WAS SET OR TIED.
MM INDICATES DATA IS MISSING.
T  INDICATES TRACE AMOUNT.




$$
