000
CDUS41 KCLE 100532
CLICLE


CLIMATE REPORT
NATIONAL WEATHER SERVICE CLEVELAND OH
1227 AM EST WED DEC 10 2014


...................................

...THE CLEVELAND OH CLIMATE SUMMARY FOR DECEMBER 9 2014...

CLIMATE NORMAL PERIOD 1981 TO 2010
CLIMATE RECORD PERIOD 1871 TO 2014


WEATHER ITEM   OBSERVED TIME   RECORD YEAR NORMAL DEPARTURE LAST
                VALUE   (LST)  VALUE       VALUE  FROM      YEAR
                                                  NORMAL
..................................................................
TEMPERATURE (F)
 YESTERDAY
  MAXIMUM         40    105 PM  62    1952  40      0       35
  MINIMUM         36   1149 PM  -5    1917  28      8       26
  AVERAGE         38                        34      4       31

PRECIPITATION (IN)
  YESTERDAY        0.05                      0.11  -0.06      T
  MONTH TO DATE    0.94                      0.94   0.00     0.21
  SINCE DEC 1      0.94                      0.94   0.00     0.21
  SINCE JAN 1     43.04                     36.98   6.06    37.96

SNOWFALL (IN)
  YESTERDAY        0.0                       0.4   -0.4       T
  MONTH TO DATE    T                         3.2   -3.2      2.2
  SINCE DEC 1      T                         3.2   -3.2      2.2
  SINCE JUL 1     19.4                       7.7   11.7      6.9
  SNOW DEPTH       0

DEGREE DAYS
 HEATING
  YESTERDAY       27                        31     -4       34
  MONTH TO DATE  266                       262      4      250
  SINCE DEC 1    266                       262      4      250
  SINCE JUL 1   1600                      1357    243     1399

 COOLING
  YESTERDAY        0                         0      0        0
  MONTH TO DATE    0                         0      0        0
  SINCE DEC 1      0                         0      0        0
  SINCE JAN 1    657                       817   -160      889
..................................................................


WIND (MPH)
  HIGHEST WIND SPEED    23   HIGHEST WIND DIRECTION     N (350)
  HIGHEST GUST SPEED    29   HIGHEST GUST DIRECTION     N (350)
  AVERAGE WIND SPEED    10.3


SKY COVER
  POSSIBLE SUNSHINE  MM
  AVERAGE SKY COVER 1.0


WEATHER CONDITIONS
 THE FOLLOWING WEATHER WAS RECORDED YESTERDAY.
  LIGHT RAIN
  FOG


RELATIVE HUMIDITY (PERCENT)
 HIGHEST    92           400 PM
 LOWEST     79          1000 AM
 AVERAGE    86

..........................................................


THE CLEVELAND OH CLIMATE NORMALS FOR TODAY
                         NORMAL    RECORD    YEAR
 MAXIMUM TEMPERATURE (F)   40        69      1971
 MINIMUM TEMPERATURE (F)   28        -5      1958


SUNRISE AND SUNSET
DECEMBER 10 2014......SUNRISE   743 AM EST   SUNSET   458 PM EST
DECEMBER 11 2014......SUNRISE   743 AM EST   SUNSET   458 PM EST


-  INDICATES NEGATIVE NUMBERS.
R  INDICATES RECORD WAS SET OR TIED.
MM INDICATES DATA IS MISSING.
T  INDICATES TRACE AMOUNT.




$$
