000
CDUS41 KCLE 150527
CLICLE


CLIMATE REPORT
NATIONAL WEATHER SERVICE CLEVELAND OH
1227 AM EST SAT NOV 15 2014


...................................

...THE CLEVELAND OH CLIMATE SUMMARY FOR NOVEMBER 14 2014...

CLIMATE NORMAL PERIOD 1981 TO 2010
CLIMATE RECORD PERIOD 1871 TO 2014


WEATHER ITEM   OBSERVED TIME   RECORD YEAR NORMAL DEPARTURE LAST
                VALUE   (LST)  VALUE       VALUE  FROM      YEAR
                                                  NORMAL
..................................................................
TEMPERATURE (F)
 YESTERDAY
  MAXIMUM         32    323 PM  72    1994  52    -20       52
                                      1909
  MINIMUM         22    415 AM  13    1986  38    -16       30
  AVERAGE         27                        45    -18       41

PRECIPITATION (IN)
  YESTERDAY        0.22                      0.13   0.09     0.00
  MONTH TO DATE    1.91                      1.66   0.25     1.72
  SINCE SEP 1      9.22                      8.54   0.68     8.38
  SINCE JAN 1     40.33                     34.08   6.25    36.59

SNOWFALL (IN)
  YESTERDAY        3.3                       0.1    3.2      0.0
  MONTH TO DATE    6.9                       1.3    5.6      3.1
  SINCE SEP 1      6.9                       1.5    5.4      3.1
  SINCE JUL 1      6.9                       1.5    5.4      3.1
  SNOW DEPTH       3

DEGREE DAYS
 HEATING
  YESTERDAY       38                        20     18       24
  MONTH TO DATE  313                       254     59      297
  SINCE SEP 1    788                       702     86      701
  SINCE JUL 1    813                       714     99      708

 COOLING
  YESTERDAY        0                         0      0        0
  MONTH TO DATE    0                         0      0        0
  SINCE SEP 1     67                       101    -34      127
  SINCE JAN 1    657                       816   -159      889
..................................................................


WIND (MPH)
  HIGHEST WIND SPEED    18   HIGHEST WIND DIRECTION     W (260)
  HIGHEST GUST SPEED    25   HIGHEST GUST DIRECTION     W (270)
  AVERAGE WIND SPEED    10.5


SKY COVER
  POSSIBLE SUNSHINE  MM
  AVERAGE SKY COVER 0.9


WEATHER CONDITIONS
 THE FOLLOWING WEATHER WAS RECORDED YESTERDAY.
  SNOW
  LIGHT SNOW
  FOG
  HAZE


RELATIVE HUMIDITY (PERCENT)
 HIGHEST    92          1200 AM
 LOWEST     69           300 PM
 AVERAGE    81

..........................................................


THE CLEVELAND OH CLIMATE NORMALS FOR TODAY
                         NORMAL    RECORD    YEAR
 MAXIMUM TEMPERATURE (F)   51        72      1927
 MINIMUM TEMPERATURE (F)   37        14      1996


SUNRISE AND SUNSET
NOVEMBER 15 2014......SUNRISE   716 AM EST   SUNSET   508 PM EST
NOVEMBER 16 2014......SUNRISE   717 AM EST   SUNSET   507 PM EST


-  INDICATES NEGATIVE NUMBERS.
R  INDICATES RECORD WAS SET OR TIED.
MM INDICATES DATA IS MISSING.
T  INDICATES TRACE AMOUNT.




$$
