998
CDUS41 KCLE 150528
CLICLE


CLIMATE REPORT
NATIONAL WEATHER SERVICE CLEVELAND OH
1228 AM EST WED FEB 15 2017


...................................

...THE CLEVELAND OH CLIMATE SUMMARY FOR FEBRUARY 14 2017...

CLIMATE NORMAL PERIOD 1981 TO 2010
CLIMATE RECORD PERIOD 1871 TO 2017


WEATHER ITEM   OBSERVED TIME   RECORD YEAR NORMAL DEPARTURE LAST
                VALUE   (LST)  VALUE       VALUE  FROM      YEAR
                                                  NORMAL
..................................................................
TEMPERATURE (F)
 YESTERDAY
  MAXIMUM         52    329 PM  62    1918  37     15       18
  MINIMUM         32    354 AM -10    1905  23      9        1
  AVERAGE         42                        30     12       10

PRECIPITATION (IN)
  YESTERDAY        0.00                      0.08  -0.08      T
  MONTH TO DATE    2.03                      1.13   0.90     1.60
  SINCE DEC 1      9.46                      6.95   2.51     5.93
  SINCE JAN 1      6.81                      3.85   2.96     2.97

SNOWFALL (IN)
  YESTERDAY        0.0                       0.5   -0.5       T
  MONTH TO DATE    2.0                       7.6   -5.6      9.8
  SINCE DEC 1     23.1                      40.4  -17.3     17.7
  SINCE JUL 1     24.0                      44.9  -20.9     18.6
  SNOW DEPTH       0

DEGREE DAYS
 HEATING
  YESTERDAY       23                        35    -12       55
  MONTH TO DATE  414                       499    -85      509
  SINCE DEC 1   2351                      2656   -305     2295
  SINCE JUL 1   3067                      3751   -684     3160

 COOLING
  YESTERDAY        0                         0      0        0
  MONTH TO DATE    0                         0      0        0
  SINCE DEC 1      0                         0      0        0
  SINCE JAN 1      0                         0      0        0
..................................................................


WIND (MPH)
  HIGHEST WIND SPEED    25   HIGHEST WIND DIRECTION     W (250)
  HIGHEST GUST SPEED    32   HIGHEST GUST DIRECTION    SW (240)
  AVERAGE WIND SPEED    13.1


SKY COVER
  POSSIBLE SUNSHINE  MM
  AVERAGE SKY COVER 0.6


WEATHER CONDITIONS
 THE FOLLOWING WEATHER WAS RECORDED YESTERDAY.
  NO SIGNIFICANT WEATHER WAS OBSERVED.


RELATIVE HUMIDITY (PERCENT)
 HIGHEST    63           300 AM
 LOWEST     39           100 PM
 AVERAGE    51

..........................................................


THE CLEVELAND OH CLIMATE NORMALS FOR TODAY
                         NORMAL    RECORD    YEAR
 MAXIMUM TEMPERATURE (F)   37        67      1954
 MINIMUM TEMPERATURE (F)   24        -5      2015


SUNRISE AND SUNSET
FEBRUARY 15 2017......SUNRISE   722 AM EST   SUNSET   602 PM EST
FEBRUARY 16 2017......SUNRISE   721 AM EST   SUNSET   603 PM EST


-  INDICATES NEGATIVE NUMBERS.
R  INDICATES RECORD WAS SET OR TIED.
MM INDICATES DATA IS MISSING.
T  INDICATES TRACE AMOUNT.




$$
