000
CDUS41 KCLE 240545
CLICLE


CLIMATE REPORT
NATIONAL WEATHER SERVICE CLEVELAND OH
145 AM EDT MON AUG 24 2015


...................................

...THE CLEVELAND OH CLIMATE SUMMARY FOR AUGUST 23 2015...

CLIMATE NORMAL PERIOD 1981 TO 2010
CLIMATE RECORD PERIOD 1871 TO 2015


WEATHER ITEM   OBSERVED TIME   RECORD YEAR NORMAL DEPARTURE LAST
                VALUE   (LST)  VALUE       VALUE  FROM      YEAR
                                                  NORMAL
..................................................................
TEMPERATURE (F)
 YESTERDAY
  MAXIMUM         84    445 PM  93    1954  80      4       79
                                      1914
  MINIMUM         58    510 AM  48    1969  63     -5       68
                                      1946
                                      1888
  AVERAGE         71                        71      0       74

PRECIPITATION (IN)
  YESTERDAY        0.04                      0.11  -0.07     0.00
  MONTH TO DATE    2.39                      2.61  -0.22     4.19
  SINCE JUN 1     13.63                      9.50   4.13    14.44
  SINCE JAN 1     27.26                     24.64   2.62    30.71

SNOWFALL (IN)
  YESTERDAY        0.0                       0.0    0.0      0.0
  MONTH TO DATE    0.0                       0.0    0.0      0.0
  SINCE JUN 1      0.0                       0.0    0.0      0.0
  SINCE JUL 1      0.0                       0.0    0.0      0.0
  SNOW DEPTH       0

DEGREE DAYS
 HEATING
  YESTERDAY        0                         0      0        0
  MONTH TO DATE    0                         0      0        8
  SINCE JUN 1     33                        46    -13       42
  SINCE JUL 1      3                         4     -1       22

 COOLING
  YESTERDAY        6                         7     -1        9
  MONTH TO DATE  161                       175    -14      123
  SINCE JUN 1    518                       608    -90      457
  SINCE JAN 1    639                       667    -28      523
..................................................................


WIND (MPH)
  HIGHEST WIND SPEED    16   HIGHEST WIND DIRECTION     S (180)
  HIGHEST GUST SPEED    20   HIGHEST GUST DIRECTION     S (180)
  AVERAGE WIND SPEED     6.6


SKY COVER
  POSSIBLE SUNSHINE  MM
  AVERAGE SKY COVER 0.4


WEATHER CONDITIONS
 THE FOLLOWING WEATHER WAS RECORDED YESTERDAY.
  NO SIGNIFICANT WEATHER WAS OBSERVED.


RELATIVE HUMIDITY (PERCENT)
 HIGHEST    90          1100 PM
 LOWEST     34           300 PM
 AVERAGE    62

..........................................................


THE CLEVELAND OH CLIMATE NORMALS FOR TODAY
                         NORMAL    RECORD    YEAR
 MAXIMUM TEMPERATURE (F)   80        94      1947
 MINIMUM TEMPERATURE (F)   62        44      1952


SUNRISE AND SUNSET
AUGUST 24 2015........SUNRISE   645 AM EDT   SUNSET   814 PM EDT
AUGUST 25 2015........SUNRISE   646 AM EDT   SUNSET   812 PM EDT


-  INDICATES NEGATIVE NUMBERS.
R  INDICATES RECORD WAS SET OR TIED.
MM INDICATES DATA IS MISSING.
T  INDICATES TRACE AMOUNT.




$$
