492
CDUS41 KCLE 150526
CLICLE


CLIMATE REPORT
NATIONAL WEATHER SERVICE CLEVELAND OH
1226 AM EST WED NOV 15 2017


...................................

...THE CLEVELAND OH CLIMATE SUMMARY FOR NOVEMBER 14 2017...

CLIMATE NORMAL PERIOD 1981 TO 2010
CLIMATE RECORD PERIOD 1871 TO 2017


WEATHER ITEM   OBSERVED TIME   RECORD YEAR NORMAL DEPARTURE LAST
                VALUE   (LST)  VALUE       VALUE  FROM      YEAR
                                                  NORMAL
..................................................................
TEMPERATURE (F)
 YESTERDAY
  MAXIMUM         50    250 PM  72    1994  52     -2       60
                                      1909
  MINIMUM         33   1159 PM  13    1986  38     -5       35
  AVERAGE         42                        45     -3       48

PRECIPITATION (IN)
  YESTERDAY        0.00                      0.13  -0.13     0.00
  MONTH TO DATE    2.86                      1.66   1.20     0.72
  SINCE SEP 1      7.35                      8.54  -1.19     9.06
  SINCE JAN 1     38.98                     34.08   4.90    32.43

SNOWFALL (IN)
  YESTERDAY        0.0                       0.1   -0.1      0.0
  MONTH TO DATE    0.2                       1.3   -1.1      0.0
  SINCE SEP 1      0.2                       1.5   -1.3      0.0
  SINCE JUL 1      0.2                       1.5   -1.3      0.0
  SNOW DEPTH       0

DEGREE DAYS
 HEATING
  YESTERDAY       23                        20      3       17
  MONTH TO DATE  278                       254     24      170
  SINCE SEP 1    536                       702   -166      399
  SINCE JUL 1    538                       714   -176      399

 COOLING
  YESTERDAY        0                         0      0        0
  MONTH TO DATE    0                         0      0        7
  SINCE SEP 1    222                       101    121      235
  SINCE JAN 1   1113                       816    297     1319
..................................................................


WIND (MPH)
  HIGHEST WIND SPEED    10   HIGHEST WIND DIRECTION    NE (30)
  HIGHEST GUST SPEED    12   HIGHEST GUST DIRECTION     N (10)
  AVERAGE WIND SPEED     5.1


SKY COVER
  POSSIBLE SUNSHINE  MM
  AVERAGE SKY COVER 0.8


WEATHER CONDITIONS
 THE FOLLOWING WEATHER WAS RECORDED YESTERDAY.
  NO SIGNIFICANT WEATHER WAS OBSERVED.


RELATIVE HUMIDITY (PERCENT)
 HIGHEST    82           800 PM
 LOWEST     54           300 PM
 AVERAGE    68

..........................................................


THE CLEVELAND OH CLIMATE NORMALS FOR TODAY
                         NORMAL    RECORD    YEAR
 MAXIMUM TEMPERATURE (F)   51        72      1927
 MINIMUM TEMPERATURE (F)   37        14      1996


SUNRISE AND SUNSET
NOVEMBER 15 2017......SUNRISE   716 AM EST   SUNSET   508 PM EST
NOVEMBER 16 2017......SUNRISE   717 AM EST   SUNSET   507 PM EST


-  INDICATES NEGATIVE NUMBERS.
R  INDICATES RECORD WAS SET OR TIED.
MM INDICATES DATA IS MISSING.
T  INDICATES TRACE AMOUNT.




$$
