000
CDUS41 KCLE 220531
CLICLE


CLIMATE REPORT
NATIONAL WEATHER SERVICE CLEVELAND OH
1230 AM EST TUE NOV 22 2016


...................................

...THE CLEVELAND OH CLIMATE SUMMARY FOR NOVEMBER 21 2016...

CLIMATE NORMAL PERIOD 1981 TO 2010
CLIMATE RECORD PERIOD 1871 TO 2016


WEATHER ITEM   OBSERVED TIME   RECORD YEAR NORMAL DEPARTURE LAST
                VALUE   (LST)  VALUE       VALUE  FROM      YEAR
                                                  NORMAL
..................................................................
TEMPERATURE (F)
 YESTERDAY
  MAXIMUM         38    338 PM  70    1930  48    -10       47
                                      1906
  MINIMUM         30    412 AM   3    1880  35     -5       33
  AVERAGE         34                        42     -8       40

PRECIPITATION (IN)
  YESTERDAY        0.00                      0.12  -0.12     0.18
  MONTH TO DATE    1.17                      2.54  -1.37     1.54
  SINCE SEP 1      9.51                      9.42   0.09     8.62
  SINCE JAN 1     32.88                     34.96  -2.08    36.34

SNOWFALL (IN)
  YESTERDAY        0.0                       0.2   -0.2      0.5
  MONTH TO DATE    0.9                       2.3   -1.4      0.5
  SINCE SEP 1      0.9                       2.5   -1.6      0.6
  SINCE JUL 1      0.9                       2.5   -1.6      0.6
  SNOW DEPTH       T

DEGREE DAYS
 HEATING
  YESTERDAY       31                        23      8       25
  MONTH TO DATE  296                       408   -112      283
  SINCE SEP 1    525                       856   -331      633
  SINCE JUL 1    525                       868   -343      647

 COOLING
  YESTERDAY        0                         0      0        0
  MONTH TO DATE    8                         0      8        4
  SINCE SEP 1    236                       101    135      162
  SINCE JAN 1   1320                       816    504      831
..................................................................


WIND (MPH)
  HIGHEST WIND SPEED    25   HIGHEST WIND DIRECTION    NW (320)
  HIGHEST GUST SPEED    33   HIGHEST GUST DIRECTION    NW (320)
  AVERAGE WIND SPEED    15.0


SKY COVER
  POSSIBLE SUNSHINE  MM
  AVERAGE SKY COVER 0.8


WEATHER CONDITIONS
 THE FOLLOWING WEATHER WAS RECORDED YESTERDAY.
  NO SIGNIFICANT WEATHER WAS OBSERVED.


RELATIVE HUMIDITY (PERCENT)
 HIGHEST    69           800 PM
 LOWEST     51          1000 AM
 AVERAGE    60

..........................................................


THE CLEVELAND OH CLIMATE NORMALS FOR TODAY
                         NORMAL    RECORD    YEAR
 MAXIMUM TEMPERATURE (F)   48        73      1934
 MINIMUM TEMPERATURE (F)   35         0      1880


SUNRISE AND SUNSET
NOVEMBER 22 2016......SUNRISE   725 AM EST   SUNSET   502 PM EST
NOVEMBER 23 2016......SUNRISE   726 AM EST   SUNSET   502 PM EST


-  INDICATES NEGATIVE NUMBERS.
R  INDICATES RECORD WAS SET OR TIED.
MM INDICATES DATA IS MISSING.
T  INDICATES TRACE AMOUNT.




$$
