000
CDUS41 KCLE 152112
CLICLE


CLIMATE REPORT
NATIONAL WEATHER SERVICE CLEVELAND OH
511 PM EDT FRI APR 15 2016


...................................

...THE CLEVELAND OH CLIMATE SUMMARY FOR APRIL 15 2016...
VALID TODAY AS OF 0500 PM LOCAL TIME.

CLIMATE NORMAL PERIOD 1981 TO 2010
CLIMATE RECORD PERIOD 1871 TO 2016


WEATHER ITEM   OBSERVED TIME   RECORD YEAR NORMAL DEPARTURE LAST
                VALUE   (LST)  VALUE       VALUE  FROM      YEAR
                                                  NORMAL
..................................................................
TEMPERATURE (F)
 TODAY
  MAXIMUM         69    155 PM  84    2010  59     10       60
  MINIMUM         35    555 AM  22    1935  40     -5       41
  AVERAGE         52                        50      2       51

PRECIPITATION (IN)
  TODAY            0.00                      0.12  -0.12     0.00
  MONTH TO DATE    2.66                      1.83   0.83     2.13
  SINCE MAR 1      6.83                      4.76   2.07     4.10
  SINCE JAN 1     11.42                      9.82   1.60     8.90

SNOWFALL (IN)
  TODAY            0.0                       0.1   -0.1      0.0
  MONTH TO DATE    7.8                       2.6    5.2      0.1
  SINCE MAR 1     11.0                      15.2   -4.2      4.9
  SINCE JUL 1     32.8                      67.4  -34.6     66.3
  SNOW DEPTH       0

DEGREE DAYS
 HEATING
  TODAY           13                        16     -3       14
  MONTH TO DATE  360                       274     86      206
  SINCE MAR 1    983                      1100   -117     1161
  SINCE JUL 1   4574                      5317   -743     6111

 COOLING
  TODAY            0                         0      0        0
  MONTH TO DATE    0                         0      0        1
  SINCE MAR 1      0                         1     -1        1
  SINCE JAN 1      0                         1     -1        1
..................................................................


WIND (MPH)
  HIGHEST WIND SPEED    21   HIGHEST WIND DIRECTION    NE (30)
  HIGHEST GUST SPEED    23   HIGHEST GUST DIRECTION     N (20)


SKY COVER
  POSSIBLE SUNSHINE  MM
  AVERAGE SKY COVER 0.0


WEATHER CONDITIONS
 THE FOLLOWING WEATHER WAS RECORDED TODAY.
  NO SIGNIFICANT WEATHER WAS OBSERVED.


RELATIVE HUMIDITY (PERCENT)
 HIGHEST    82           400 AM
 LOWEST     27          1200 PM
 AVERAGE    55

..........................................................


THE CLEVELAND OH CLIMATE NORMALS FOR TOMORROW
                         NORMAL    RECORD    YEAR
 MAXIMUM TEMPERATURE (F)   59        85      2002
 MINIMUM TEMPERATURE (F)   41        18      1875


SUNRISE AND SUNSET
APRIL 15 2016.........SUNRISE   647 AM EDT   SUNSET   808 PM EDT
APRIL 16 2016.........SUNRISE   645 AM EDT   SUNSET   809 PM EDT


-  INDICATES NEGATIVE NUMBERS.
R  INDICATES RECORD WAS SET OR TIED.
MM INDICATES DATA IS MISSING.
T  INDICATES TRACE AMOUNT.




$$
