000
CDUS41 KCLE 120527
CLICLE


CLIMATE REPORT
NATIONAL WEATHER SERVICE CLEVELAND OH
126 AM EDT FRI SEP 12 2014


...................................

...THE CLEVELAND OH CLIMATE SUMMARY FOR SEPTEMBER 11 2014...

CLIMATE NORMAL PERIOD 1981 TO 2010
CLIMATE RECORD PERIOD 1871 TO 2014


WEATHER ITEM   OBSERVED TIME   RECORD YEAR NORMAL DEPARTURE LAST
                VALUE   (LST)  VALUE       VALUE  FROM      YEAR
                                                  NORMAL
..................................................................
TEMPERATURE (F)
 YESTERDAY
  MAXIMUM         73    249 AM  95    2013  76     -3       95
  MINIMUM         58   1159 PM  42    1995  58      0       75
                                      1943
                                      1883
  AVERAGE         66                        67     -1       85

PRECIPITATION (IN)
  YESTERDAY        0.20                      0.13   0.07     0.00
  MONTH TO DATE    3.66                      1.34   2.32      T
  SINCE SEP 1      3.66                      1.34   2.32      T
  SINCE JAN 1     34.77                     26.88   7.89    28.21

SNOWFALL (IN)
  YESTERDAY        0.0                       0.0    0.0      0.0
  MONTH TO DATE    0.0                       0.0    0.0      0.0
  SINCE SEP 1      0.0                       0.0    0.0      0.0
  SINCE JUL 1      0.0                       0.0    0.0      0.0
  SNOW DEPTH       0

DEGREE DAYS
 HEATING
  YESTERDAY        0                         2     -2        0
  MONTH TO DATE    3                        13    -10        6
  SINCE SEP 1      3                        13    -10        6
  SINCE JUL 1     28                        25      3       13

 COOLING
  YESTERDAY        1                         4     -3       20
  MONTH TO DATE   62                        49     13       72
  SINCE SEP 1     62                        49     13       72
  SINCE JAN 1    652                       764   -112      834
..................................................................


WIND (MPH)
  HIGHEST WIND SPEED    22   HIGHEST WIND DIRECTION     W (290)
  HIGHEST GUST SPEED    28   HIGHEST GUST DIRECTION     W (280)
  AVERAGE WIND SPEED    11.5


SKY COVER
  POSSIBLE SUNSHINE  MM
  AVERAGE SKY COVER 0.8


WEATHER CONDITIONS
 THE FOLLOWING WEATHER WAS RECORDED YESTERDAY.
  HEAVY RAIN
  RAIN
  LIGHT RAIN
  FOG
  HAZE


RELATIVE HUMIDITY (PERCENT)
 HIGHEST    97           400 AM
 LOWEST     72           700 PM
 AVERAGE    85

..........................................................


THE CLEVELAND OH CLIMATE NORMALS FOR TODAY
                         NORMAL    RECORD    YEAR
 MAXIMUM TEMPERATURE (F)   76        98      1952
 MINIMUM TEMPERATURE (F)   58        40      1943
                                             1941


SUNRISE AND SUNSET
SEPTEMBER 12 2014.....SUNRISE   705 AM EDT   SUNSET   742 PM EDT
SEPTEMBER 13 2014.....SUNRISE   706 AM EDT   SUNSET   740 PM EDT


-  INDICATES NEGATIVE NUMBERS.
R  INDICATES RECORD WAS SET OR TIED.
MM INDICATES DATA IS MISSING.
T  INDICATES TRACE AMOUNT.




$$
