000
CDUS41 KCLE 020535
CLICLE


CLIMATE REPORT
NATIONAL WEATHER SERVICE CLEVELAND OH
1234 AM EST TUE FEB 2 2016


...................................

...THE CLEVELAND OH CLIMATE SUMMARY FOR FEBRUARY 1 2016...

CLIMATE NORMAL PERIOD 1981 TO 2010
CLIMATE RECORD PERIOD 1871 TO 2016


WEATHER ITEM   OBSERVED TIME   RECORD YEAR NORMAL DEPARTURE LAST
                VALUE   (LST)  VALUE       VALUE  FROM      YEAR
                                                  NORMAL
..................................................................
TEMPERATURE (F)
 YESTERDAY
  MAXIMUM         53   1219 AM  59    1989  35     18       32
                                      1968
  MINIMUM         27   1159 PM  -6    1971  22      5       29
  AVERAGE         40                        29     11       31

PRECIPITATION (IN)
  YESTERDAY        0.01                      0.08  -0.07     0.72
  MONTH TO DATE    0.01                      0.08  -0.07     0.72
  SINCE DEC 1      4.34                      5.90  -1.56     5.61
  SINCE JAN 1      1.38                      2.80  -1.42     3.66

SNOWFALL (IN)
  YESTERDAY        0.0                       0.6   -0.6      7.2
  MONTH TO DATE    0.0                       0.6   -0.6      7.2
  SINCE DEC 1      7.9                      33.4  -25.5     23.2
  SINCE JUL 1      8.8                      37.9  -29.1     42.6
  SNOW DEPTH       0

DEGREE DAYS
 HEATING
  YESTERDAY       25                        36    -11       34
  MONTH TO DATE   25                        36    -11       34
  SINCE DEC 1   1811                      2193   -382     2236
  SINCE JUL 1   2676                      3288   -612     3570

 COOLING
  YESTERDAY        0                         0      0        0
  MONTH TO DATE    0                         0      0        0
  SINCE DEC 1      0                         0      0        0
  SINCE JAN 1      0                         0      0        0
..................................................................


WIND (MPH)
  HIGHEST WIND SPEED    26   HIGHEST WIND DIRECTION     W (290)
  HIGHEST GUST SPEED    35   HIGHEST GUST DIRECTION     W (290)
  AVERAGE WIND SPEED     8.5


SKY COVER
  POSSIBLE SUNSHINE  MM
  AVERAGE SKY COVER 0.7


WEATHER CONDITIONS
 THE FOLLOWING WEATHER WAS RECORDED YESTERDAY.
  LIGHT RAIN
  FOG


RELATIVE HUMIDITY (PERCENT)
 HIGHEST    85           900 PM
 LOWEST     62           300 PM
 AVERAGE    74

..........................................................


THE CLEVELAND OH CLIMATE NORMALS FOR TODAY
                         NORMAL    RECORD    YEAR
 MAXIMUM TEMPERATURE (F)   35        60      1968
                                             1903
 MINIMUM TEMPERATURE (F)   22        -7      1971


SUNRISE AND SUNSET
FEBRUARY  2 2016......SUNRISE   738 AM EST   SUNSET   544 PM EST
FEBRUARY  3 2016......SUNRISE   737 AM EST   SUNSET   546 PM EST


-  INDICATES NEGATIVE NUMBERS.
R  INDICATES RECORD WAS SET OR TIED.
MM INDICATES DATA IS MISSING.
T  INDICATES TRACE AMOUNT.




$$
