000
CDUS41 KCLE 082111
CLICLE


CLIMATE REPORT
NATIONAL WEATHER SERVICE CLEVELAND OH
510 PM EDT FRI JUL 8 2016


...................................

...THE CLEVELAND OH CLIMATE SUMMARY FOR JULY 8 2016...
VALID TODAY AS OF 0500 PM LOCAL TIME.

CLIMATE NORMAL PERIOD 1981 TO 2010
CLIMATE RECORD PERIOD 1871 TO 2016


WEATHER ITEM   OBSERVED TIME   RECORD YEAR NORMAL DEPARTURE LAST
                VALUE   (LST)  VALUE       VALUE  FROM      YEAR
                                                  NORMAL
..................................................................
TEMPERATURE (F)
 TODAY
  MAXIMUM         89    253 PM  99    1988  83      6       70
  MINIMUM         72    632 AM  45    1984  64      8       61
  AVERAGE         81                        74      7       66

PRECIPITATION (IN)
  TODAY            0.45                      0.10   0.35     0.01
  MONTH TO DATE    0.87                      0.87   0.00     0.78
  SINCE JUN 1      2.99                      4.30  -1.31     9.30
  SINCE JAN 1     18.92                     19.44  -0.52    22.93

SNOWFALL (IN)
  TODAY            0.0                       0.0    0.0      0.0
  MONTH TO DATE    0.0                       0.0    0.0      0.0
  SINCE JUN 1      0.0                       0.0    0.0      0.0
  SINCE JUL 1      0.0                       0.0    0.0      0.0
  SNOW DEPTH       0

DEGREE DAYS
 HEATING
  TODAY            0                         0      0        0
  MONTH TO DATE    0                         0      0        1
  SINCE JUN 1     13                        42    -29       31
  SINCE JUL 1      0                         0      0        1

 COOLING
  TODAY           16                         9      7        1
  MONTH TO DATE   73                        67      6       27
  SINCE JUN 1    300                       235     65      174
  SINCE JAN 1    381                       294     87      295
..................................................................


WIND (MPH)
  HIGHEST WIND SPEED    20   HIGHEST WIND DIRECTION     N (360)
  HIGHEST GUST SPEED    22   HIGHEST GUST DIRECTION     N (350)


SKY COVER
  POSSIBLE SUNSHINE  MM
  AVERAGE SKY COVER 0.7


WEATHER CONDITIONS
 THE FOLLOWING WEATHER WAS RECORDED TODAY.
  HEAVY RAIN
  RAIN
  LIGHT RAIN
  FOG


RELATIVE HUMIDITY (PERCENT)
 HIGHEST    87           700 AM
 LOWEST     55           100 PM
 AVERAGE    71

..........................................................


THE CLEVELAND OH CLIMATE NORMALS FOR TOMORROW
                         NORMAL    RECORD    YEAR
 MAXIMUM TEMPERATURE (F)   83        97      1936
 MINIMUM TEMPERATURE (F)   64        43      1961


SUNRISE AND SUNSET
JULY  8 2016..........SUNRISE   602 AM EDT   SUNSET   903 PM EDT
JULY  9 2016..........SUNRISE   603 AM EDT   SUNSET   902 PM EDT


-  INDICATES NEGATIVE NUMBERS.
R  INDICATES RECORD WAS SET OR TIED.
MM INDICATES DATA IS MISSING.
T  INDICATES TRACE AMOUNT.




$$
