000
CDUS41 KCLE 040545
CLICLE


CLIMATE REPORT
NATIONAL WEATHER SERVICE CLEVELAND OH
145 AM EDT MON SEP 4 2017


...................................

...THE CLEVELAND OH CLIMATE SUMMARY FOR SEPTEMBER 3 2017...

CLIMATE NORMAL PERIOD 1981 TO 2010
CLIMATE RECORD PERIOD 1871 TO 2017


WEATHER ITEM   OBSERVED TIME   RECORD YEAR NORMAL DEPARTURE LAST
                VALUE   (LST)  VALUE       VALUE  FROM      YEAR
                                                  NORMAL
..................................................................
TEMPERATURE (F)
 YESTERDAY
  MAXIMUM         78    229 PM 101    1953  78      0       78
  MINIMUM         61    750 AM  44    1976  60      1       58
  AVERAGE         70                        69      1       68

PRECIPITATION (IN)
  YESTERDAY        0.04                      0.12  -0.08     0.00
  MONTH TO DATE    0.16                      0.37  -0.21     0.11
  SINCE SEP 1      0.16                      0.37  -0.21     0.11
  SINCE JAN 1     31.79                     25.91   5.88    23.48

SNOWFALL (IN)
  YESTERDAY        0.0                       0.0    0.0      0.0
  MONTH TO DATE    0.0                       0.0    0.0      0.0
  SINCE SEP 1      0.0                       0.0    0.0      0.0
  SINCE JUL 1      0.0                       0.0    0.0      0.0
  SNOW DEPTH       0

DEGREE DAYS
 HEATING
  YESTERDAY        0                         1     -1        0
  MONTH TO DATE    3                         3      0        0
  SINCE SEP 1      3                         3      0        0
  SINCE JUL 1      5                        15    -10        0

 COOLING
  YESTERDAY        5                         5      0        3
  MONTH TO DATE    5                        15    -10       15
  SINCE SEP 1      5                        15    -10       15
  SINCE JAN 1    896                       730    166     1099
..................................................................


WIND (MPH)
  HIGHEST WIND SPEED    18   HIGHEST WIND DIRECTION     W (280)
  HIGHEST GUST SPEED    26   HIGHEST GUST DIRECTION     W (280)
  AVERAGE WIND SPEED     9.3


SKY COVER
  POSSIBLE SUNSHINE  MM
  AVERAGE SKY COVER 0.7


WEATHER CONDITIONS
 THE FOLLOWING WEATHER WAS RECORDED YESTERDAY.
  THUNDERSTORM
  LIGHT RAIN
  FOG


RELATIVE HUMIDITY (PERCENT)
 HIGHEST    90          1200 AM
 LOWEST     50           400 PM
 AVERAGE    70

..........................................................


THE CLEVELAND OH CLIMATE NORMALS FOR TODAY
                         NORMAL    RECORD    YEAR
 MAXIMUM TEMPERATURE (F)   78        95      1953
 MINIMUM TEMPERATURE (F)   60        40      1946


SUNRISE AND SUNSET
SEPTEMBER  4 2017.....SUNRISE   657 AM EDT   SUNSET   755 PM EDT
SEPTEMBER  5 2017.....SUNRISE   658 AM EDT   SUNSET   753 PM EDT


-  INDICATES NEGATIVE NUMBERS.
R  INDICATES RECORD WAS SET OR TIED.
MM INDICATES DATA IS MISSING.
T  INDICATES TRACE AMOUNT.




$$
