000
CDUS41 KCLE 040541
CLICLE


CLIMATE REPORT
NATIONAL WEATHER SERVICE CLEVELAND OH
140 AM EDT FRI APR 4 2014


...................................

...THE CLEVELAND OH CLIMATE SUMMARY FOR APRIL 3 2014...

CLIMATE NORMAL PERIOD 1981 TO 2010
CLIMATE RECORD PERIOD 1871 TO 2014


WEATHER ITEM   OBSERVED TIME   RECORD YEAR NORMAL DEPARTURE LAST
                VALUE   (LST)  VALUE       VALUE  FROM      YEAR
                                                  NORMAL
..................................................................
TEMPERATURE (F)
 YESTERDAY
  MAXIMUM         48    827 PM  83    2010  54     -6       37
  MINIMUM         37    122 PM  19    1954  36      1       25
  AVERAGE         43                        45     -2       31

PRECIPITATION (IN)
  YESTERDAY        1.05                      0.12   0.93     0.00
  MONTH TO DATE    1.06                      0.36   0.70     0.02
  SINCE MAR 1      3.26                      3.29  -0.03     2.27
  SINCE JAN 1      8.29                      8.35  -0.06     6.74

SNOWFALL (IN)
  YESTERDAY        0.0                       0.2   -0.2      0.0
  MONTH TO DATE    0.0                       0.7   -0.7      0.2
  SINCE MAR 1     15.1                      13.3    1.8     10.9
  SINCE JUL 1     84.8                      65.5   19.3     51.6
  SNOW DEPTH       0

DEGREE DAYS
 HEATING
  YESTERDAY       22                        20      2       34
  MONTH TO DATE   47                        62    -15       91
  SINCE MAR 1   1056                       888    168     1051
  SINCE JUL 1   5737                      5105    632     5230

 COOLING
  YESTERDAY        0                         0      0        0
  MONTH TO DATE    0                         0      0        0
  SINCE MAR 1      0                         1     -1        0
  SINCE JAN 1      0                         1     -1        0
..................................................................


WIND (MPH)
  HIGHEST WIND SPEED    18   HIGHEST WIND DIRECTION     E (70)
  HIGHEST GUST SPEED    23   HIGHEST GUST DIRECTION     E (70)
  AVERAGE WIND SPEED     9.5


SKY COVER
  POSSIBLE SUNSHINE  MM
  AVERAGE SKY COVER 1.0


WEATHER CONDITIONS
 THE FOLLOWING WEATHER WAS RECORDED YESTERDAY.
  HEAVY RAIN
  RAIN
  LIGHT RAIN
  FOG


RELATIVE HUMIDITY (PERCENT)
 HIGHEST    92          1000 PM
 LOWEST     49           900 AM
 AVERAGE    71

..........................................................


THE CLEVELAND OH CLIMATE NORMALS FOR TODAY
                         NORMAL    RECORD    YEAR
 MAXIMUM TEMPERATURE (F)   54        77      1882
 MINIMUM TEMPERATURE (F)   37        19      1971


SUNRISE AND SUNSET
APRIL  4 2014.........SUNRISE   706 AM EDT   SUNSET   756 PM EDT
APRIL  5 2014.........SUNRISE   704 AM EDT   SUNSET   757 PM EDT


-  INDICATES NEGATIVE NUMBERS.
R  INDICATES RECORD WAS SET OR TIED.
MM INDICATES DATA IS MISSING.
T  INDICATES TRACE AMOUNT.




$$
