000
CDUS41 KCLE 232121
CLICLE


CLIMATE REPORT
NATIONAL WEATHER SERVICE CLEVELAND OH
518 PM EDT TUE SEP 23 2014


...................................

...THE CLEVELAND OH CLIMATE SUMMARY FOR SEPTEMBER 23 2014...
VALID TODAY AS OF 0500 PM LOCAL TIME.

CLIMATE NORMAL PERIOD 1981 TO 2010
CLIMATE RECORD PERIOD 1871 TO 2014


WEATHER ITEM   OBSERVED TIME   RECORD YEAR NORMAL DEPARTURE LAST
                VALUE   (LST)  VALUE       VALUE  FROM      YEAR
                                                  NORMAL
..................................................................
TEMPERATURE (F)
 TODAY
  MAXIMUM         69    319 PM  89    2010  71     -2       60
  MINIMUM         41    536 AM  36    1995  53    -12       44
  AVERAGE         55                        62     -7       52

PRECIPITATION (IN)
  TODAY            0.00                      0.13  -0.13     0.00
  MONTH TO DATE    4.18                      2.93   1.25     1.87
  SINCE SEP 1      4.18                      2.93   1.25     1.87
  SINCE JAN 1     35.29                     28.47   6.82    30.08

SNOWFALL (IN)
  TODAY            0.0                       0.0    0.0      0.0
  MONTH TO DATE    0.0                       0.0    0.0      0.0
  SINCE SEP 1      0.0                       0.0    0.0      0.0
  SINCE JUL 1      0.0                       0.0    0.0      0.0
  SNOW DEPTH       0

DEGREE DAYS
 HEATING
  TODAY           10                         5      5       13
  MONTH TO DATE   96                        50     46       58
  SINCE SEP 1     96                        50     46       58
  SINCE JUL 1    121                        62     59       65

 COOLING
  TODAY            0                         2     -2        0
  MONTH TO DATE   63                        79    -16       93
  SINCE SEP 1     63                        79    -16       93
  SINCE JAN 1    653                       794   -141      855
..................................................................


WIND (MPH)
  HIGHEST WIND SPEED     9   HIGHEST WIND DIRECTION     W (250)
  HIGHEST GUST SPEED    13   HIGHEST GUST DIRECTION     W (260)


SKY COVER
  POSSIBLE SUNSHINE  MM
  AVERAGE SKY COVER 0.1


WEATHER CONDITIONS
 THE FOLLOWING WEATHER WAS RECORDED TODAY.
  NO SIGNIFICANT WEATHER WAS OBSERVED.


RELATIVE HUMIDITY (PERCENT)
 HIGHEST    96           300 AM
 LOWEST     45           300 PM
 AVERAGE    71

..........................................................


THE CLEVELAND OH CLIMATE NORMALS FOR TOMORROW
                         NORMAL    RECORD    YEAR
 MAXIMUM TEMPERATURE (F)   71        90      2010
 MINIMUM TEMPERATURE (F)   53        36      1995
                                             1983
                                             1981


SUNRISE AND SUNSET
SEPTEMBER 23 2014.....SUNRISE   716 AM EDT   SUNSET   723 PM EDT
SEPTEMBER 24 2014.....SUNRISE   717 AM EDT   SUNSET   721 PM EDT


-  INDICATES NEGATIVE NUMBERS.
R  INDICATES RECORD WAS SET OR TIED.
MM INDICATES DATA IS MISSING.
T  INDICATES TRACE AMOUNT.




$$
