000
CDUS41 KCLE 030545
CLICLE


CLIMATE REPORT
NATIONAL WEATHER SERVICE CLEVELAND OH
145 AM EDT TUE OCT 3 2017


...................................

...THE CLEVELAND OH CLIMATE SUMMARY FOR OCTOBER 2 2017...

CLIMATE NORMAL PERIOD 1981 TO 2010
CLIMATE RECORD PERIOD 1871 TO 2017


WEATHER ITEM   OBSERVED TIME   RECORD YEAR NORMAL DEPARTURE LAST
                VALUE   (LST)  VALUE       VALUE  FROM      YEAR
                                                  NORMAL
..................................................................
TEMPERATURE (F)
 YESTERDAY
  MAXIMUM         80    223 PM  86    1919  67     13       69
  MINIMUM         47    649 AM  32    1975  50     -3       55
  AVERAGE         64                        58      6       62

PRECIPITATION (IN)
  YESTERDAY        0.00                      0.10  -0.10     0.34
  MONTH TO DATE    0.00                      0.21  -0.21     0.34
  SINCE SEP 1      0.81                      4.02  -3.21     5.72
  SINCE JAN 1     32.44                     29.56   2.88    29.09

SNOWFALL (IN)
  YESTERDAY        0.0                       0.0    0.0      0.0
  MONTH TO DATE    0.0                       0.0    0.0      0.0
  SINCE SEP 1      0.0                       0.0    0.0      0.0
  SINCE JUL 1      0.0                       0.0    0.0      0.0
  SNOW DEPTH       0

DEGREE DAYS
 HEATING
  YESTERDAY        1                         7     -6        3
  MONTH TO DATE   10                        14     -4        3
  SINCE SEP 1     58                       105    -47       14
  SINCE JUL 1     60                       117    -57       14

 COOLING
  YESTERDAY        0                         1     -1        0
  MONTH TO DATE    0                         2     -2        1
  SINCE SEP 1    177                        91     86      186
  SINCE JAN 1   1068                       806    262     1270
..................................................................


WIND (MPH)
  HIGHEST WIND SPEED    13   HIGHEST WIND DIRECTION     S (170)
  HIGHEST GUST SPEED    17   HIGHEST GUST DIRECTION     S (200)
  AVERAGE WIND SPEED     6.2


SKY COVER
  POSSIBLE SUNSHINE  MM
  AVERAGE SKY COVER 0.4


WEATHER CONDITIONS
 THE FOLLOWING WEATHER WAS RECORDED YESTERDAY.
  NO SIGNIFICANT WEATHER WAS OBSERVED.


RELATIVE HUMIDITY (PERCENT)
 HIGHEST    74          1200 AM
 LOWEST     25           100 PM
 AVERAGE    50

..........................................................


THE CLEVELAND OH CLIMATE NORMALS FOR TODAY
                         NORMAL    RECORD    YEAR
 MAXIMUM TEMPERATURE (F)   67        89      1953
 MINIMUM TEMPERATURE (F)   49        29      1975


SUNRISE AND SUNSET
OCTOBER  3 2017.......SUNRISE   726 AM EDT   SUNSET   705 PM EDT
OCTOBER  4 2017.......SUNRISE   728 AM EDT   SUNSET   704 PM EDT


-  INDICATES NEGATIVE NUMBERS.
R  INDICATES RECORD WAS SET OR TIED.
MM INDICATES DATA IS MISSING.
T  INDICATES TRACE AMOUNT.




$$
