000
CDUS41 KCLE 150526
CLICLE


CLIMATE REPORT
NATIONAL WEATHER SERVICE CLEVELAND OH
126 AM EDT FRI SEP 15 2017


...................................

...THE CLEVELAND OH CLIMATE SUMMARY FOR SEPTEMBER 14 2017...

CLIMATE NORMAL PERIOD 1981 TO 2010
CLIMATE RECORD PERIOD 1871 TO 2017


WEATHER ITEM   OBSERVED TIME   RECORD YEAR NORMAL DEPARTURE LAST
                VALUE   (LST)  VALUE       VALUE  FROM      YEAR
                                                  NORMAL
..................................................................
TEMPERATURE (F)
 YESTERDAY
  MAXIMUM         75    529 PM  94    1939  75      0       73
  MINIMUM         61   1159 PM  37    1975  57      4       58
  AVERAGE         68                        66      2       66

PRECIPITATION (IN)
  YESTERDAY        0.01                      0.13  -0.12     0.11
  MONTH TO DATE    0.81                      1.73  -0.92     2.31
  SINCE SEP 1      0.81                      1.73  -0.92     2.31
  SINCE JAN 1     32.44                     27.27   5.17    25.68

SNOWFALL (IN)
  YESTERDAY        0.0                       0.0    0.0      0.0
  MONTH TO DATE    0.0                       0.0    0.0      0.0
  SINCE SEP 1      0.0                       0.0    0.0      0.0
  SINCE JUL 1      0.0                       0.0    0.0      0.0
  SNOW DEPTH       0

DEGREE DAYS
 HEATING
  YESTERDAY        0                         2     -2        0
  MONTH TO DATE   28                        19      9        0
  SINCE SEP 1     28                        19      9        0
  SINCE JUL 1     30                        31     -1        0

 COOLING
  YESTERDAY        3                         3      0        1
  MONTH TO DATE   30                        58    -28      115
  SINCE SEP 1     30                        58    -28      115
  SINCE JAN 1    921                       773    148     1199
..................................................................


WIND (MPH)
  HIGHEST WIND SPEED    12   HIGHEST WIND DIRECTION     W (270)
  HIGHEST GUST SPEED    17   HIGHEST GUST DIRECTION    SW (230)
  AVERAGE WIND SPEED     4.8


SKY COVER
  POSSIBLE SUNSHINE  MM
  AVERAGE SKY COVER 0.7


WEATHER CONDITIONS
 THE FOLLOWING WEATHER WAS RECORDED YESTERDAY.
  LIGHT RAIN


RELATIVE HUMIDITY (PERCENT)
 HIGHEST    93           400 AM
 LOWEST     57          1200 PM
 AVERAGE    75

..........................................................


THE CLEVELAND OH CLIMATE NORMALS FOR TODAY
                         NORMAL    RECORD    YEAR
 MAXIMUM TEMPERATURE (F)   74        93      1991
 MINIMUM TEMPERATURE (F)   56        37      1871


SUNRISE AND SUNSET
SEPTEMBER 15 2017.....SUNRISE   708 AM EDT   SUNSET   736 PM EDT
SEPTEMBER 16 2017.....SUNRISE   709 AM EDT   SUNSET   734 PM EDT


-  INDICATES NEGATIVE NUMBERS.
R  INDICATES RECORD WAS SET OR TIED.
MM INDICATES DATA IS MISSING.
T  INDICATES TRACE AMOUNT.




$$
