000
CDUS41 KCLE 040527
CLICLE


CLIMATE REPORT
NATIONAL WEATHER SERVICE CLEVELAND OH
1227 AM EST SAT FEB 4 2017


...................................

...THE CLEVELAND OH CLIMATE SUMMARY FOR FEBRUARY 3 2017...

CLIMATE NORMAL PERIOD 1981 TO 2010
CLIMATE RECORD PERIOD 1871 TO 2017


WEATHER ITEM   OBSERVED TIME   RECORD YEAR NORMAL DEPARTURE LAST
                VALUE   (LST)  VALUE       VALUE  FROM      YEAR
                                                  NORMAL
..................................................................
TEMPERATURE (F)
 YESTERDAY
  MAXIMUM         27    349 PM  63    2016  35     -8       63
  MINIMUM         18   1158 PM  -8    1996  22     -4       37
                                      1951
  AVERAGE         23                        29     -6       50

PRECIPITATION (IN)
  YESTERDAY        0.01                      0.08  -0.07     0.25
  MONTH TO DATE    0.02                      0.24  -0.22     0.59
  SINCE DEC 1      7.45                      6.06   1.39     4.92
  SINCE JAN 1      4.80                      2.96   1.84     1.96

SNOWFALL (IN)
  YESTERDAY        0.2                       0.6   -0.4      0.0
  MONTH TO DATE    0.3                       1.7   -1.4      0.0
  SINCE DEC 1     21.4                      34.5  -13.1      7.9
  SINCE JUL 1     22.3                      39.0  -16.7      8.8
  SNOW DEPTH       1

DEGREE DAYS
 HEATING
  YESTERDAY       42                        36      6       15
  MONTH TO DATE  110                       108      2       68
  SINCE DEC 1   2047                      2265   -218     1854
  SINCE JUL 1   2763                      3360   -597     2719

 COOLING
  YESTERDAY        0                         0      0        0
  MONTH TO DATE    0                         0      0        0
  SINCE DEC 1      0                         0      0        0
  SINCE JAN 1      0                         0      0        0
..................................................................


WIND (MPH)
  HIGHEST WIND SPEED    24   HIGHEST WIND DIRECTION     W (290)
  HIGHEST GUST SPEED    31   HIGHEST GUST DIRECTION    NW (300)
  AVERAGE WIND SPEED    13.3


SKY COVER
  POSSIBLE SUNSHINE  MM
  AVERAGE SKY COVER 0.7


WEATHER CONDITIONS
 THE FOLLOWING WEATHER WAS RECORDED YESTERDAY.
  LIGHT SNOW


RELATIVE HUMIDITY (PERCENT)
 HIGHEST    68           800 AM
 LOWEST     42           800 PM
 AVERAGE    55

..........................................................


THE CLEVELAND OH CLIMATE NORMALS FOR TODAY
                         NORMAL    RECORD    YEAR
 MAXIMUM TEMPERATURE (F)   36        65      1890
 MINIMUM TEMPERATURE (F)   22       -10      1996


SUNRISE AND SUNSET
FEBRUARY  4 2017......SUNRISE   735 AM EST   SUNSET   548 PM EST
FEBRUARY  5 2017......SUNRISE   734 AM EST   SUNSET   549 PM EST


-  INDICATES NEGATIVE NUMBERS.
R  INDICATES RECORD WAS SET OR TIED.
MM INDICATES DATA IS MISSING.
T  INDICATES TRACE AMOUNT.




$$
