000
CDUS41 KCLE 102112
CLICLE


CLIMATE REPORT
NATIONAL WEATHER SERVICE CLEVELAND OH
511 PM EDT SAT JUN 10 2017


...................................

...THE CLEVELAND OH CLIMATE SUMMARY FOR JUNE 10 2017...
VALID TODAY AS OF 0500 PM LOCAL TIME.

CLIMATE NORMAL PERIOD 1981 TO 2010
CLIMATE RECORD PERIOD 1871 TO 2017


WEATHER ITEM   OBSERVED TIME   RECORD YEAR NORMAL DEPARTURE LAST
                VALUE   (LST)  VALUE       VALUE  FROM      YEAR
                                                  NORMAL
..................................................................
TEMPERATURE (F)
 TODAY
  MAXIMUM         89    340 PM  92    2005  77     12       86
                                      1999
  MINIMUM         67    550 AM  37    1972  58      9       62
  AVERAGE         78                        68     10       74

PRECIPITATION (IN)
  TODAY            0.00                      0.12  -0.12     0.00
  MONTH TO DATE    0.17                      1.17  -1.00     0.51
  SINCE JUN 1      0.17                      1.17  -1.00     0.51
  SINCE JAN 1     22.23                     16.31   5.92    16.44

SNOWFALL (IN)
  TODAY            0.0                       0.0    0.0      0.0
  MONTH TO DATE    0.0                       0.0    0.0      0.0
  SINCE JUN 1      0.0                       0.0    0.0      0.0
  SINCE JUL 1     37.3                      68.1  -30.8     32.8
  SNOW DEPTH       0

DEGREE DAYS
 HEATING
  TODAY            0                         2     -2        0
  MONTH TO DATE   15                        25    -10       10
  SINCE JUN 1     15                        25    -10       10
  SINCE JUL 1   4565                      5745  -1180     4956

 COOLING
  TODAY           13                         4      9        9
  MONTH TO DATE   33                        38     -5       58
  SINCE JUN 1     33                        38     -5       58
  SINCE JAN 1    121                        97     24      139
..................................................................


WIND (MPH)
  HIGHEST WIND SPEED    22   HIGHEST WIND DIRECTION    SW (210)
  HIGHEST GUST SPEED    31   HIGHEST GUST DIRECTION     S (200)


SKY COVER
  POSSIBLE SUNSHINE  MM
  AVERAGE SKY COVER 0.4


WEATHER CONDITIONS
 THE FOLLOWING WEATHER WAS RECORDED TODAY.
  NO SIGNIFICANT WEATHER WAS OBSERVED.


RELATIVE HUMIDITY (PERCENT)
 HIGHEST    63           200 AM
 LOWEST     36           100 PM
 AVERAGE    50

..........................................................


THE CLEVELAND OH CLIMATE NORMALS FOR TOMORROW
                         NORMAL    RECORD    YEAR
 MAXIMUM TEMPERATURE (F)   78        94      2016
 MINIMUM TEMPERATURE (F)   59        31      1972


SUNRISE AND SUNSET
JUNE 10 2017..........SUNRISE   554 AM EDT   SUNSET   900 PM EDT
JUNE 11 2017..........SUNRISE   553 AM EDT   SUNSET   901 PM EDT


-  INDICATES NEGATIVE NUMBERS.
R  INDICATES RECORD WAS SET OR TIED.
MM INDICATES DATA IS MISSING.
T  INDICATES TRACE AMOUNT.




$$
