000
CDUS41 KCLE 080528
CLICLE


CLIMATE REPORT
NATIONAL WEATHER SERVICE CLEVELAND OH
1227 AM EST MON DEC 8 2014


...................................

...THE CLEVELAND OH CLIMATE SUMMARY FOR DECEMBER 7 2014...

CLIMATE NORMAL PERIOD 1981 TO 2010
CLIMATE RECORD PERIOD 1871 TO 2014


WEATHER ITEM   OBSERVED TIME   RECORD YEAR NORMAL DEPARTURE LAST
                VALUE   (LST)  VALUE       VALUE  FROM      YEAR
                                                  NORMAL
..................................................................
TEMPERATURE (F)
 YESTERDAY
  MAXIMUM         39    110 PM  67    1998  41     -2       29
  MINIMUM         30   1039 PM  -5    1882  29      1       21
  AVERAGE         35                        35      0       25

PRECIPITATION (IN)
  YESTERDAY        0.00                      0.10  -0.10      T
  MONTH TO DATE    0.87                      0.73   0.14     0.21
  SINCE DEC 1      0.87                      0.73   0.14     0.21
  SINCE JAN 1     42.97                     36.77   6.20    37.96

SNOWFALL (IN)
  YESTERDAY        0.0                       0.4   -0.4       T
  MONTH TO DATE    T                         2.4   -2.4      2.2
  SINCE DEC 1      T                         2.4   -2.4      2.2
  SINCE JUL 1     19.4                       6.9   12.5      6.9
  SNOW DEPTH       0

DEGREE DAYS
 HEATING
  YESTERDAY       30                        30      0       40
  MONTH TO DATE  213                       201     12      176
  SINCE DEC 1    213                       201     12      176
  SINCE JUL 1   1547                      1296    251     1325

 COOLING
  YESTERDAY        0                         0      0        0
  MONTH TO DATE    0                         0      0        0
  SINCE DEC 1      0                         0      0        0
  SINCE JAN 1    657                       817   -160      889
..................................................................


WIND (MPH)
  HIGHEST WIND SPEED    18   HIGHEST WIND DIRECTION    NE (30)
  HIGHEST GUST SPEED    23   HIGHEST GUST DIRECTION    NE (40)
  AVERAGE WIND SPEED    10.4


SKY COVER
  POSSIBLE SUNSHINE  MM
  AVERAGE SKY COVER 0.6


WEATHER CONDITIONS
 THE FOLLOWING WEATHER WAS RECORDED YESTERDAY.
  NO SIGNIFICANT WEATHER WAS OBSERVED.


RELATIVE HUMIDITY (PERCENT)
 HIGHEST    75           100 AM
 LOWEST     54          1200 PM
 AVERAGE    65

..........................................................


THE CLEVELAND OH CLIMATE NORMALS FOR TODAY
                         NORMAL    RECORD    YEAR
 MAXIMUM TEMPERATURE (F)   41        67      1966
 MINIMUM TEMPERATURE (F)   29        -9      1882


SUNRISE AND SUNSET
DECEMBER  8 2014......SUNRISE   741 AM EST   SUNSET   458 PM EST
DECEMBER  9 2014......SUNRISE   742 AM EST   SUNSET   458 PM EST


-  INDICATES NEGATIVE NUMBERS.
R  INDICATES RECORD WAS SET OR TIED.
MM INDICATES DATA IS MISSING.
T  INDICATES TRACE AMOUNT.




$$
