000
CDUS41 KCLE 142110
CLICLE


CLIMATE REPORT
NATIONAL WEATHER SERVICE CLEVELAND OH
510 PM EDT THU MAY 14 2015


...................................

...THE CLEVELAND OH CLIMATE SUMMARY FOR MAY 14 2015...
VALID TODAY AS OF 0500 PM LOCAL TIME.

CLIMATE NORMAL PERIOD 1981 TO 2010
CLIMATE RECORD PERIOD 1871 TO 2015


WEATHER ITEM   OBSERVED TIME   RECORD YEAR NORMAL DEPARTURE LAST
                VALUE   (LST)  VALUE       VALUE  FROM      YEAR
                                                  NORMAL
..................................................................
TEMPERATURE (F)
 TODAY
  MAXIMUM         64   1255 PM  91    1962  69     -5       71
  MINIMUM         35    527 AM  30    1996  49    -14       57
  AVERAGE         50                        59     -9       64

PRECIPITATION (IN)
  TODAY            0.00                      0.12  -0.12     0.41
  MONTH TO DATE    0.95                      1.57  -0.62     3.33
  SINCE MAR 1      5.69                      7.99  -2.30    10.49
  SINCE JAN 1     10.49                     13.05  -2.56    15.52

SNOWFALL (IN)
  TODAY            0.0                       0.0    0.0      0.0
  MONTH TO DATE    0.0                       0.1   -0.1      0.0
  SINCE MAR 1      5.7                      16.0  -10.3     16.4
  SINCE JUL 1     67.1                      68.2   -1.1     86.1
  SNOW DEPTH       0

DEGREE DAYS
 HEATING
  TODAY           15                         7      8        1
  MONTH TO DATE   73                       122    -49       86
  SINCE MAR 1   1478                      1416     62     1520
  SINCE JUL 1   6428                      5633    795     6201

 COOLING
  TODAY            0                         1     -1        0
  MONTH TO DATE   50                        14     36       36
  SINCE MAR 1     51                        25     26       43
  SINCE JAN 1     51                        25     26       43
..................................................................


WIND (MPH)
  HIGHEST WIND SPEED    15   HIGHEST WIND DIRECTION    NE (30)
  HIGHEST GUST SPEED    18   HIGHEST GUST DIRECTION     N (10)


SKY COVER
  POSSIBLE SUNSHINE  MM
  AVERAGE SKY COVER 0.5


WEATHER CONDITIONS
 THE FOLLOWING WEATHER WAS RECORDED TODAY.
  FOG


RELATIVE HUMIDITY (PERCENT)
 HIGHEST    92          1200 AM
 LOWEST     42          1200 PM
 AVERAGE    67

..........................................................


THE CLEVELAND OH CLIMATE NORMALS FOR TOMORROW
                         NORMAL    RECORD    YEAR
 MAXIMUM TEMPERATURE (F)   69        89      1962
 MINIMUM TEMPERATURE (F)   50        35      1977
                                             1964


SUNRISE AND SUNSET
MAY 14 2015...........SUNRISE   610 AM EDT   SUNSET   838 PM EDT
MAY 15 2015...........SUNRISE   609 AM EDT   SUNSET   839 PM EDT


-  INDICATES NEGATIVE NUMBERS.
R  INDICATES RECORD WAS SET OR TIED.
MM INDICATES DATA IS MISSING.
T  INDICATES TRACE AMOUNT.




$$
