000
CDUS41 KCLE 160529
CLICLE


CLIMATE REPORT
NATIONAL WEATHER SERVICE CLEVELAND OH
1227 AM EST MON FEB 16 2015


...................................

...THE CLEVELAND OH CLIMATE SUMMARY FOR FEBRUARY 15 2015...

CLIMATE NORMAL PERIOD 1981 TO 2010
CLIMATE RECORD PERIOD 1871 TO 2015


WEATHER ITEM   OBSERVED TIME   RECORD YEAR NORMAL DEPARTURE LAST
                VALUE   (LST)  VALUE       VALUE  FROM      YEAR
                                                  NORMAL
..................................................................
TEMPERATURE (F)
 YESTERDAY
  MAXIMUM          3    405 PM  67    1954  37    -34       24
  MINIMUM         -5R  1159 PM  -4    2007  24    -29       11
                                      1963
  AVERAGE         -1                        30    -31       18

PRECIPITATION (IN)
  YESTERDAY        T                         0.08  -0.08      T
  MONTH TO DATE    1.36                      1.21   0.15     1.54
  SINCE DEC 1      6.25                      7.03  -0.78     7.64
  SINCE JAN 1      4.30                      3.93   0.37     3.54

SNOWFALL (IN)
  YESTERDAY        T                         0.5   -0.5       T
  MONTH TO DATE   18.6                       8.1   10.5     12.5
  SINCE DEC 1     34.6                      40.9   -6.3     53.7
  SINCE JUL 1     54.0                      45.4    8.6     58.4
  SNOW DEPTH       7

DEGREE DAYS
 HEATING
  YESTERDAY       66                        35     31       47
  MONTH TO DATE  683                       534    149      696
  SINCE DEC 1   2885                      2691    194     3045
  SINCE JUL 1   4219                      3786    433     4194

 COOLING
  YESTERDAY        0                         0      0        0
  MONTH TO DATE    0                         0      0        0
  SINCE DEC 1      0                         0      0        0
  SINCE JAN 1      0                         0      0        0
..................................................................


WIND (MPH)
  HIGHEST WIND SPEED    24   HIGHEST WIND DIRECTION    NW (320)
  HIGHEST GUST SPEED    32   HIGHEST GUST DIRECTION    NW (310)
  AVERAGE WIND SPEED    11.0


SKY COVER
  POSSIBLE SUNSHINE  MM
  AVERAGE SKY COVER 0.5


WEATHER CONDITIONS
 THE FOLLOWING WEATHER WAS RECORDED YESTERDAY.
  LIGHT SNOW
  HAZE
  BLOWING SNOW


RELATIVE HUMIDITY (PERCENT)
 HIGHEST    72           900 PM
 LOWEST     65           300 AM
 AVERAGE    69

..........................................................


THE CLEVELAND OH CLIMATE NORMALS FOR TODAY
                         NORMAL    RECORD    YEAR
 MAXIMUM TEMPERATURE (F)   38        72      1883
 MINIMUM TEMPERATURE (F)   24        -8      1904


SUNRISE AND SUNSET
FEBRUARY 16 2015......SUNRISE   721 AM EST   SUNSET   602 PM EST
FEBRUARY 17 2015......SUNRISE   720 AM EST   SUNSET   603 PM EST


-  INDICATES NEGATIVE NUMBERS.
R  INDICATES RECORD WAS SET OR TIED.
MM INDICATES DATA IS MISSING.
T  INDICATES TRACE AMOUNT.




$$
