000
CDUS41 KCLE 212122
CLICLE


CLIMATE REPORT
NATIONAL WEATHER SERVICE CLEVELAND OH
521 PM EDT FRI AUG 21 2015


...................................

...THE CLEVELAND OH CLIMATE SUMMARY FOR AUGUST 21 2015...
VALID TODAY AS OF 0500 PM LOCAL TIME.

CLIMATE NORMAL PERIOD 1981 TO 2010
CLIMATE RECORD PERIOD 1871 TO 2015


WEATHER ITEM   OBSERVED TIME   RECORD YEAR NORMAL DEPARTURE LAST
                VALUE   (LST)  VALUE       VALUE  FROM      YEAR
                                                  NORMAL
..................................................................
TEMPERATURE (F)
 TODAY
  MAXIMUM         77    345 PM  96    1947  81     -4       81
  MINIMUM         55    447 AM  45    1950  63     -8       66
  AVERAGE         66                        72     -6       74

PRECIPITATION (IN)
  TODAY            0.00                      0.11  -0.11     0.07
  MONTH TO DATE    2.35                      2.40  -0.05     4.15
  SINCE JUN 1     13.59                      9.29   4.30    14.40
  SINCE JAN 1     27.22                     24.43   2.79    30.67

SNOWFALL (IN)
  TODAY            0.0                       0.0    0.0      0.0
  MONTH TO DATE    0.0                       0.0    0.0      0.0
  SINCE JUN 1      0.0                       0.0    0.0      0.0
  SINCE JUL 1      0.0                       0.0    0.0      0.0
  SNOW DEPTH       0

DEGREE DAYS
 HEATING
  TODAY            0                         0      0        0
  MONTH TO DATE    0                         0      0        8
  SINCE JUN 1     33                        46    -13       42
  SINCE JUL 1      3                         4     -1       22

 COOLING
  TODAY            1                         7     -6        9
  MONTH TO DATE  153                       161     -8      103
  SINCE JUN 1    510                       594    -84      437
  SINCE JAN 1    631                       653    -22      503
..................................................................


WIND (MPH)
  HIGHEST WIND SPEED    15   HIGHEST WIND DIRECTION    NW (330)
  HIGHEST GUST SPEED    22   HIGHEST GUST DIRECTION    NW (310)


SKY COVER
  POSSIBLE SUNSHINE  MM
  AVERAGE SKY COVER 0.3


WEATHER CONDITIONS
 THE FOLLOWING WEATHER WAS RECORDED TODAY.
  NO SIGNIFICANT WEATHER WAS OBSERVED.


RELATIVE HUMIDITY (PERCENT)
 HIGHEST    83           500 AM
 LOWEST     36           100 PM
 AVERAGE    60

..........................................................


THE CLEVELAND OH CLIMATE NORMALS FOR TOMORROW
                         NORMAL    RECORD    YEAR
 MAXIMUM TEMPERATURE (F)   80        94      1936
                                             1924
 MINIMUM TEMPERATURE (F)   63        45      1982


SUNRISE AND SUNSET
AUGUST 21 2015........SUNRISE   642 AM EDT   SUNSET   818 PM EDT
AUGUST 22 2015........SUNRISE   643 AM EDT   SUNSET   817 PM EDT


-  INDICATES NEGATIVE NUMBERS.
R  INDICATES RECORD WAS SET OR TIED.
MM INDICATES DATA IS MISSING.
T  INDICATES TRACE AMOUNT.




$$
