000
CDUS41 KCLE 210546
CLICLE


CLIMATE REPORT
NATIONAL WEATHER SERVICE CLEVELAND OH
145 AM EDT THU APR 21 2016


...................................

...THE CLEVELAND OH CLIMATE SUMMARY FOR APRIL 20 2016...

CLIMATE NORMAL PERIOD 1981 TO 2010
CLIMATE RECORD PERIOD 1871 TO 2016


WEATHER ITEM   OBSERVED TIME   RECORD YEAR NORMAL DEPARTURE LAST
                VALUE   (LST)  VALUE       VALUE  FROM      YEAR
                                                  NORMAL
..................................................................
TEMPERATURE (F)
 YESTERDAY
  MAXIMUM         70    103 PM  83    1985  61      9       67
  MINIMUM         44    101 AM  23    1904  42      2       46
  AVERAGE         57                        52      5       57

PRECIPITATION (IN)
  YESTERDAY        0.00                      0.11  -0.11     0.14
  MONTH TO DATE    2.66                      2.41   0.25     2.51
  SINCE MAR 1      6.83                      5.34   1.49     4.48
  SINCE JAN 1     11.42                     10.40   1.02     9.28

SNOWFALL (IN)
  YESTERDAY        0.0                       0.0    0.0      0.0
  MONTH TO DATE    7.8                       3.0    4.8      0.1
  SINCE MAR 1     11.0                      15.6   -4.6      4.9
  SINCE JUL 1     32.8                      67.8  -35.0     66.3
  SNOW DEPTH       0

DEGREE DAYS
 HEATING
  YESTERDAY        8                        14     -6        8
  MONTH TO DATE  394                       347     47      237
  SINCE MAR 1   1017                      1173   -156     1192
  SINCE JUL 1   4608                      5390   -782     6142

 COOLING
  YESTERDAY        0                         0      0        0
  MONTH TO DATE    0                         0      0        1
  SINCE MAR 1      0                         1     -1        1
  SINCE JAN 1      0                         1     -1        1
..................................................................


WIND (MPH)
  HIGHEST WIND SPEED    17   HIGHEST WIND DIRECTION    SE (120)
  HIGHEST GUST SPEED    21   HIGHEST GUST DIRECTION    SE (130)
  AVERAGE WIND SPEED     7.5


SKY COVER
  POSSIBLE SUNSHINE  MM
  AVERAGE SKY COVER 0.6


WEATHER CONDITIONS
 THE FOLLOWING WEATHER WAS RECORDED YESTERDAY.
  NO SIGNIFICANT WEATHER WAS OBSERVED.


RELATIVE HUMIDITY (PERCENT)
 HIGHEST    76           100 AM
 LOWEST     22           100 PM
 AVERAGE    49

..........................................................


THE CLEVELAND OH CLIMATE NORMALS FOR TODAY
                         NORMAL    RECORD    YEAR
 MAXIMUM TEMPERATURE (F)   61        86      1952
 MINIMUM TEMPERATURE (F)   42        24      1875


SUNRISE AND SUNSET
APRIL 21 2016.........SUNRISE   638 AM EDT   SUNSET   815 PM EDT
APRIL 22 2016.........SUNRISE   636 AM EDT   SUNSET   816 PM EDT


-  INDICATES NEGATIVE NUMBERS.
R  INDICATES RECORD WAS SET OR TIED.
MM INDICATES DATA IS MISSING.
T  INDICATES TRACE AMOUNT.




$$
