153
CDUS41 KCLE 280527
CLICLE


CLIMATE REPORT
NATIONAL WEATHER SERVICE CLEVELAND OH
1226 AM EST THU JAN 28 2016


...................................

...THE CLEVELAND OH CLIMATE SUMMARY FOR JANUARY 27 2016...

CLIMATE NORMAL PERIOD 1981 TO 2010
CLIMATE RECORD PERIOD 1871 TO 2016


WEATHER ITEM   OBSERVED TIME   RECORD YEAR NORMAL DEPARTURE LAST
                VALUE   (LST)  VALUE       VALUE  FROM      YEAR
                                                  NORMAL
..................................................................
TEMPERATURE (F)
 YESTERDAY
  MAXIMUM         32    248 PM  69    1916  35     -3       20
  MINIMUM         25   1159 PM  -6    1936  22      3       17
  AVERAGE         29                        28      1       19

PRECIPITATION (IN)
  YESTERDAY        T                         0.08  -0.08     0.02
  MONTH TO DATE    1.27                      2.41  -1.14     2.73
  SINCE DEC 1      4.23                      5.51  -1.28     4.68
  SINCE JAN 1      1.27                      2.41  -1.14     2.73

SNOWFALL (IN)
  YESTERDAY        T                         0.6   -0.6      0.3
  MONTH TO DATE    7.2                      16.3   -9.1     14.1
  SINCE DEC 1      7.5                      30.4  -22.9     15.0
  SINCE JUL 1      8.4                      34.9  -26.5     34.4
  SNOW DEPTH       0

DEGREE DAYS
 HEATING
  YESTERDAY       36                        37     -1       46
  MONTH TO DATE 1027                       998     29     1117
  SINCE DEC 1   1674                      2010   -336     2024
  SINCE JUL 1   2539                      3105   -566     3358

 COOLING
  YESTERDAY        0                         0      0        0
  MONTH TO DATE    0                         0      0        0
  SINCE DEC 1      0                         0      0        0
  SINCE JAN 1      0                         0      0        0
..................................................................


WIND (MPH)
  HIGHEST WIND SPEED    22   HIGHEST WIND DIRECTION    SW (240)
  HIGHEST GUST SPEED    27   HIGHEST GUST DIRECTION     W (260)
  AVERAGE WIND SPEED    12.1


SKY COVER
  POSSIBLE SUNSHINE  MM
  AVERAGE SKY COVER 1.0


WEATHER CONDITIONS
 THE FOLLOWING WEATHER WAS RECORDED YESTERDAY.
  LIGHT SNOW


RELATIVE HUMIDITY (PERCENT)
 HIGHEST    78           100 AM
 LOWEST     63           400 AM
 AVERAGE    71

..........................................................


THE CLEVELAND OH CLIMATE NORMALS FOR TODAY
                         NORMAL    RECORD    YEAR
 MAXIMUM TEMPERATURE (F)   35        62      2002
 MINIMUM TEMPERATURE (F)   22       -10      1977
                                             1963


SUNRISE AND SUNSET
JANUARY 28 2016.......SUNRISE   743 AM EST   SUNSET   538 PM EST
JANUARY 29 2016.......SUNRISE   742 AM EST   SUNSET   539 PM EST


-  INDICATES NEGATIVE NUMBERS.
R  INDICATES RECORD WAS SET OR TIED.
MM INDICATES DATA IS MISSING.
T  INDICATES TRACE AMOUNT.




$$
