000
CDUS41 KCLE 302227
CLICLE


CLIMATE REPORT
NATIONAL WEATHER SERVICE CLEVELAND OH
526 PM EST SAT DEC 30 2017


...................................

...THE CLEVELAND OH CLIMATE SUMMARY FOR DECEMBER 30 2017...
VALID TODAY AS OF 0500 PM LOCAL TIME.

CLIMATE NORMAL PERIOD 1981 TO 2010
CLIMATE RECORD PERIOD 1871 TO 2017


WEATHER ITEM   OBSERVED TIME   RECORD YEAR NORMAL DEPARTURE LAST
                VALUE   (LST)  VALUE       VALUE  FROM      YEAR
                                                  NORMAL
..................................................................
TEMPERATURE (F)
 TODAY
  MAXIMUM         18    233 PM  63    1971  35    -17       33
                                      1875
  MINIMUM         14    803 AM -12    1880  23     -9       27
  AVERAGE         16                        29    -13       30

PRECIPITATION (IN)
  TODAY            0.08                      0.10  -0.02     0.05
  MONTH TO DATE    1.65                      3.00  -1.35     2.65
  SINCE DEC 1      1.65                      3.00  -1.35     2.65
  SINCE JAN 1     43.72                     39.04   4.68    36.47

SNOWFALL (IN)
  TODAY            1.9                       0.5    1.4      0.5
  MONTH TO DATE   16.1                      13.5    2.6      9.6
  SINCE DEC 1     16.1                      13.5    2.6      9.6
  SINCE JUL 1     16.9                      18.0   -1.1     10.5
  SNOW DEPTH       5

DEGREE DAYS
 HEATING
  TODAY           49                        36     13       35
  MONTH TO DATE 1063                       975     88      978
  SINCE DEC 1   1063                       975     88      978
  SINCE JUL 1   1953                      2070   -117     1694

 COOLING
  TODAY            0                         0      0        0
  MONTH TO DATE    0                         0      0        0
  SINCE DEC 1      0                         0      0        0
  SINCE JAN 1   1113                       817    296     1320
..................................................................


WIND (MPH)
  HIGHEST WIND SPEED    20   HIGHEST WIND DIRECTION    NW (300)
  HIGHEST GUST SPEED    27   HIGHEST GUST DIRECTION     W (280)


SKY COVER
  POSSIBLE SUNSHINE  MM
  AVERAGE SKY COVER 1.0


WEATHER CONDITIONS
 THE FOLLOWING WEATHER WAS RECORDED TODAY.
  HEAVY SNOW
  SNOW
  LIGHT SNOW
  FOG
  HAZE
  BLOWING SNOW


RELATIVE HUMIDITY (PERCENT)
 HIGHEST    88          1200 AM
 LOWEST     67           200 PM
 AVERAGE    78

..........................................................


THE CLEVELAND OH CLIMATE NORMALS FOR TOMORROW
                         NORMAL    RECORD    YEAR
 MAXIMUM TEMPERATURE (F)   35        68      1875
 MINIMUM TEMPERATURE (F)   23       -11      1976


SUNRISE AND SUNSET
DECEMBER 30 2017......SUNRISE   753 AM EST   SUNSET   507 PM EST
DECEMBER 31 2017......SUNRISE   753 AM EST   SUNSET   508 PM EST


-  INDICATES NEGATIVE NUMBERS.
R  INDICATES RECORD WAS SET OR TIED.
MM INDICATES DATA IS MISSING.
T  INDICATES TRACE AMOUNT.




$$
