565
CDUS41 KCLE 152115
CLICLE


CLIMATE REPORT
NATIONAL WEATHER SERVICE CLEVELAND OH
515 PM EDT FRI SEP 15 2017


...................................

...THE CLEVELAND OH CLIMATE SUMMARY FOR SEPTEMBER 15 2017...
VALID TODAY AS OF 0500 PM LOCAL TIME.

CLIMATE NORMAL PERIOD 1981 TO 2010
CLIMATE RECORD PERIOD 1871 TO 2017


WEATHER ITEM   OBSERVED TIME   RECORD YEAR NORMAL DEPARTURE LAST
                VALUE   (LST)  VALUE       VALUE  FROM      YEAR
                                                  NORMAL
..................................................................
TEMPERATURE (F)
 TODAY
  MAXIMUM         81    118 PM  93    1991  74      7       76
  MINIMUM         56    516 AM  37    1871  56      0       57
  AVERAGE         69                        65      4       67

PRECIPITATION (IN)
  TODAY            0.00                      0.13  -0.13     0.00
  MONTH TO DATE    0.81                      1.86  -1.05     2.31
  SINCE SEP 1      0.81                      1.86  -1.05     2.31
  SINCE JAN 1     32.44                     27.40   5.04    25.68

SNOWFALL (IN)
  TODAY            0.0                       0.0    0.0      0.0
  MONTH TO DATE    0.0                       0.0    0.0      0.0
  SINCE SEP 1      0.0                       0.0    0.0      0.0
  SINCE JUL 1      0.0                       0.0    0.0      0.0
  SNOW DEPTH       0

DEGREE DAYS
 HEATING
  TODAY            0                         2     -2        0
  MONTH TO DATE   28                        21      7        0
  SINCE SEP 1     28                        21      7        0
  SINCE JUL 1     30                        33     -3        0

 COOLING
  TODAY            4                         3      1        2
  MONTH TO DATE   34                        61    -27      117
  SINCE SEP 1     34                        61    -27      117
  SINCE JAN 1    925                       776    149     1201
..................................................................


WIND (MPH)
  HIGHEST WIND SPEED    13   HIGHEST WIND DIRECTION     N (20)
  HIGHEST GUST SPEED    17   HIGHEST GUST DIRECTION     N (10)


SKY COVER
  POSSIBLE SUNSHINE  MM
  AVERAGE SKY COVER 0.2


WEATHER CONDITIONS
 THE FOLLOWING WEATHER WAS RECORDED TODAY.
  FOG


RELATIVE HUMIDITY (PERCENT)
 HIGHEST    93           600 AM
 LOWEST     52           100 PM
 AVERAGE    73

..........................................................


THE CLEVELAND OH CLIMATE NORMALS FOR TOMORROW
                         NORMAL    RECORD    YEAR
 MAXIMUM TEMPERATURE (F)   74        93      1991
                                             1939
 MINIMUM TEMPERATURE (F)   56        39      1984


SUNRISE AND SUNSET
SEPTEMBER 15 2017.....SUNRISE   708 AM EDT   SUNSET   736 PM EDT
SEPTEMBER 16 2017.....SUNRISE   709 AM EDT   SUNSET   734 PM EDT


-  INDICATES NEGATIVE NUMBERS.
R  INDICATES RECORD WAS SET OR TIED.
MM INDICATES DATA IS MISSING.
T  INDICATES TRACE AMOUNT.




$$
