137
CDUS41 KCLE 310531
CLICLE


CLIMATE REPORT
NATIONAL WEATHER SERVICE CLEVELAND OH
1230 AM EST SUN JAN 31 2016


...................................

...THE CLEVELAND OH CLIMATE SUMMARY FOR JANUARY 30 2016...

CLIMATE NORMAL PERIOD 1981 TO 2010
CLIMATE RECORD PERIOD 1871 TO 2016


WEATHER ITEM   OBSERVED TIME   RECORD YEAR NORMAL DEPARTURE LAST
                VALUE   (LST)  VALUE       VALUE  FROM      YEAR
                                                  NORMAL
..................................................................
TEMPERATURE (F)
 YESTERDAY
  MAXIMUM         56    407 PM  63    2013  35     21       32
  MINIMUM         21   1223 AM  -4    1873  22     -1        6
  AVERAGE         39                        28     11       19

PRECIPITATION (IN)
  YESTERDAY        0.00                      0.07  -0.07     0.02
  MONTH TO DATE    1.32                      2.64  -1.32     2.94
  SINCE DEC 1      4.28                      5.74  -1.46     4.89
  SINCE JAN 1      1.32                      2.64  -1.32     2.94

SNOWFALL (IN)
  YESTERDAY        0.0                       0.6   -0.6      0.2
  MONTH TO DATE    7.6                      18.1  -10.5     15.1
  SINCE DEC 1      7.9                      32.2  -24.3     16.0
  SINCE JUL 1      8.8                      36.7  -27.9     35.4
  SNOW DEPTH       0

DEGREE DAYS
 HEATING
  YESTERDAY       26                        37    -11       46
  MONTH TO DATE 1123                      1109     14     1248
  SINCE DEC 1   1770                      2121   -351     2155
  SINCE JUL 1   2635                      3216   -581     3489

 COOLING
  YESTERDAY        0                         0      0        0
  MONTH TO DATE    0                         0      0        0
  SINCE DEC 1      0                         0      0        0
  SINCE JAN 1      0                         0      0        0
..................................................................


WIND (MPH)
  HIGHEST WIND SPEED    23   HIGHEST WIND DIRECTION     S (180)
  HIGHEST GUST SPEED    30   HIGHEST GUST DIRECTION    SW (220)
  AVERAGE WIND SPEED    10.7


SKY COVER
  POSSIBLE SUNSHINE  MM
  AVERAGE SKY COVER 0.6


WEATHER CONDITIONS
 THE FOLLOWING WEATHER WAS RECORDED YESTERDAY.
  NO SIGNIFICANT WEATHER WAS OBSERVED.


RELATIVE HUMIDITY (PERCENT)
 HIGHEST    77          1200 AM
 LOWEST     41           200 PM
 AVERAGE    59

..........................................................


THE CLEVELAND OH CLIMATE NORMALS FOR TODAY
                         NORMAL    RECORD    YEAR
 MAXIMUM TEMPERATURE (F)   35        62      1989
                                             1916
 MINIMUM TEMPERATURE (F)   22        -5      1971
                                             1948


SUNRISE AND SUNSET
JANUARY 31 2016.......SUNRISE   740 AM EST   SUNSET   542 PM EST
FEBRUARY  1 2016......SUNRISE   739 AM EST   SUNSET   543 PM EST


-  INDICATES NEGATIVE NUMBERS.
R  INDICATES RECORD WAS SET OR TIED.
MM INDICATES DATA IS MISSING.
T  INDICATES TRACE AMOUNT.




$$
