000
CDUS41 KCLE 302223
CLICLE


CLIMATE REPORT
NATIONAL WEATHER SERVICE CLEVELAND OH
522 PM EST TUE JAN 30 2018


...................................

...THE CLEVELAND OH CLIMATE SUMMARY FOR JANUARY 30 2018...
VALID TODAY AS OF 0500 PM LOCAL TIME.

CLIMATE NORMAL PERIOD 1981 TO 2010
CLIMATE RECORD PERIOD 1871 TO 2018


WEATHER ITEM   OBSERVED TIME   RECORD YEAR NORMAL DEPARTURE LAST
                VALUE   (LST)  VALUE       VALUE  FROM      YEAR
                                                  NORMAL
..................................................................
TEMPERATURE (F)
 TODAY
  MAXIMUM         22    257 PM  63    2013  35    -13       27
  MINIMUM         18    650 AM  -4    1873  22     -4       23
  AVERAGE         20                        28     -8       25

PRECIPITATION (IN)
  TODAY            0.02                      0.07  -0.05     0.15
  MONTH TO DATE    2.27                      2.64  -0.37     4.56
  SINCE DEC 1      4.00                      5.74  -1.74     7.21
  SINCE JAN 1      2.27                      2.64  -0.37     4.56

SNOWFALL (IN)
  TODAY            0.3                       0.6   -0.3      2.3
  MONTH TO DATE   12.0                      18.1   -6.1      9.5
  SINCE DEC 1     29.2                      32.2   -3.0     19.1
  SINCE JUL 1     30.0                      36.7   -6.7     20.0
  SNOW DEPTH       2

DEGREE DAYS
 HEATING
  TODAY           45                        37      8       40
  MONTH TO DATE 1136                      1109     27      897
  SINCE DEC 1   2253                      2121    132     1904
  SINCE JUL 1   3143                      3216    -73     2620

 COOLING
  TODAY            0                         0      0        0
  MONTH TO DATE    0                         0      0        0
  SINCE DEC 1      0                         0      0        0
  SINCE JAN 1      0                         0      0        0
..................................................................


WIND (MPH)
  HIGHEST WIND SPEED    23   HIGHEST WIND DIRECTION    NW (320)
  HIGHEST GUST SPEED    29   HIGHEST GUST DIRECTION    NW (320)


SKY COVER
  POSSIBLE SUNSHINE  MM
  AVERAGE SKY COVER 1.0


WEATHER CONDITIONS
 THE FOLLOWING WEATHER WAS RECORDED TODAY.
  LIGHT SNOW
  FOG


RELATIVE HUMIDITY (PERCENT)
 HIGHEST    84          1200 AM
 LOWEST     52           300 PM
 AVERAGE    68

..........................................................


THE CLEVELAND OH CLIMATE NORMALS FOR TOMORROW
                         NORMAL    RECORD    YEAR
 MAXIMUM TEMPERATURE (F)   35        62      1989
                                             1916
 MINIMUM TEMPERATURE (F)   22        -5      1971
                                             1948


SUNRISE AND SUNSET
JANUARY 30 2018.......SUNRISE   741 AM EST   SUNSET   541 PM EST
JANUARY 31 2018.......SUNRISE   740 AM EST   SUNSET   542 PM EST


-  INDICATES NEGATIVE NUMBERS.
R  INDICATES RECORD WAS SET OR TIED.
MM INDICATES DATA IS MISSING.
T  INDICATES TRACE AMOUNT.




$$
