000
CDUS41 KCLE 300536
CLICLE


CLIMATE REPORT
NATIONAL WEATHER SERVICE CLEVELAND OH
135 AM EDT SUN MAR 30 2014


...................................

...THE CLEVELAND OH CLIMATE SUMMARY FOR MARCH 29 2014...

CLIMATE NORMAL PERIOD 1981 TO 2010
CLIMATE RECORD PERIOD 1871 TO 2014


WEATHER ITEM   OBSERVED TIME   RECORD YEAR NORMAL DEPARTURE LAST
                VALUE   (LST)  VALUE       VALUE  FROM      YEAR
                                                  NORMAL
..................................................................
TEMPERATURE (F)
 YESTERDAY
  MAXIMUM         41   1251 AM  81    1910  52    -11       48
  MINIMUM         33   1159 PM  11    1887  34     -1       31
  AVERAGE         37                        43     -6       40

PRECIPITATION (IN)
  YESTERDAY        0.62                      0.11   0.51     0.00
  MONTH TO DATE    2.20                      2.71  -0.51     2.21
  SINCE MAR 1      2.20                      2.71  -0.51     2.21
  SINCE JAN 1      7.23                      7.77  -0.54     6.68

SNOWFALL (IN)
  YESTERDAY        5.0                       0.3    4.7      0.0
  MONTH TO DATE   15.1                      12.1    3.0     10.7
  SINCE MAR 1     15.1                      12.1    3.0     10.7
  SINCE JUL 1     84.8                      64.3   20.5     51.4
  SNOW DEPTH       0

DEGREE DAYS
 HEATING
  YESTERDAY       28                        22      6       25
  MONTH TO DATE  956                       781    175      918
  SINCE MAR 1    956                       781    175      918
  SINCE JUL 1   5637                      4998    639     5097

 COOLING
  YESTERDAY        0                         0      0        0
  MONTH TO DATE    0                         0      0        0
  SINCE MAR 1      0                         0      0        0
  SINCE JAN 1      0                         0      0        0
..................................................................


WIND (MPH)
  HIGHEST WIND SPEED    29   HIGHEST WIND DIRECTION     N (10)
  HIGHEST GUST SPEED    36   HIGHEST GUST DIRECTION    NE (30)
  AVERAGE WIND SPEED    17.0


SKY COVER
  POSSIBLE SUNSHINE  MM
  AVERAGE SKY COVER 1.0


WEATHER CONDITIONS
 THE FOLLOWING WEATHER WAS RECORDED YESTERDAY.
  RAIN
  HEAVY SNOW
  SNOW
  LIGHT SNOW
  FOG
  FOG W/VISIBILITY <= 1/4 MILE
  BLOWING SNOW


RELATIVE HUMIDITY (PERCENT)
 HIGHEST    89           300 PM
 LOWEST     70           300 AM
 AVERAGE    80

..........................................................


THE CLEVELAND OH CLIMATE NORMALS FOR TODAY
                         NORMAL    RECORD    YEAR
 MAXIMUM TEMPERATURE (F)   52        82      1986
 MINIMUM TEMPERATURE (F)   35        16      1887


SUNRISE AND SUNSET
MARCH 30 2014.........SUNRISE   714 AM EDT   SUNSET   750 PM EDT
MARCH 31 2014.........SUNRISE   712 AM EDT   SUNSET   752 PM EDT


-  INDICATES NEGATIVE NUMBERS.
R  INDICATES RECORD WAS SET OR TIED.
MM INDICATES DATA IS MISSING.
T  INDICATES TRACE AMOUNT.




$$
