000
CDUS41 KCLE 122113
CLICLE


CLIMATE REPORT
NATIONAL WEATHER SERVICE CLEVELAND OH
512 PM EDT THU MAY 12 2016


...................................

...THE CLEVELAND OH CLIMATE SUMMARY FOR MAY 12 2016...
VALID TODAY AS OF 0500 PM LOCAL TIME.

CLIMATE NORMAL PERIOD 1981 TO 2010
CLIMATE RECORD PERIOD 1871 TO 2016


WEATHER ITEM   OBSERVED TIME   RECORD YEAR NORMAL DEPARTURE LAST
                VALUE   (LST)  VALUE       VALUE  FROM      YEAR
                                                  NORMAL
..................................................................
TEMPERATURE (F)
 TODAY
  MAXIMUM         81    346 PM  89    1881  68     13       65
  MINIMUM         59   1256 AM  32    1976  49     10       51
  AVERAGE         70                        59     11       58

PRECIPITATION (IN)
  TODAY            0.08                      0.12  -0.04     0.00
  MONTH TO DATE    1.27                      1.34  -0.07     0.94
  SINCE MAR 1      9.30                      7.76   1.54     5.68
  SINCE JAN 1     13.89                     12.82   1.07    10.48

SNOWFALL (IN)
  TODAY            0.0                       0.0    0.0      0.0
  MONTH TO DATE    0.0                       0.1   -0.1      0.0
  SINCE MAR 1     11.0                      16.0   -5.0      5.7
  SINCE JUL 1     32.8                      68.2  -35.4     67.1
  SNOW DEPTH       0

DEGREE DAYS
 HEATING
  TODAY            0                         8     -8        7
  MONTH TO DATE  103                       108     -5       38
  SINCE MAR 1   1246                      1402   -156     1443
  SINCE JUL 1   4837                      5619   -782     6393

 COOLING
  TODAY            5                         1      4        0
  MONTH TO DATE    6                        12     -6       50
  SINCE MAR 1      6                        23    -17       51
  SINCE JAN 1      6                        23    -17       51
..................................................................


WIND (MPH)
  HIGHEST WIND SPEED    17   HIGHEST WIND DIRECTION    SW (210)
  HIGHEST GUST SPEED    22   HIGHEST GUST DIRECTION     S (190)


SKY COVER
  POSSIBLE SUNSHINE  MM
  AVERAGE SKY COVER 0.9


WEATHER CONDITIONS
 THE FOLLOWING WEATHER WAS RECORDED TODAY.
  LIGHT RAIN
  FOG


RELATIVE HUMIDITY (PERCENT)
 HIGHEST    90           500 AM
 LOWEST     51           400 PM
 AVERAGE    71

..........................................................


THE CLEVELAND OH CLIMATE NORMALS FOR TOMORROW
                         NORMAL    RECORD    YEAR
 MAXIMUM TEMPERATURE (F)   69        88      2014
 MINIMUM TEMPERATURE (F)   49        30      1996


SUNRISE AND SUNSET
MAY 12 2016...........SUNRISE   611 AM EDT   SUNSET   837 PM EDT
MAY 13 2016...........SUNRISE   610 AM EDT   SUNSET   838 PM EDT


-  INDICATES NEGATIVE NUMBERS.
R  INDICATES RECORD WAS SET OR TIED.
MM INDICATES DATA IS MISSING.
T  INDICATES TRACE AMOUNT.




$$
