000
CDUS41 KCLE 052211
CLICLE


CLIMATE REPORT
NATIONAL WEATHER SERVICE CLEVELAND OH
510 PM EST SUN MAR 5 2017


...................................

...THE CLEVELAND OH CLIMATE SUMMARY FOR MARCH 5 2017...
VALID TODAY AS OF 0500 PM LOCAL TIME.

CLIMATE NORMAL PERIOD 1981 TO 2010
CLIMATE RECORD PERIOD 1871 TO 2017


WEATHER ITEM   OBSERVED TIME   RECORD YEAR NORMAL DEPARTURE LAST
                VALUE   (LST)  VALUE       VALUE  FROM      YEAR
                                                  NORMAL
..................................................................
TEMPERATURE (F)
 TODAY
  MAXIMUM         47    359 PM  81    1983  42      5       36
  MINIMUM         20    528 AM  -2    1873  27     -7       20
  AVERAGE         34                        35     -1       28

PRECIPITATION (IN)
  TODAY            0.00                      0.08  -0.08     0.04
  MONTH TO DATE    1.05                      0.42   0.63     0.65
  SINCE MAR 1      1.05                      0.42   0.63     0.65
  SINCE JAN 1      8.51                      5.48   3.03     5.24

SNOWFALL (IN)
  TODAY            0.0                       0.4   -0.4      0.3
  MONTH TO DATE    5.2                       2.3    2.9      3.2
  SINCE MAR 1      5.2                       2.3    2.9      3.2
  SINCE JUL 1     30.4                      54.5  -24.1     25.0
  SNOW DEPTH       1

DEGREE DAYS
 HEATING
  TODAY           31                        30      1       37
  MONTH TO DATE  159                       154      5      179
  SINCE MAR 1    159                       154      5      179
  SINCE JUL 1   3470                      4371   -901     3770

 COOLING
  TODAY            0                         0      0        0
  MONTH TO DATE    0                         0      0        0
  SINCE MAR 1      0                         0      0        0
  SINCE JAN 1      0                         0      0        0
..................................................................


WIND (MPH)
  HIGHEST WIND SPEED    18   HIGHEST WIND DIRECTION    SE (150)
  HIGHEST GUST SPEED    22   HIGHEST GUST DIRECTION    SE (140)


SKY COVER
  POSSIBLE SUNSHINE  MM
  AVERAGE SKY COVER 0.4


WEATHER CONDITIONS
 THE FOLLOWING WEATHER WAS RECORDED TODAY.
  NO SIGNIFICANT WEATHER WAS OBSERVED.


RELATIVE HUMIDITY (PERCENT)
 HIGHEST    59           800 AM
 LOWEST     31           500 PM
 AVERAGE    45

..........................................................


THE CLEVELAND OH CLIMATE NORMALS FOR TOMORROW
                         NORMAL    RECORD    YEAR
 MAXIMUM TEMPERATURE (F)   43        74      1973
 MINIMUM TEMPERATURE (F)   27        -2      1960


SUNRISE AND SUNSET
MARCH  5 2017.........SUNRISE   655 AM EST   SUNSET   623 PM EST
MARCH  6 2017.........SUNRISE   654 AM EST   SUNSET   624 PM EST


-  INDICATES NEGATIVE NUMBERS.
R  INDICATES RECORD WAS SET OR TIED.
MM INDICATES DATA IS MISSING.
T  INDICATES TRACE AMOUNT.




$$
