000
CDUS41 KCLE 140532
CLICLE


CLIMATE REPORT
NATIONAL WEATHER SERVICE CLEVELAND OH
1230 AM EST MON NOV 14 2016


...................................

...THE CLEVELAND OH CLIMATE SUMMARY FOR NOVEMBER 13 2016...

CLIMATE NORMAL PERIOD 1981 TO 2010
CLIMATE RECORD PERIOD 1871 TO 2016


WEATHER ITEM   OBSERVED TIME   RECORD YEAR NORMAL DEPARTURE LAST
                VALUE   (LST)  VALUE       VALUE  FROM      YEAR
                                                  NORMAL
..................................................................
TEMPERATURE (F)
 YESTERDAY
  MAXIMUM         57    346 PM  72    1989  52      5       48
                                      1909
  MINIMUM         34    744 AM  15    1911  38     -4       37
  AVERAGE         46                        45      1       43

PRECIPITATION (IN)
  YESTERDAY        0.00                      0.12  -0.12     0.04
  MONTH TO DATE    0.72                      1.53  -0.81     1.27
  SINCE SEP 1      9.06                      8.41   0.65     8.35
  SINCE JAN 1     32.43                     33.95  -1.52    36.07

SNOWFALL (IN)
  YESTERDAY        0.0                       0.1   -0.1      0.0
  MONTH TO DATE    0.0                       1.2   -1.2      0.0
  SINCE SEP 1      0.0                       1.4   -1.4      0.1
  SINCE JUL 1      0.0                       1.4   -1.4      0.1
  SNOW DEPTH       0

DEGREE DAYS
 HEATING
  YESTERDAY       19                        20     -1       22
  MONTH TO DATE  153                       234    -81      161
  SINCE SEP 1    382                       682   -300      511
  SINCE JUL 1    382                       694   -312      525

 COOLING
  YESTERDAY        0                         0      0        0
  MONTH TO DATE    7                         0      7        4
  SINCE SEP 1    235                       101    134      162
  SINCE JAN 1   1319                       816    503      831
..................................................................


WIND (MPH)
  HIGHEST WIND SPEED    16   HIGHEST WIND DIRECTION    SW (210)
  HIGHEST GUST SPEED    20   HIGHEST GUST DIRECTION    SW (210)
  AVERAGE WIND SPEED     9.2


SKY COVER
  POSSIBLE SUNSHINE  MM
  AVERAGE SKY COVER 0.0


WEATHER CONDITIONS
 THE FOLLOWING WEATHER WAS RECORDED YESTERDAY.
  NO SIGNIFICANT WEATHER WAS OBSERVED.


RELATIVE HUMIDITY (PERCENT)
 HIGHEST    70          1200 AM
 LOWEST     24           200 PM
 AVERAGE    47

..........................................................


THE CLEVELAND OH CLIMATE NORMALS FOR TODAY
                         NORMAL    RECORD    YEAR
 MAXIMUM TEMPERATURE (F)   52        72      1994
                                             1909
 MINIMUM TEMPERATURE (F)   38        13      1986


SUNRISE AND SUNSET
NOVEMBER 14 2016......SUNRISE   715 AM EST   SUNSET   508 PM EST
NOVEMBER 15 2016......SUNRISE   716 AM EST   SUNSET   507 PM EST


-  INDICATES NEGATIVE NUMBERS.
R  INDICATES RECORD WAS SET OR TIED.
MM INDICATES DATA IS MISSING.
T  INDICATES TRACE AMOUNT.




$$
