542
CDUS41 KCLE 140545
CLICLE


CLIMATE REPORT
NATIONAL WEATHER SERVICE CLEVELAND OH
145 AM EDT FRI APR 14 2017


...................................

...THE CLEVELAND OH CLIMATE SUMMARY FOR APRIL 13 2017...

CLIMATE NORMAL PERIOD 1981 TO 2010
CLIMATE RECORD PERIOD 1871 TO 2017


WEATHER ITEM   OBSERVED TIME   RECORD YEAR NORMAL DEPARTURE LAST
                VALUE   (LST)  VALUE       VALUE  FROM      YEAR
                                                  NORMAL
..................................................................
TEMPERATURE (F)
 YESTERDAY
  MAXIMUM         56    214 PM  83    1941  58     -2       49
  MINIMUM         45    614 AM  20    1950  40      5       31
  AVERAGE         51                        49      2       40

PRECIPITATION (IN)
  YESTERDAY        0.00                      0.12  -0.12     0.00
  MONTH TO DATE    1.61                      1.59   0.02     2.62
  SINCE MAR 1      5.63                      4.52   1.11     6.79
  SINCE JAN 1     13.09                      9.58   3.51    11.38

SNOWFALL (IN)
  YESTERDAY        0.0                       0.2   -0.2      0.0
  MONTH TO DATE    2.8                       2.4    0.4      7.8
  SINCE MAR 1     12.1                      15.0   -2.9     11.0
  SINCE JUL 1     37.3                      67.2  -29.9     32.8
  SNOW DEPTH       0

DEGREE DAYS
 HEATING
  YESTERDAY       14                        16     -2       25
  MONTH TO DATE  163                       242    -79      325
  SINCE MAR 1    954                      1068   -114      948
  SINCE JUL 1   4265                      5285  -1020     4539

 COOLING
  YESTERDAY        0                         0      0        0
  MONTH TO DATE    6                         0      6        0
  SINCE MAR 1      6                         1      5        0
  SINCE JAN 1      6                         1      5        0
..................................................................


WIND (MPH)
  HIGHEST WIND SPEED    15   HIGHEST WIND DIRECTION    NE (30)
  HIGHEST GUST SPEED    17   HIGHEST GUST DIRECTION    NE (30)
  AVERAGE WIND SPEED     7.5


SKY COVER
  POSSIBLE SUNSHINE  MM
  AVERAGE SKY COVER 0.9


WEATHER CONDITIONS
 THE FOLLOWING WEATHER WAS RECORDED YESTERDAY.
  NO SIGNIFICANT WEATHER WAS OBSERVED.


RELATIVE HUMIDITY (PERCENT)
 HIGHEST    71           900 PM
 LOWEST     43          1200 PM
 AVERAGE    57

..........................................................


THE CLEVELAND OH CLIMATE NORMALS FOR TODAY
                         NORMAL    RECORD    YEAR
 MAXIMUM TEMPERATURE (F)   59        85      1883
 MINIMUM TEMPERATURE (F)   40        20      1950


SUNRISE AND SUNSET
APRIL 14 2017.........SUNRISE   649 AM EDT   SUNSET   807 PM EDT
APRIL 15 2017.........SUNRISE   647 AM EDT   SUNSET   808 PM EDT


-  INDICATES NEGATIVE NUMBERS.
R  INDICATES RECORD WAS SET OR TIED.
MM INDICATES DATA IS MISSING.
T  INDICATES TRACE AMOUNT.




$$
