000
CDUS41 KCLE 030528
CLICLE


CLIMATE REPORT
NATIONAL WEATHER SERVICE CLEVELAND OH
1227 AM EST WED JAN 3 2018


...................................

...THE CLEVELAND OH CLIMATE SUMMARY FOR JANUARY 2 2018...

CLIMATE NORMAL PERIOD 1981 TO 2010
CLIMATE RECORD PERIOD 1871 TO 2018


WEATHER ITEM   OBSERVED TIME   RECORD YEAR NORMAL DEPARTURE LAST
                VALUE   (LST)  VALUE       VALUE  FROM      YEAR
                                                  NORMAL
..................................................................
TEMPERATURE (F)
 YESTERDAY
  MAXIMUM         14    402 PM  66    1876  35    -21       50
  MINIMUM          5   1159 PM -12    1879  22    -17       34
  AVERAGE         10                        28    -18       42

PRECIPITATION (IN)
  YESTERDAY        T                         0.10  -0.10      T
  MONTH TO DATE    0.01                      0.20  -0.19      T
  SINCE DEC 1      1.74                      3.30  -1.56     2.65
  SINCE JAN 1      0.01                      0.20  -0.19      T

SNOWFALL (IN)
  YESTERDAY        T                         0.6   -0.6      0.0
  MONTH TO DATE    0.9                       1.2   -0.3      0.0
  SINCE DEC 1     18.1                      15.3    2.8      9.6
  SINCE JUL 1     18.9                      19.8   -0.9     10.5
  SNOW DEPTH       4

DEGREE DAYS
 HEATING
  YESTERDAY       55                        37     18       23
  MONTH TO DATE  114                        73     41       53
  SINCE DEC 1   1231                      1085    146     1060
  SINCE JUL 1   2121                      2180    -59     1776

 COOLING
  YESTERDAY        0                         0      0        0
  MONTH TO DATE    0                         0      0        0
  SINCE DEC 1      0                         0      0        0
  SINCE JAN 1      0                         0      0        0
..................................................................


WIND (MPH)
  HIGHEST WIND SPEED    23   HIGHEST WIND DIRECTION    SW (230)
  HIGHEST GUST SPEED    30   HIGHEST GUST DIRECTION    SW (240)
  AVERAGE WIND SPEED    13.2


SKY COVER
  POSSIBLE SUNSHINE  MM
  AVERAGE SKY COVER 0.7


WEATHER CONDITIONS
 THE FOLLOWING WEATHER WAS RECORDED YESTERDAY.
  LIGHT SNOW


RELATIVE HUMIDITY (PERCENT)
 HIGHEST    80          1200 AM
 LOWEST     46           400 PM
 AVERAGE    63

..........................................................


THE CLEVELAND OH CLIMATE NORMALS FOR TODAY
                         NORMAL    RECORD    YEAR
 MAXIMUM TEMPERATURE (F)   35        65      1874
 MINIMUM TEMPERATURE (F)   22       -16      1879


SUNRISE AND SUNSET
JANUARY  3 2018.......SUNRISE   754 AM EST   SUNSET   510 PM EST
JANUARY  4 2018.......SUNRISE   754 AM EST   SUNSET   511 PM EST


-  INDICATES NEGATIVE NUMBERS.
R  INDICATES RECORD WAS SET OR TIED.
MM INDICATES DATA IS MISSING.
T  INDICATES TRACE AMOUNT.




$$
