414
CDUS41 KCLE 190535
CLICLE


CLIMATE REPORT
NATIONAL WEATHER SERVICE CLEVELAND OH
135 AM EDT TUE APR 19 2016


...................................

...THE CLEVELAND OH CLIMATE SUMMARY FOR APRIL 18 2016...

CLIMATE NORMAL PERIOD 1981 TO 2010
CLIMATE RECORD PERIOD 1871 TO 2016


WEATHER ITEM   OBSERVED TIME   RECORD YEAR NORMAL DEPARTURE LAST
                VALUE   (LST)  VALUE       VALUE  FROM      YEAR
                                                  NORMAL
..................................................................
TEMPERATURE (F)
 YESTERDAY
  MAXIMUM         79    340 PM  85    1896  60     19       72
  MINIMUM         43    536 AM  17    1875  41      2       48
  AVERAGE         61                        51     10       60

PRECIPITATION (IN)
  YESTERDAY        0.00                      0.11  -0.11     0.00
  MONTH TO DATE    2.66                      2.18   0.48     2.27
  SINCE MAR 1      6.83                      5.11   1.72     4.24
  SINCE JAN 1     11.42                     10.17   1.25     9.04

SNOWFALL (IN)
  YESTERDAY        0.0                       0.1   -0.1      0.0
  MONTH TO DATE    7.8                       2.9    4.9      0.1
  SINCE MAR 1     11.0                      15.5   -4.5      4.9
  SINCE JUL 1     32.8                      67.7  -34.9     66.3
  SNOW DEPTH       0

DEGREE DAYS
 HEATING
  YESTERDAY        4                        15    -11        5
  MONTH TO DATE  375                       319     56      225
  SINCE MAR 1    998                      1145   -147     1180
  SINCE JUL 1   4589                      5362   -773     6130

 COOLING
  YESTERDAY        0                         0      0        0
  MONTH TO DATE    0                         0      0        1
  SINCE MAR 1      0                         1     -1        1
  SINCE JAN 1      0                         1     -1        1
..................................................................


WIND (MPH)
  HIGHEST WIND SPEED    15   HIGHEST WIND DIRECTION    NW (320)
  HIGHEST GUST SPEED    19   HIGHEST GUST DIRECTION    NW (310)
  AVERAGE WIND SPEED     4.1


SKY COVER
  POSSIBLE SUNSHINE  MM
  AVERAGE SKY COVER 0.5


WEATHER CONDITIONS
 THE FOLLOWING WEATHER WAS RECORDED YESTERDAY.
  NO SIGNIFICANT WEATHER WAS OBSERVED.


RELATIVE HUMIDITY (PERCENT)
 HIGHEST    76           400 AM
 LOWEST     21          1100 AM
 AVERAGE    49

..........................................................


THE CLEVELAND OH CLIMATE NORMALS FOR TODAY
                         NORMAL    RECORD    YEAR
 MAXIMUM TEMPERATURE (F)   61        84      1958
 MINIMUM TEMPERATURE (F)   42        22      1887


SUNRISE AND SUNSET
APRIL 19 2016.........SUNRISE   641 AM EDT   SUNSET   813 PM EDT
APRIL 20 2016.........SUNRISE   639 AM EDT   SUNSET   814 PM EDT


-  INDICATES NEGATIVE NUMBERS.
R  INDICATES RECORD WAS SET OR TIED.
MM INDICATES DATA IS MISSING.
T  INDICATES TRACE AMOUNT.




$$
