052
CDUS41 KCLE 160701
CLICLE


CLIMATE REPORT
NATIONAL WEATHER SERVICE CLEVELAND OH
301 AM EDT THU MAR 16 2017


...................................

...THE CLEVELAND OH CLIMATE SUMMARY FOR MARCH 15 2017...

CLIMATE NORMAL PERIOD 1981 TO 2010
CLIMATE RECORD PERIOD 1871 TO 2017


WEATHER ITEM   OBSERVED TIME   RECORD YEAR NORMAL DEPARTURE LAST
                VALUE   (LST)  VALUE       VALUE  FROM      YEAR
                                                  NORMAL
..................................................................
TEMPERATURE (F)
 YESTERDAY
  MAXIMUM         31    936 PM  80    1990  46    -15       56
  MINIMUM         20    111 AM   3    1993  30    -10       46
  AVERAGE         26                        38    -12       51

PRECIPITATION (IN)
  YESTERDAY        0.02                      0.09  -0.07     0.07
  MONTH TO DATE    2.00                      1.30   0.70     2.73
  SINCE MAR 1      2.00                      1.30   0.70     2.73
  SINCE JAN 1      9.46                      6.36   3.10     7.32

SNOWFALL (IN)
  YESTERDAY        0.2                       0.4   -0.2      0.0
  MONTH TO DATE    8.5                       7.0    1.5      3.2
  SINCE MAR 1      8.5                       7.0    1.5      3.2
  SINCE JUL 1     33.7                      59.2  -25.5     25.0
  SNOW DEPTH       1

DEGREE DAYS
 HEATING
  YESTERDAY       39                        27     12       14
  MONTH TO DATE  458                       439     19      323
  SINCE MAR 1    458                       439     19      323
  SINCE JUL 1   3769                      4656   -887     3914

 COOLING
  YESTERDAY        0                         0      0        0
  MONTH TO DATE    0                         0      0        0
  SINCE MAR 1      0                         0      0        0
  SINCE JAN 1      0                         0      0        0
..................................................................


WIND (MPH)
  HIGHEST WIND SPEED    29   HIGHEST WIND DIRECTION     W (280)
  HIGHEST GUST SPEED    39   HIGHEST GUST DIRECTION    NW (320)
  AVERAGE WIND SPEED    19.1


SKY COVER
  POSSIBLE SUNSHINE  MM
  AVERAGE SKY COVER 0.7


WEATHER CONDITIONS
 THE FOLLOWING WEATHER WAS RECORDED YESTERDAY.
  LIGHT SNOW


RELATIVE HUMIDITY (PERCENT)
 HIGHEST    62          1200 AM
 LOWEST     39           300 PM
 AVERAGE    51

..........................................................


THE CLEVELAND OH CLIMATE NORMALS FOR TODAY
                         NORMAL    RECORD    YEAR
 MAXIMUM TEMPERATURE (F)   46        78      1945
 MINIMUM TEMPERATURE (F)   30         7      1885


SUNRISE AND SUNSET
MARCH 16 2017.........SUNRISE   737 AM EDT   SUNSET   735 PM EDT
MARCH 17 2017.........SUNRISE   735 AM EDT   SUNSET   737 PM EDT


-  INDICATES NEGATIVE NUMBERS.
R  INDICATES RECORD WAS SET OR TIED.
MM INDICATES DATA IS MISSING.
T  INDICATES TRACE AMOUNT.




$$
