000
CDUS41 KCLE 310529
CLICLE


CLIMATE REPORT
NATIONAL WEATHER SERVICE CLEVELAND OH
128 AM EDT MON MAR 31 2014


...................................

...THE CLEVELAND OH CLIMATE SUMMARY FOR MARCH 30 2014...

CLIMATE NORMAL PERIOD 1981 TO 2010
CLIMATE RECORD PERIOD 1871 TO 2014


WEATHER ITEM   OBSERVED TIME   RECORD YEAR NORMAL DEPARTURE LAST
                VALUE   (LST)  VALUE       VALUE  FROM      YEAR
                                                  NORMAL
..................................................................
TEMPERATURE (F)
 YESTERDAY
  MAXIMUM         42    558 PM  82    1986  52    -10       56
  MINIMUM         28   1139 PM  16    1887  35     -7       26
  AVERAGE         35                        44     -9       41

PRECIPITATION (IN)
  YESTERDAY        T                         0.11  -0.11     0.00
  MONTH TO DATE    2.20                      2.82  -0.62     2.21
  SINCE MAR 1      2.20                      2.82  -0.62     2.21
  SINCE JAN 1      7.23                      7.88  -0.65     6.68

SNOWFALL (IN)
  YESTERDAY        T                         0.2   -0.2      0.0
  MONTH TO DATE   15.1                      12.3    2.8     10.7
  SINCE MAR 1     15.1                      12.3    2.8     10.7
  SINCE JUL 1     84.8                      64.5   20.3     51.4
  SNOW DEPTH       5

DEGREE DAYS
 HEATING
  YESTERDAY       30                        22      8       24
  MONTH TO DATE  986                       803    183      942
  SINCE MAR 1    986                       803    183      942
  SINCE JUL 1   5667                      5020    647     5121

 COOLING
  YESTERDAY        0                         0      0        0
  MONTH TO DATE    0                         0      0        0
  SINCE MAR 1      0                         0      0        0
  SINCE JAN 1      0                         0      0        0
..................................................................


WIND (MPH)
  HIGHEST WIND SPEED    20   HIGHEST WIND DIRECTION    NW (330)
  HIGHEST GUST SPEED    28   HIGHEST GUST DIRECTION     N (340)
  AVERAGE WIND SPEED    11.6


SKY COVER
  POSSIBLE SUNSHINE  MM
  AVERAGE SKY COVER 0.5


WEATHER CONDITIONS
 THE FOLLOWING WEATHER WAS RECORDED YESTERDAY.
  LIGHT SNOW
  BLOWING SNOW


RELATIVE HUMIDITY (PERCENT)
 HIGHEST    89          1200 AM
 LOWEST     44           700 PM
 AVERAGE    67

..........................................................


THE CLEVELAND OH CLIMATE NORMALS FOR TODAY
                         NORMAL    RECORD    YEAR
 MAXIMUM TEMPERATURE (F)   53        80      1998
 MINIMUM TEMPERATURE (F)   35        11      1923


SUNRISE AND SUNSET
MARCH 31 2014.........SUNRISE   712 AM EDT   SUNSET   752 PM EDT
APRIL  1 2014.........SUNRISE   711 AM EDT   SUNSET   753 PM EDT


-  INDICATES NEGATIVE NUMBERS.
R  INDICATES RECORD WAS SET OR TIED.
MM INDICATES DATA IS MISSING.
T  INDICATES TRACE AMOUNT.




$$
