000
CDUS41 KCLE 162123
CLICLE


CLIMATE REPORT
NATIONAL WEATHER SERVICE CLEVELAND OH
522 PM EDT THU JUL 16 2015


...................................

...THE CLEVELAND OH CLIMATE SUMMARY FOR JULY 16 2015...
VALID TODAY AS OF 0500 PM LOCAL TIME.

CLIMATE NORMAL PERIOD 1981 TO 2010
CLIMATE RECORD PERIOD 1871 TO 2015


WEATHER ITEM   OBSERVED TIME   RECORD YEAR NORMAL DEPARTURE LAST
                VALUE   (LST)  VALUE       VALUE  FROM      YEAR
                                                  NORMAL
..................................................................
TEMPERATURE (F)
 TODAY
  MAXIMUM         78    155 PM 100    1988  83     -5       67
  MINIMUM         52    416 AM  50    1954  65    -13       55
  AVERAGE         65                        74     -9       61

PRECIPITATION (IN)
  TODAY            0.00                      0.11  -0.11     0.14
  MONTH TO DATE    2.48                      1.73   0.75     1.38
  SINCE JUN 1     11.00                      5.16   5.84     7.64
  SINCE JAN 1     24.63                     20.30   4.33    23.91

SNOWFALL (IN)
  TODAY            0.0                       0.0    0.0      0.0
  MONTH TO DATE    0.0                       0.0    0.0      0.0
  SINCE JUN 1      0.0                       0.0    0.0      0.0
  SINCE JUL 1      0.0                       0.0    0.0      0.0
  SNOW DEPTH       0

DEGREE DAYS
 HEATING
  TODAY            0                         0      0        4
  MONTH TO DATE    3                         0      3        6
  SINCE JUN 1     33                        42     -9       26
  SINCE JUL 1      3                         0      3        6

 COOLING
  TODAY            0                         9     -9        0
  MONTH TO DATE   59                       139    -80      103
  SINCE JUN 1    206                       307   -101      285
  SINCE JAN 1    327                       366    -39      351
..................................................................


WIND (MPH)
  HIGHEST WIND SPEED    14   HIGHEST WIND DIRECTION    SE (120)
  HIGHEST GUST SPEED    17   HIGHEST GUST DIRECTION     E (100)


SKY COVER
  POSSIBLE SUNSHINE  MM
  AVERAGE SKY COVER 0.2


WEATHER CONDITIONS
 THE FOLLOWING WEATHER WAS RECORDED TODAY.
  NO SIGNIFICANT WEATHER WAS OBSERVED.


RELATIVE HUMIDITY (PERCENT)
 HIGHEST    93          1200 AM
 LOWEST     41           100 PM
 AVERAGE    67

..........................................................


THE CLEVELAND OH CLIMATE NORMALS FOR TOMORROW
                         NORMAL    RECORD    YEAR
 MAXIMUM TEMPERATURE (F)   83        98      2012
 MINIMUM TEMPERATURE (F)   65        49      1946


SUNRISE AND SUNSET
JULY 16 2015..........SUNRISE   608 AM EDT   SUNSET   859 PM EDT
JULY 17 2015..........SUNRISE   608 AM EDT   SUNSET   858 PM EDT


-  INDICATES NEGATIVE NUMBERS.
R  INDICATES RECORD WAS SET OR TIED.
MM INDICATES DATA IS MISSING.
T  INDICATES TRACE AMOUNT.




$$
