000
CDUS41 KCLE 290545
CLICLE


CLIMATE REPORT
NATIONAL WEATHER SERVICE CLEVELAND OH
145 AM EDT FRI SEP 29 2017


...................................

...THE CLEVELAND OH CLIMATE SUMMARY FOR SEPTEMBER 28 2017...

CLIMATE NORMAL PERIOD 1981 TO 2010
CLIMATE RECORD PERIOD 1871 TO 2017


WEATHER ITEM   OBSERVED TIME   RECORD YEAR NORMAL DEPARTURE LAST
                VALUE   (LST)  VALUE       VALUE  FROM      YEAR
                                                  NORMAL
..................................................................
TEMPERATURE (F)
 YESTERDAY
  MAXIMUM         69    146 PM  89    1959  69      0       66
  MINIMUM         51   1159 PM  34    1984  51      0       56
                                      1942
  AVERAGE         60                        60      0       61

PRECIPITATION (IN)
  YESTERDAY        0.00                      0.12  -0.12     0.26
  MONTH TO DATE    0.81                      3.56  -2.75     3.93
  SINCE SEP 1      0.81                      3.56  -2.75     3.93
  SINCE JAN 1     32.44                     29.10   3.34    27.30

SNOWFALL (IN)
  YESTERDAY        0.0                       0.0    0.0      0.0
  MONTH TO DATE    0.0                       0.0    0.0      0.0
  SINCE SEP 1      0.0                       0.0    0.0      0.0
  SINCE JUL 1      0.0                       0.0    0.0      0.0
  SNOW DEPTH       0

DEGREE DAYS
 HEATING
  YESTERDAY        5                         6     -1        4
  MONTH TO DATE   33                        77    -44        7
  SINCE SEP 1     33                        77    -44        7
  SINCE JUL 1     35                        89    -54        7

 COOLING
  YESTERDAY        0                         1     -1        0
  MONTH TO DATE  177                        85     92      185
  SINCE SEP 1    177                        85     92      185
  SINCE JAN 1   1068                       800    268     1269
..................................................................


WIND (MPH)
  HIGHEST WIND SPEED    22   HIGHEST WIND DIRECTION     N (360)
  HIGHEST GUST SPEED    31   HIGHEST GUST DIRECTION    NW (330)
  AVERAGE WIND SPEED    10.5


SKY COVER
  POSSIBLE SUNSHINE  MM
  AVERAGE SKY COVER 0.6


WEATHER CONDITIONS
 THE FOLLOWING WEATHER WAS RECORDED YESTERDAY.
  NO SIGNIFICANT WEATHER WAS OBSERVED.


RELATIVE HUMIDITY (PERCENT)
 HIGHEST    77          1100 PM
 LOWEST     45          1100 AM
 AVERAGE    61

..........................................................


THE CLEVELAND OH CLIMATE NORMALS FOR TODAY
                         NORMAL    RECORD    YEAR
 MAXIMUM TEMPERATURE (F)   69        95      1953
 MINIMUM TEMPERATURE (F)   51        32      1942


SUNRISE AND SUNSET
SEPTEMBER 29 2017.....SUNRISE   722 AM EDT   SUNSET   712 PM EDT
SEPTEMBER 30 2017.....SUNRISE   723 AM EDT   SUNSET   710 PM EDT


-  INDICATES NEGATIVE NUMBERS.
R  INDICATES RECORD WAS SET OR TIED.
MM INDICATES DATA IS MISSING.
T  INDICATES TRACE AMOUNT.




$$
