000
CDUS41 KCLE 042120
CLICLE


CLIMATE REPORT
NATIONAL WEATHER SERVICE CLEVELAND OH
520 PM EDT SUN JUN 4 2017


...................................

...THE CLEVELAND OH CLIMATE SUMMARY FOR JUNE 4 2017...
VALID TODAY AS OF 0500 PM LOCAL TIME.

CLIMATE NORMAL PERIOD 1981 TO 2010
CLIMATE RECORD PERIOD 1871 TO 2017


WEATHER ITEM   OBSERVED TIME   RECORD YEAR NORMAL DEPARTURE LAST
                VALUE   (LST)  VALUE       VALUE  FROM      YEAR
                                                  NORMAL
..................................................................
TEMPERATURE (F)
 TODAY
  MAXIMUM         88    329 PM  93    2011  75     13       81
                                      1925
  MINIMUM         69   1030 AM  40    1947  56     13       62
  AVERAGE         79                        66     13       72

PRECIPITATION (IN)
  TODAY            0.05                      0.11  -0.06     0.01
  MONTH TO DATE    0.05                      0.46  -0.41     0.02
  SINCE JUN 1      0.05                      0.46  -0.41     0.02
  SINCE JAN 1     22.11                     15.60   6.51    15.95

SNOWFALL (IN)
  TODAY            0.0                       0.0    0.0      0.0
  MONTH TO DATE    0.0                       0.0    0.0      0.0
  SINCE JUN 1      0.0                       0.0    0.0      0.0
  SINCE JUL 1     37.3                      68.1  -30.8     32.8
  SNOW DEPTH       0

DEGREE DAYS
 HEATING
  TODAY            0                         3     -3        0
  MONTH TO DATE    2                        12    -10        0
  SINCE JUN 1      2                        12    -10        0
  SINCE JUL 1   4552                      5732  -1180     4946

 COOLING
  TODAY           14                         4     10        7
  MONTH TO DATE   19                        14      5       33
  SINCE JUN 1     19                        14      5       33
  SINCE JAN 1    107                        73     34      114
..................................................................


WIND (MPH)
  HIGHEST WIND SPEED    20   HIGHEST WIND DIRECTION    NW (310)
  HIGHEST GUST SPEED    28   HIGHEST GUST DIRECTION     W (280)


SKY COVER
  POSSIBLE SUNSHINE  MM
  AVERAGE SKY COVER 0.9


WEATHER CONDITIONS
 THE FOLLOWING WEATHER WAS RECORDED TODAY.
  THUNDERSTORM
  LIGHT RAIN


RELATIVE HUMIDITY (PERCENT)
 HIGHEST    64          1200 PM
 LOWEST     41           200 AM
 AVERAGE    53

..........................................................


THE CLEVELAND OH CLIMATE NORMALS FOR TOMORROW
                         NORMAL    RECORD    YEAR
 MAXIMUM TEMPERATURE (F)   76        93      1925
 MINIMUM TEMPERATURE (F)   57        38      1990


SUNRISE AND SUNSET
JUNE  4 2017..........SUNRISE   555 AM EDT   SUNSET   857 PM EDT
JUNE  5 2017..........SUNRISE   555 AM EDT   SUNSET   858 PM EDT


-  INDICATES NEGATIVE NUMBERS.
R  INDICATES RECORD WAS SET OR TIED.
MM INDICATES DATA IS MISSING.
T  INDICATES TRACE AMOUNT.




$$
