000
CDUS41 KCLE 112217
CLICLE


CLIMATE REPORT
NATIONAL WEATHER SERVICE CLEVELAND OH
516 PM EST THU DEC 11 2014


...................................

...THE CLEVELAND OH CLIMATE SUMMARY FOR DECEMBER 11 2014...
VALID TODAY AS OF 0500 PM LOCAL TIME.

CLIMATE NORMAL PERIOD 1981 TO 2010
CLIMATE RECORD PERIOD 1871 TO 2014


WEATHER ITEM   OBSERVED TIME   RECORD YEAR NORMAL DEPARTURE LAST
                VALUE   (LST)  VALUE       VALUE  FROM      YEAR
                                                  NORMAL
..................................................................
TEMPERATURE (F)
 TODAY
  MAXIMUM         35    353 PM  64    1931  39     -4       26
  MINIMUM         24    933 AM  -2    1977  28     -4       18
  AVERAGE         30                        34     -4       22

PRECIPITATION (IN)
  TODAY            T                         0.10  -0.10     0.17
  MONTH TO DATE    0.96                      1.14  -0.18     0.38
  SINCE DEC 1      0.96                      1.14  -0.18     0.38
  SINCE JAN 1     43.06                     37.18   5.88    38.13

SNOWFALL (IN)
  TODAY            T                         0.4   -0.4      2.9
  MONTH TO DATE    T                         4.0   -4.0      5.1
  SINCE DEC 1      T                         4.0   -4.0      5.1
  SINCE JUL 1     19.4                       8.5   10.9      9.8
  SNOW DEPTH       0

DEGREE DAYS
 HEATING
  TODAY           35                        31      4       43
  MONTH TO DATE  333                       324      9      334
  SINCE DEC 1    333                       324      9      334
  SINCE JUL 1   1667                      1419    248     1483

 COOLING
  TODAY            0                         0      0        0
  MONTH TO DATE    0                         0      0        0
  SINCE DEC 1      0                         0      0        0
  SINCE JAN 1    657                       817   -160      889
..................................................................


WIND (MPH)
  HIGHEST WIND SPEED    25   HIGHEST WIND DIRECTION     W (280)
  HIGHEST GUST SPEED    32   HIGHEST GUST DIRECTION     W (270)


SKY COVER
  POSSIBLE SUNSHINE  MM
  AVERAGE SKY COVER 0.9


WEATHER CONDITIONS
 THE FOLLOWING WEATHER WAS RECORDED TODAY.
  LIGHT SNOW


RELATIVE HUMIDITY (PERCENT)
 HIGHEST    81           900 AM
 LOWEST     44           400 PM
 AVERAGE    63

..........................................................


THE CLEVELAND OH CLIMATE NORMALS FOR TOMORROW
                         NORMAL    RECORD    YEAR
 MAXIMUM TEMPERATURE (F)   39        63      1949
 MINIMUM TEMPERATURE (F)   27        -1      1962


SUNRISE AND SUNSET
DECEMBER 11 2014......SUNRISE   743 AM EST   SUNSET   458 PM EST
DECEMBER 12 2014......SUNRISE   744 AM EST   SUNSET   458 PM EST


-  INDICATES NEGATIVE NUMBERS.
R  INDICATES RECORD WAS SET OR TIED.
MM INDICATES DATA IS MISSING.
T  INDICATES TRACE AMOUNT.




$$
