000
CDUS41 KCLE 120546
CLICLE


CLIMATE REPORT
NATIONAL WEATHER SERVICE CLEVELAND OH
145 AM EDT TUE MAY 12 2015


...................................

...THE CLEVELAND OH CLIMATE SUMMARY FOR MAY 11 2015...

CLIMATE NORMAL PERIOD 1981 TO 2010
CLIMATE RECORD PERIOD 1871 TO 2015


WEATHER ITEM   OBSERVED TIME   RECORD YEAR NORMAL DEPARTURE LAST
                VALUE   (LST)  VALUE       VALUE  FROM      YEAR
                                                  NORMAL
..................................................................
TEMPERATURE (F)
 YESTERDAY
  MAXIMUM         88R   307 PM  87    1881  68     20       79
  MINIMUM         65   1159 PM  33    1977  49     16       51
                                      1966
  AVERAGE         77                        58     19       65

PRECIPITATION (IN)
  YESTERDAY        0.85                      0.11   0.74     0.00
  MONTH TO DATE    0.94                      1.22  -0.28     0.28
  SINCE MAR 1      5.68                      7.64  -1.96     7.44
  SINCE JAN 1     10.48                     12.70  -2.22    12.47

SNOWFALL (IN)
  YESTERDAY        0.0                       0.0    0.0      0.0
  MONTH TO DATE    0.0                       0.1   -0.1      0.0
  SINCE MAR 1      5.7                      16.0  -10.3     16.4
  SINCE JUL 1     67.1                      68.2   -1.1     86.1
  SNOW DEPTH       0

DEGREE DAYS
 HEATING
  YESTERDAY        0                         8     -8        0
  MONTH TO DATE   31                       100    -69       85
  SINCE MAR 1   1436                      1394     42     1519
  SINCE JUL 1   6386                      5611    775     6200

 COOLING
  YESTERDAY       12                         1     11        0
  MONTH TO DATE   50                        11     39       16
  SINCE MAR 1     51                        22     29       23
  SINCE JAN 1     51                        22     29       23
..................................................................


WIND (MPH)
  HIGHEST WIND SPEED    28   HIGHEST WIND DIRECTION     W (250)
  HIGHEST GUST SPEED    35   HIGHEST GUST DIRECTION     W (260)
  AVERAGE WIND SPEED    10.1


SKY COVER
  POSSIBLE SUNSHINE  MM
  AVERAGE SKY COVER 0.6


WEATHER CONDITIONS
 THE FOLLOWING WEATHER WAS RECORDED YESTERDAY.
  THUNDERSTORM
  HEAVY RAIN
  LIGHT RAIN
  FOG


RELATIVE HUMIDITY (PERCENT)
 HIGHEST    87          1200 AM
 LOWEST     36           300 PM
 AVERAGE    62

..........................................................


THE CLEVELAND OH CLIMATE NORMALS FOR TODAY
                         NORMAL    RECORD    YEAR
 MAXIMUM TEMPERATURE (F)   68        89      1881
 MINIMUM TEMPERATURE (F)   49        32      1976


SUNRISE AND SUNSET
MAY 12 2015...........SUNRISE   612 AM EDT   SUNSET   836 PM EDT
MAY 13 2015...........SUNRISE   611 AM EDT   SUNSET   837 PM EDT


-  INDICATES NEGATIVE NUMBERS.
R  INDICATES RECORD WAS SET OR TIED.
MM INDICATES DATA IS MISSING.
T  INDICATES TRACE AMOUNT.




$$
