000
CDUS41 KCLE 072116
CLICLE


CLIMATE REPORT
NATIONAL WEATHER SERVICE CLEVELAND OH
515 PM EDT SAT MAY 7 2016


...................................

...THE CLEVELAND OH CLIMATE SUMMARY FOR MAY 7 2016...
VALID TODAY AS OF 0500 PM LOCAL TIME.

CLIMATE NORMAL PERIOD 1981 TO 2010
CLIMATE RECORD PERIOD 1871 TO 2016


WEATHER ITEM   OBSERVED TIME   RECORD YEAR NORMAL DEPARTURE LAST
                VALUE   (LST)  VALUE       VALUE  FROM      YEAR
                                                  NORMAL
..................................................................
TEMPERATURE (F)
 TODAY
  MAXIMUM         73    234 PM  86    1936  67      6       82
                                      1889
                                      1880
  MINIMUM         43    321 AM  28    1970  47     -4       52
  AVERAGE         58                        57      1       67

PRECIPITATION (IN)
  TODAY            T                         0.11  -0.11     0.00
  MONTH TO DATE    1.16                      0.78   0.38     0.08
  SINCE MAR 1      9.19                      7.20   1.99     4.82
  SINCE JAN 1     13.78                     12.26   1.52     9.62

SNOWFALL (IN)
  TODAY            0.0                       0.0    0.0      0.0
  MONTH TO DATE    0.0                       0.1   -0.1      0.0
  SINCE MAR 1     11.0                      16.0   -5.0      5.7
  SINCE JUL 1     32.8                      68.2  -35.4     67.1
  SNOW DEPTH       0

DEGREE DAYS
 HEATING
  TODAY            7                         9     -2        0
  MONTH TO DATE   75                        67      8       31
  SINCE MAR 1   1218                      1361   -143     1436
  SINCE JUL 1   4809                      5578   -769     6386

 COOLING
  TODAY            0                         1     -1        2
  MONTH TO DATE    0                         7     -7        7
  SINCE MAR 1      0                        18    -18        8
  SINCE JAN 1      0                        18    -18        8
..................................................................


WIND (MPH)
  HIGHEST WIND SPEED    21   HIGHEST WIND DIRECTION     S (180)
  HIGHEST GUST SPEED    26   HIGHEST GUST DIRECTION     S (170)


SKY COVER
  POSSIBLE SUNSHINE  MM
  AVERAGE SKY COVER 0.5


WEATHER CONDITIONS
 THE FOLLOWING WEATHER WAS RECORDED TODAY.
  LIGHT RAIN


RELATIVE HUMIDITY (PERCENT)
 HIGHEST    83           600 AM
 LOWEST     35          1200 PM
 AVERAGE    59

..........................................................


THE CLEVELAND OH CLIMATE NORMALS FOR TOMORROW
                         NORMAL    RECORD    YEAR
 MAXIMUM TEMPERATURE (F)   67        89      2015
 MINIMUM TEMPERATURE (F)   48        30      1976


SUNRISE AND SUNSET
MAY  7 2016...........SUNRISE   617 AM EDT   SUNSET   832 PM EDT
MAY  8 2016...........SUNRISE   615 AM EDT   SUNSET   833 PM EDT


-  INDICATES NEGATIVE NUMBERS.
R  INDICATES RECORD WAS SET OR TIED.
MM INDICATES DATA IS MISSING.
T  INDICATES TRACE AMOUNT.




$$
