000
CDUS41 KCLE 112218
CLICLE


CLIMATE REPORT
NATIONAL WEATHER SERVICE CLEVELAND OH
517 PM EST TUE NOV 11 2014


...................................

...THE CLEVELAND OH CLIMATE SUMMARY FOR NOVEMBER 11 2014...
VALID TODAY AS OF 0500 PM LOCAL TIME.

CLIMATE NORMAL PERIOD 1981 TO 2010
CLIMATE RECORD PERIOD 1871 TO 2014


WEATHER ITEM   OBSERVED TIME   RECORD YEAR NORMAL DEPARTURE LAST
                VALUE   (LST)  VALUE       VALUE  FROM      YEAR
                                                  NORMAL
..................................................................
TEMPERATURE (F)
 TODAY
  MAXIMUM         66    202 PM  73    1915  53     13       49
  MINIMUM         49    413 AM  21    1957  39     10       31
  AVERAGE         58                        46     12       40

PRECIPITATION (IN)
  TODAY            0.00                      0.12  -0.12     0.56
  MONTH TO DATE    1.39                      1.29   0.10     1.65
  SINCE SEP 1      8.70                      8.17   0.53     8.31
  SINCE JAN 1     39.81                     33.71   6.10    36.52

SNOWFALL (IN)
  TODAY            0.0                       0.1   -0.1      2.3
  MONTH TO DATE    T                         0.9   -0.9      2.4
  SINCE SEP 1      T                         1.1   -1.1      2.4
  SINCE JUL 1      T                         1.1   -1.1      2.4
  SNOW DEPTH       0

DEGREE DAYS
 HEATING
  TODAY            7                        19    -12       25
  MONTH TO DATE  208                       194     14      209
  SINCE SEP 1    683                       642     41      613
  SINCE JUL 1    708                       654     54      620

 COOLING
  TODAY            0                         0      0        0
  MONTH TO DATE    0                         0      0        0
  SINCE SEP 1     67                       101    -34      127
  SINCE JAN 1    657                       816   -159      889
..................................................................


WIND (MPH)
  HIGHEST WIND SPEED    28   HIGHEST WIND DIRECTION    SW (210)
  HIGHEST GUST SPEED    36   HIGHEST GUST DIRECTION    SW (210)


SKY COVER
  POSSIBLE SUNSHINE  MM
  AVERAGE SKY COVER 0.4


WEATHER CONDITIONS
 THE FOLLOWING WEATHER WAS RECORDED TODAY.
  NO SIGNIFICANT WEATHER WAS OBSERVED.


RELATIVE HUMIDITY (PERCENT)
 HIGHEST    56           300 PM
 LOWEST     38           100 AM
 AVERAGE    47

..........................................................


THE CLEVELAND OH CLIMATE NORMALS FOR TOMORROW
                         NORMAL    RECORD    YEAR
 MAXIMUM TEMPERATURE (F)   53        74      1949
 MINIMUM TEMPERATURE (F)   38        18      1911


SUNRISE AND SUNSET
NOVEMBER 11 2014......SUNRISE   711 AM EST   SUNSET   511 PM EST
NOVEMBER 12 2014......SUNRISE   712 AM EST   SUNSET   510 PM EST


-  INDICATES NEGATIVE NUMBERS.
R  INDICATES RECORD WAS SET OR TIED.
MM INDICATES DATA IS MISSING.
T  INDICATES TRACE AMOUNT.




$$
