000
CDUS41 KCLE 312212
CLICLE


CLIMATE REPORT
NATIONAL WEATHER SERVICE CLEVELAND OH
511 PM EST SAT DEC 31 2016


...................................

...THE CLEVELAND OH CLIMATE SUMMARY FOR DECEMBER 31 2016...
VALID TODAY AS OF 0500 PM LOCAL TIME.

CLIMATE NORMAL PERIOD 1981 TO 2010
CLIMATE RECORD PERIOD 1871 TO 2016


WEATHER ITEM   OBSERVED TIME   RECORD YEAR NORMAL DEPARTURE LAST
                VALUE   (LST)  VALUE       VALUE  FROM      YEAR
                                                  NORMAL
..................................................................
TEMPERATURE (F)
 TODAY
  MAXIMUM         43    359 PM  68    1875  35      8       33
  MINIMUM         29    231 AM -11    1976  23      6       30
  AVERAGE         36                        29      7       32

PRECIPITATION (IN)
  TODAY            T                         0.10  -0.10      T
  MONTH TO DATE    2.65                      3.10  -0.45     2.96
  SINCE DEC 1      2.65                      3.10  -0.45     2.96
  SINCE JAN 1     36.47                     39.14  -2.67    40.07

SNOWFALL (IN)
  TODAY            T                         0.6   -0.6       T
  MONTH TO DATE    9.6                      14.1   -4.5      0.3
  SINCE DEC 1      9.6                      14.1   -4.5      0.3
  SINCE JUL 1     10.5                      18.6   -8.1      1.2
  SNOW DEPTH       1

DEGREE DAYS
 HEATING
  TODAY           29                        36     -7       33
  MONTH TO DATE 1007                      1011     -4      647
  SINCE DEC 1   1007                      1012     -5      647
  SINCE JUL 1   1723                      2107   -384     1512

 COOLING
  TODAY            0                         0      0        0
  MONTH TO DATE    0                         0      0        0
  SINCE DEC 1      0                         0      0        0
  SINCE JAN 1   1320                       817    503      831
..................................................................


WIND (MPH)
  HIGHEST WIND SPEED    26   HIGHEST WIND DIRECTION     S (190)
  HIGHEST GUST SPEED    34   HIGHEST GUST DIRECTION     S (190)


SKY COVER
  POSSIBLE SUNSHINE  MM
  AVERAGE SKY COVER 0.6


WEATHER CONDITIONS
 THE FOLLOWING WEATHER WAS RECORDED TODAY.
  NO SIGNIFICANT WEATHER WAS OBSERVED.


RELATIVE HUMIDITY (PERCENT)
 HIGHEST    63          1200 AM
 LOWEST     43           100 PM
 AVERAGE    53

..........................................................


THE CLEVELAND OH CLIMATE NORMALS FOR TOMORROW
                         NORMAL    RECORD    YEAR
 MAXIMUM TEMPERATURE (F)   35        69      1876
 MINIMUM TEMPERATURE (F)   22        -4      1968


SUNRISE AND SUNSET
DECEMBER 31 2016......SUNRISE   753 AM EST   SUNSET   508 PM EST
JANUARY  1 2017.......SUNRISE   754 AM EST   SUNSET   509 PM EST


-  INDICATES NEGATIVE NUMBERS.
R  INDICATES RECORD WAS SET OR TIED.
MM INDICATES DATA IS MISSING.
T  INDICATES TRACE AMOUNT.




$$
