000
CDUS41 KCLE 300527
CLICLE


CLIMATE REPORT
NATIONAL WEATHER SERVICE CLEVELAND OH
1226 AM EST SAT JAN 30 2016


...................................

...THE CLEVELAND OH CLIMATE SUMMARY FOR JANUARY 29 2016...

CLIMATE NORMAL PERIOD 1981 TO 2010
CLIMATE RECORD PERIOD 1871 TO 2016


WEATHER ITEM   OBSERVED TIME   RECORD YEAR NORMAL DEPARTURE LAST
                VALUE   (LST)  VALUE       VALUE  FROM      YEAR
                                                  NORMAL
..................................................................
TEMPERATURE (F)
 YESTERDAY
  MAXIMUM         33   1228 AM  65    1914  35     -2       37
  MINIMUM         19    932 PM -17    1873  22     -3       25
  AVERAGE         26                        28     -2       31

PRECIPITATION (IN)
  YESTERDAY        0.04                      0.08  -0.04     0.19
  MONTH TO DATE    1.32                      2.57  -1.25     2.92
  SINCE DEC 1      4.28                      5.67  -1.39     4.87
  SINCE JAN 1      1.32                      2.57  -1.25     2.92

SNOWFALL (IN)
  YESTERDAY        0.4                       0.6   -0.2      0.8
  MONTH TO DATE    7.6                      17.5   -9.9     14.9
  SINCE DEC 1      7.9                      31.6  -23.7     15.8
  SINCE JUL 1      8.8                      36.1  -27.3     35.2
  SNOW DEPTH       T

DEGREE DAYS
 HEATING
  YESTERDAY       39                        37      2       34
  MONTH TO DATE 1097                      1072     25     1202
  SINCE DEC 1   1744                      2084   -340     2109
  SINCE JUL 1   2609                      3179   -570     3443

 COOLING
  YESTERDAY        0                         0      0        0
  MONTH TO DATE    0                         0      0        0
  SINCE DEC 1      0                         0      0        0
  SINCE JAN 1      0                         0      0        0
..................................................................


WIND (MPH)
  HIGHEST WIND SPEED    23   HIGHEST WIND DIRECTION    NW (320)
  HIGHEST GUST SPEED    32   HIGHEST GUST DIRECTION    NW (320)
  AVERAGE WIND SPEED    12.2


SKY COVER
  POSSIBLE SUNSHINE  MM
  AVERAGE SKY COVER 0.7


WEATHER CONDITIONS
 THE FOLLOWING WEATHER WAS RECORDED YESTERDAY.
  LIGHT SNOW
  FOG


RELATIVE HUMIDITY (PERCENT)
 HIGHEST    82          1200 AM
 LOWEST     58           500 PM
 AVERAGE    70

..........................................................


THE CLEVELAND OH CLIMATE NORMALS FOR TODAY
                         NORMAL    RECORD    YEAR
 MAXIMUM TEMPERATURE (F)   35        63      2013
 MINIMUM TEMPERATURE (F)   22        -4      1873


SUNRISE AND SUNSET
JANUARY 30 2016.......SUNRISE   741 AM EST   SUNSET   540 PM EST
JANUARY 31 2016.......SUNRISE   740 AM EST   SUNSET   542 PM EST


-  INDICATES NEGATIVE NUMBERS.
R  INDICATES RECORD WAS SET OR TIED.
MM INDICATES DATA IS MISSING.
T  INDICATES TRACE AMOUNT.




$$
