000
CDUS41 KCLE 042111
CLICLE


CLIMATE REPORT
NATIONAL WEATHER SERVICE CLEVELAND OH
511 PM EDT SUN SEP 4 2016


...................................

...THE CLEVELAND OH CLIMATE SUMMARY FOR SEPTEMBER 4 2016...
VALID TODAY AS OF 0500 PM LOCAL TIME.

CLIMATE NORMAL PERIOD 1981 TO 2010
CLIMATE RECORD PERIOD 1871 TO 2016


WEATHER ITEM   OBSERVED TIME   RECORD YEAR NORMAL DEPARTURE LAST
                VALUE   (LST)  VALUE       VALUE  FROM      YEAR
                                                  NORMAL
..................................................................
TEMPERATURE (F)
 TODAY
  MAXIMUM         83    139 PM  95    1953  78      5       84
  MINIMUM         52    611 AM  40    1946  60     -8       66
  AVERAGE         68                        69     -1       75

PRECIPITATION (IN)
  TODAY            0.00                      0.11  -0.11     1.25
  MONTH TO DATE    0.11                      0.48  -0.37     1.51
  SINCE SEP 1      0.11                      0.48  -0.37     1.51
  SINCE JAN 1     23.48                     26.02  -2.54    29.23

SNOWFALL (IN)
  TODAY            0.0                       0.0    0.0      0.0
  MONTH TO DATE    0.0                       0.0    0.0      0.0
  SINCE SEP 1      0.0                       0.0    0.0      0.0
  SINCE JUL 1      0.0                       0.0    0.0      0.0
  SNOW DEPTH       0

DEGREE DAYS
 HEATING
  TODAY            0                         1     -1        0
  MONTH TO DATE    0                         4     -4        0
  SINCE SEP 1      0                         4     -4        0
  SINCE JUL 1      0                        16    -16       14

 COOLING
  TODAY            3                         5     -2       10
  MONTH TO DATE   18                        20     -2       50
  SINCE SEP 1     18                        20     -2       50
  SINCE JAN 1   1102                       735    367      719
..................................................................


WIND (MPH)
  HIGHEST WIND SPEED    15   HIGHEST WIND DIRECTION     N (10)
  HIGHEST GUST SPEED    19   HIGHEST GUST DIRECTION     N (360)


SKY COVER
  POSSIBLE SUNSHINE  MM
  AVERAGE SKY COVER 0.0


WEATHER CONDITIONS
 THE FOLLOWING WEATHER WAS RECORDED TODAY.
  NO SIGNIFICANT WEATHER WAS OBSERVED.


RELATIVE HUMIDITY (PERCENT)
 HIGHEST    86           200 AM
 LOWEST     33          1200 PM
 AVERAGE    60

..........................................................


THE CLEVELAND OH CLIMATE NORMALS FOR TOMORROW
                         NORMAL    RECORD    YEAR
 MAXIMUM TEMPERATURE (F)   78        99      1954
 MINIMUM TEMPERATURE (F)   60        44      1974


SUNRISE AND SUNSET
SEPTEMBER  4 2016.....SUNRISE   657 AM EDT   SUNSET   754 PM EDT
SEPTEMBER  5 2016.....SUNRISE   658 AM EDT   SUNSET   753 PM EDT


-  INDICATES NEGATIVE NUMBERS.
R  INDICATES RECORD WAS SET OR TIED.
MM INDICATES DATA IS MISSING.
T  INDICATES TRACE AMOUNT.




$$
