000
CDUS41 KCLE 130533
CLICLE


CLIMATE REPORT
NATIONAL WEATHER SERVICE CLEVELAND OH
1232 AM EST TUE JAN 13 2015


...................................

...THE CLEVELAND OH CLIMATE SUMMARY FOR JANUARY 12 2015...

CLIMATE NORMAL PERIOD 1981 TO 2010
CLIMATE RECORD PERIOD 1871 TO 2015


WEATHER ITEM   OBSERVED TIME   RECORD YEAR NORMAL DEPARTURE LAST
                VALUE   (LST)  VALUE       VALUE  FROM      YEAR
                                                  NORMAL
..................................................................
TEMPERATURE (F)
 YESTERDAY
  MAXIMUM         32    714 AM  65    1916  34     -2       41
  MINIMUM         20   1159 PM  -9    1918  22     -2       34
                                      1886
  AVERAGE         26                        28     -2       38

PRECIPITATION (IN)
  YESTERDAY        0.24                      0.09   0.15     0.00
  MONTH TO DATE    2.33                      1.15   1.18     1.21
  SINCE DEC 1      4.28                      4.25   0.03     5.31
  SINCE JAN 1      2.33                      1.15   1.18     1.21

SNOWFALL (IN)
  YESTERDAY        2.7                       0.6    2.1      0.0
  MONTH TO DATE   10.0                       7.0    3.0     10.9
  SINCE DEC 1     10.9                      21.1  -10.2     28.4
  SINCE JUL 1     30.3                      25.6    4.7     33.1
  SNOW DEPTH       5

DEGREE DAYS
 HEATING
  YESTERDAY       39                        37      2       27
  MONTH TO DATE  521                       443     78      506
  SINCE DEC 1   1428                      1455    -27     1521
  SINCE JUL 1   2762                      2550    212     2670

 COOLING
  YESTERDAY        0                         0      0        0
  MONTH TO DATE    0                         0      0        0
  SINCE DEC 1      0                         0      0        0
  SINCE JAN 1      0                         0      0        0
..................................................................


WIND (MPH)
  HIGHEST WIND SPEED    24   HIGHEST WIND DIRECTION     N (360)
  HIGHEST GUST SPEED    29   HIGHEST GUST DIRECTION     N (350)
  AVERAGE WIND SPEED    11.3


SKY COVER
  POSSIBLE SUNSHINE  MM
  AVERAGE SKY COVER 1.0


WEATHER CONDITIONS
 THE FOLLOWING WEATHER WAS RECORDED YESTERDAY.
  SNOW
  LIGHT SNOW
  FOG
  HAZE
  BLOWING SNOW


RELATIVE HUMIDITY (PERCENT)
 HIGHEST    92          1200 AM
 LOWEST     71          1100 PM
 AVERAGE    82

..........................................................


THE CLEVELAND OH CLIMATE NORMALS FOR TODAY
                         NORMAL    RECORD    YEAR
 MAXIMUM TEMPERATURE (F)   34        68      2005
                                             1890
 MINIMUM TEMPERATURE (F)   22       -10      1977


SUNRISE AND SUNSET
JANUARY 13 2015.......SUNRISE   752 AM EST   SUNSET   520 PM EST
JANUARY 14 2015.......SUNRISE   752 AM EST   SUNSET   521 PM EST


-  INDICATES NEGATIVE NUMBERS.
R  INDICATES RECORD WAS SET OR TIED.
MM INDICATES DATA IS MISSING.
T  INDICATES TRACE AMOUNT.




$$
