000
CDUS41 KCLE 100539
CLICLE


CLIMATE REPORT
NATIONAL WEATHER SERVICE CLEVELAND OH
138 AM EDT WED SEP 10 2014


...................................

...THE CLEVELAND OH CLIMATE SUMMARY FOR SEPTEMBER 9 2014...

CLIMATE NORMAL PERIOD 1981 TO 2010
CLIMATE RECORD PERIOD 1871 TO 2014


WEATHER ITEM   OBSERVED TIME   RECORD YEAR NORMAL DEPARTURE LAST
                VALUE   (LST)  VALUE       VALUE  FROM      YEAR
                                                  NORMAL
..................................................................
TEMPERATURE (F)
 YESTERDAY
  MAXIMUM         77    132 PM  94    1959  77      0       81
  MINIMUM         63    614 AM  44    1986  59      4       54
  AVERAGE         70                        68      2       68

PRECIPITATION (IN)
  YESTERDAY        0.00                      0.13  -0.13      T
  MONTH TO DATE    1.87                      1.09   0.78      T
  SINCE SEP 1      1.87                      1.09   0.78      T
  SINCE JAN 1     32.98                     26.63   6.35    28.21

SNOWFALL (IN)
  YESTERDAY        0.0                       0.0    0.0      0.0
  MONTH TO DATE    0.0                       0.0    0.0      0.0
  SINCE SEP 1      0.0                       0.0    0.0      0.0
  SINCE JUL 1      0.0                       0.0    0.0      0.0
  SNOW DEPTH       0

DEGREE DAYS
 HEATING
  YESTERDAY        0                         1     -1        0
  MONTH TO DATE    3                         9     -6        6
  SINCE SEP 1      3                         9     -6        6
  SINCE JUL 1     28                        21      7       13

 COOLING
  YESTERDAY        5                         4      1        3
  MONTH TO DATE   54                        41     13       31
  SINCE SEP 1     54                        41     13       31
  SINCE JAN 1    644                       756   -112      793
..................................................................


WIND (MPH)
  HIGHEST WIND SPEED    16   HIGHEST WIND DIRECTION     S (170)
  HIGHEST GUST SPEED    21   HIGHEST GUST DIRECTION     S (160)
  AVERAGE WIND SPEED     8.6


SKY COVER
  POSSIBLE SUNSHINE  MM
  AVERAGE SKY COVER 0.8


WEATHER CONDITIONS
 THE FOLLOWING WEATHER WAS RECORDED YESTERDAY.
  NO SIGNIFICANT WEATHER WAS OBSERVED.


RELATIVE HUMIDITY (PERCENT)
 HIGHEST    87          1000 PM
 LOWEST     64           200 PM
 AVERAGE    76

..........................................................


THE CLEVELAND OH CLIMATE NORMALS FOR TODAY
                         NORMAL    RECORD    YEAR
 MAXIMUM TEMPERATURE (F)   76        96      2013
 MINIMUM TEMPERATURE (F)   58        38      1883


SUNRISE AND SUNSET
SEPTEMBER 10 2014.....SUNRISE   703 AM EDT   SUNSET   745 PM EDT
SEPTEMBER 11 2014.....SUNRISE   704 AM EDT   SUNSET   744 PM EDT


-  INDICATES NEGATIVE NUMBERS.
R  INDICATES RECORD WAS SET OR TIED.
MM INDICATES DATA IS MISSING.
T  INDICATES TRACE AMOUNT.




$$
