000
CDUS41 KCLE 290540
CLICLE


CLIMATE REPORT
NATIONAL WEATHER SERVICE CLEVELAND OH
1239 AM EST SUN JAN 29 2017


...................................

...THE CLEVELAND OH CLIMATE SUMMARY FOR JANUARY 28 2017...

CLIMATE NORMAL PERIOD 1981 TO 2010
CLIMATE RECORD PERIOD 1871 TO 2017


WEATHER ITEM   OBSERVED TIME   RECORD YEAR NORMAL DEPARTURE LAST
                VALUE   (LST)  VALUE       VALUE  FROM      YEAR
                                                  NORMAL
..................................................................
TEMPERATURE (F)
 YESTERDAY
  MAXIMUM         31    128 PM  62    2002  35     -4       43
  MINIMUM         28    848 AM -10    1977  22      6       25
                                      1963
  AVERAGE         30                        28      2       34

PRECIPITATION (IN)
  YESTERDAY        0.01                      0.08  -0.07     0.01
  MONTH TO DATE    4.16                      2.49   1.67     1.28
  SINCE DEC 1      6.81                      5.59   1.22     4.24
  SINCE JAN 1      4.16                      2.49   1.67     1.28

SNOWFALL (IN)
  YESTERDAY        0.2                       0.6   -0.4       T
  MONTH TO DATE    4.1                      16.9  -12.8      7.2
  SINCE DEC 1     13.7                      31.0  -17.3      7.5
  SINCE JUL 1     14.6                      35.5  -20.9      8.4
  SNOW DEPTH       T

DEGREE DAYS
 HEATING
  YESTERDAY       35                        37     -2       31
  MONTH TO DATE  821                      1035   -214     1058
  SINCE DEC 1   1828                      2047   -219     1705
  SINCE JUL 1   2544                      3142   -598     2570

 COOLING
  YESTERDAY        0                         0      0        0
  MONTH TO DATE    0                         0      0        0
  SINCE DEC 1      0                         0      0        0
  SINCE JAN 1      0                         0      0        0
..................................................................


WIND (MPH)
  HIGHEST WIND SPEED    26   HIGHEST WIND DIRECTION     W (260)
  HIGHEST GUST SPEED    31   HIGHEST GUST DIRECTION     W (260)
  AVERAGE WIND SPEED    15.6


SKY COVER
  POSSIBLE SUNSHINE  MM
  AVERAGE SKY COVER 1.0


WEATHER CONDITIONS
 THE FOLLOWING WEATHER WAS RECORDED YESTERDAY.
  LIGHT SNOW
  HAZE


RELATIVE HUMIDITY (PERCENT)
 HIGHEST    78          1100 PM
 LOWEST     63           700 AM
 AVERAGE    71

..........................................................


THE CLEVELAND OH CLIMATE NORMALS FOR TODAY
                         NORMAL    RECORD    YEAR
 MAXIMUM TEMPERATURE (F)   35        65      1914
 MINIMUM TEMPERATURE (F)   22       -17      1873


SUNRISE AND SUNSET
JANUARY 29 2017.......SUNRISE   741 AM EST   SUNSET   540 PM EST
JANUARY 30 2017.......SUNRISE   740 AM EST   SUNSET   541 PM EST


-  INDICATES NEGATIVE NUMBERS.
R  INDICATES RECORD WAS SET OR TIED.
MM INDICATES DATA IS MISSING.
T  INDICATES TRACE AMOUNT.




$$
