393
CDUS41 KCLE 120526
CLICLE


CLIMATE REPORT
NATIONAL WEATHER SERVICE CLEVELAND OH
125 AM EDT THU OCT 12 2017


...................................

...THE CLEVELAND OH CLIMATE SUMMARY FOR OCTOBER 11 2017...

CLIMATE NORMAL PERIOD 1981 TO 2010
CLIMATE RECORD PERIOD 1871 TO 2017


WEATHER ITEM   OBSERVED TIME   RECORD YEAR NORMAL DEPARTURE LAST
                VALUE   (LST)  VALUE       VALUE  FROM      YEAR
                                                  NORMAL
..................................................................
TEMPERATURE (F)
 YESTERDAY
  MAXIMUM         67    325 AM  86    1928  64      3       68
  MINIMUM         60   1159 PM  25    1964  47     13       44
  AVERAGE         64                        55      9       56

PRECIPITATION (IN)
  YESTERDAY        0.20                      0.10   0.10     0.00
  MONTH TO DATE    2.88                      1.17   1.71     0.34
  SINCE SEP 1      3.69                      4.98  -1.29     5.72
  SINCE JAN 1     35.32                     30.52   4.80    29.09

SNOWFALL (IN)
  YESTERDAY        0.0                       0.0    0.0      0.0
  MONTH TO DATE    0.0                       0.0    0.0      0.0
  SINCE SEP 1      0.0                       0.0    0.0      0.0
  SINCE JUL 1      0.0                       0.0    0.0      0.0
  SNOW DEPTH       0

DEGREE DAYS
 HEATING
  YESTERDAY        1                        10     -9        9
  MONTH TO DATE   11                        95    -84       40
  SINCE SEP 1     59                       186   -127       51
  SINCE JUL 1     61                       198   -137       51

 COOLING
  YESTERDAY        0                         0      0        0
  MONTH TO DATE   40                        10     30       15
  SINCE SEP 1    217                        99    118      200
  SINCE JAN 1   1108                       814    294     1284
..................................................................


WIND (MPH)
  HIGHEST WIND SPEED    15   HIGHEST WIND DIRECTION    NE (50)
  HIGHEST GUST SPEED    19   HIGHEST GUST DIRECTION    NE (50)
  AVERAGE WIND SPEED     9.2


SKY COVER
  POSSIBLE SUNSHINE  MM
  AVERAGE SKY COVER 1.0


WEATHER CONDITIONS
 THE FOLLOWING WEATHER WAS RECORDED YESTERDAY.
  RAIN
  LIGHT RAIN
  FOG


RELATIVE HUMIDITY (PERCENT)
 HIGHEST    93           100 PM
 LOWEST     73           300 AM
 AVERAGE    83

..........................................................


THE CLEVELAND OH CLIMATE NORMALS FOR TODAY
                         NORMAL    RECORD    YEAR
 MAXIMUM TEMPERATURE (F)   64        85      1893
 MINIMUM TEMPERATURE (F)   46        26      1876


SUNRISE AND SUNSET
OCTOBER 12 2017.......SUNRISE   736 AM EDT   SUNSET   651 PM EDT
OCTOBER 13 2017.......SUNRISE   737 AM EDT   SUNSET   649 PM EDT


-  INDICATES NEGATIVE NUMBERS.
R  INDICATES RECORD WAS SET OR TIED.
MM INDICATES DATA IS MISSING.
T  INDICATES TRACE AMOUNT.




$$
