000
CDUS41 KCLE 080534
CLICLE


CLIMATE REPORT
NATIONAL WEATHER SERVICE CLEVELAND OH
133 AM EDT FRI AUG 8 2014


...................................

...THE CLEVELAND OH CLIMATE SUMMARY FOR AUGUST 7 2014...

CLIMATE NORMAL PERIOD 1981 TO 2010
CLIMATE RECORD PERIOD 1871 TO 2014


WEATHER ITEM   OBSERVED TIME   RECORD YEAR NORMAL DEPARTURE LAST
                VALUE   (LST)  VALUE       VALUE  FROM      YEAR
                                                  NORMAL
..................................................................
TEMPERATURE (F)
 YESTERDAY
  MAXIMUM         77    308 PM  94    1918  82     -5       80
  MINIMUM         54    533 AM  48    1997  64    -10       66
  AVERAGE         66                        73     -7       73

PRECIPITATION (IN)
  YESTERDAY        0.00                      0.12  -0.12     0.23
  MONTH TO DATE    0.41                      0.82  -0.41     0.72
  SINCE JUN 1     10.66                      7.71   2.95    13.53
  SINCE JAN 1     26.93                     22.85   4.08    26.12

SNOWFALL (IN)
  YESTERDAY        0.0                       0.0    0.0      0.0
  MONTH TO DATE    0.0                       0.0    0.0      0.0
  SINCE JUN 1      0.0                       0.0    0.0      0.0
  SINCE JUL 1      0.0                       0.0    0.0      0.0
  SNOW DEPTH       0

DEGREE DAYS
 HEATING
  YESTERDAY        0                         0      0        0
  MONTH TO DATE    0                         0      0        0
  SINCE JUN 1     34                        46    -12       42
  SINCE JUL 1     14                         4     10        3

 COOLING
  YESTERDAY        1                         8     -7        8
  MONTH TO DATE   36                        56    -20       32
  SINCE JUN 1    370                       489   -119      482
  SINCE JAN 1    436                       548   -112      596
..................................................................


WIND (MPH)
  HIGHEST WIND SPEED    12   HIGHEST WIND DIRECTION    NW (320)
  HIGHEST GUST SPEED    14   HIGHEST GUST DIRECTION     N (10)
  AVERAGE WIND SPEED     4.2


SKY COVER
  POSSIBLE SUNSHINE  MM
  AVERAGE SKY COVER 0.2


WEATHER CONDITIONS
 THE FOLLOWING WEATHER WAS RECORDED YESTERDAY.
  NO SIGNIFICANT WEATHER WAS OBSERVED.


RELATIVE HUMIDITY (PERCENT)
 HIGHEST    93           100 AM
 LOWEST     46           400 PM
 AVERAGE    70

..........................................................


THE CLEVELAND OH CLIMATE NORMALS FOR TODAY
                         NORMAL    RECORD    YEAR
 MAXIMUM TEMPERATURE (F)   82        96      1941
 MINIMUM TEMPERATURE (F)   64        47      1975


SUNRISE AND SUNSET
AUGUST  8 2014........SUNRISE   629 AM EDT   SUNSET   836 PM EDT
AUGUST  9 2014........SUNRISE   630 AM EDT   SUNSET   835 PM EDT


-  INDICATES NEGATIVE NUMBERS.
R  INDICATES RECORD WAS SET OR TIED.
MM INDICATES DATA IS MISSING.
T  INDICATES TRACE AMOUNT.




$$
