896
CDUS41 KCLE 132110
CLICLE


CLIMATE REPORT
NATIONAL WEATHER SERVICE CLEVELAND OH
510 PM EDT SAT AUG 13 2016


...................................

...THE CLEVELAND OH CLIMATE SUMMARY FOR AUGUST 13 2016...
VALID TODAY AS OF 0500 PM LOCAL TIME.

CLIMATE NORMAL PERIOD 1981 TO 2010
CLIMATE RECORD PERIOD 1871 TO 2016


WEATHER ITEM   OBSERVED TIME   RECORD YEAR NORMAL DEPARTURE LAST
                VALUE   (LST)  VALUE       VALUE  FROM      YEAR
                                                  NORMAL
..................................................................
TEMPERATURE (F)
 TODAY
  MAXIMUM         92    134 PM  95    2002  81     11       81
                                      1995
                                      1918
  MINIMUM         74    359 PM  47    1982  64     10       56
                                      1967
  AVERAGE         83                        72     11       69

PRECIPITATION (IN)
  TODAY            0.15                      0.12   0.03     0.00
  MONTH TO DATE    2.02                      1.51   0.51     1.54
  SINCE JUN 1      5.96                      8.40  -2.44    12.78
  SINCE JAN 1     21.89                     23.54  -1.65    26.41

SNOWFALL (IN)
  TODAY            0.0                       0.0    0.0      0.0
  MONTH TO DATE    0.0                       0.0    0.0      0.0
  SINCE JUN 1      0.0                       0.0    0.0      0.0
  SINCE JUL 1      0.0                       0.0    0.0      0.0
  SNOW DEPTH       0

DEGREE DAYS
 HEATING
  TODAY            0                         0      0        0
  MONTH TO DATE    0                         0      0        0
  SINCE JUN 1     13                        46    -33       33
  SINCE JUL 1      0                         4     -4        3

 COOLING
  TODAY           18                         8     10        4
  MONTH TO DATE  196                       104     92       79
  SINCE JUN 1    795                       537    258      436
  SINCE JAN 1    876                       596    280      557
..................................................................


WIND (MPH)
  HIGHEST WIND SPEED    32   HIGHEST WIND DIRECTION     W (290)
  HIGHEST GUST SPEED    43   HIGHEST GUST DIRECTION     W (270)


SKY COVER
  POSSIBLE SUNSHINE  MM
  AVERAGE SKY COVER 0.8


WEATHER CONDITIONS
 THE FOLLOWING WEATHER WAS RECORDED TODAY.
  HEAVY RAIN
  LIGHT RAIN
  HAZE


RELATIVE HUMIDITY (PERCENT)
 HIGHEST    85          1200 AM
 LOWEST     52          1200 PM
 AVERAGE    69

..........................................................


THE CLEVELAND OH CLIMATE NORMALS FOR TOMORROW
                         NORMAL    RECORD    YEAR
 MAXIMUM TEMPERATURE (F)   81        97      1944
 MINIMUM TEMPERATURE (F)   64        46      1964


SUNRISE AND SUNSET
AUGUST 13 2016........SUNRISE   635 AM EDT   SUNSET   829 PM EDT
AUGUST 14 2016........SUNRISE   636 AM EDT   SUNSET   827 PM EDT


-  INDICATES NEGATIVE NUMBERS.
R  INDICATES RECORD WAS SET OR TIED.
MM INDICATES DATA IS MISSING.
T  INDICATES TRACE AMOUNT.




$$
