000
CDUS41 KCLE 210529
CLICLE


CLIMATE REPORT
NATIONAL WEATHER SERVICE CLEVELAND OH
1227 AM EST SAT FEB 21 2015


...................................

...THE CLEVELAND OH CLIMATE SUMMARY FOR FEBRUARY 20 2015...

CLIMATE NORMAL PERIOD 1981 TO 2010
CLIMATE RECORD PERIOD 1871 TO 2015


WEATHER ITEM   OBSERVED TIME   RECORD YEAR NORMAL DEPARTURE LAST
                VALUE   (LST)  VALUE       VALUE  FROM      YEAR
                                                  NORMAL
..................................................................
TEMPERATURE (F)
 YESTERDAY
  MAXIMUM         13   1159 PM  69    1930  39    -26       59
  MINIMUM        -17R   543 AM  -3    1968  24    -41       28
                                      1885
  AVERAGE         -2                        31    -33       44

PRECIPITATION (IN)
  YESTERDAY        0.00                      0.08  -0.08     0.18
  MONTH TO DATE    1.40                      1.63  -0.23     2.23
  SINCE DEC 1      6.29                      7.45  -1.16     8.33
  SINCE JAN 1      4.34                      4.35  -0.01     4.23

SNOWFALL (IN)
  YESTERDAY        0.0                       0.6   -0.6      0.0
  MONTH TO DATE   20.2                      10.8    9.4     18.8
  SINCE DEC 1     36.2                      43.6   -7.4     60.0
  SINCE JUL 1     55.6                      48.1    7.5     64.7
  SNOW DEPTH       6

DEGREE DAYS
 HEATING
  YESTERDAY       67                        34     33       21
  MONTH TO DATE  990                       704    286      871
  SINCE DEC 1   3192                      2861    331     3220
  SINCE JUL 1   4526                      3956    570     4369

 COOLING
  YESTERDAY        0                         0      0        0
  MONTH TO DATE    0                         0      0        0
  SINCE DEC 1      0                         0      0        0
  SINCE JAN 1      0                         0      0        0
..................................................................


WIND (MPH)
  HIGHEST WIND SPEED    18   HIGHEST WIND DIRECTION     S (180)
  HIGHEST GUST SPEED    24   HIGHEST GUST DIRECTION     S (190)
  AVERAGE WIND SPEED     7.8


SKY COVER
  POSSIBLE SUNSHINE  MM
  AVERAGE SKY COVER 0.4


WEATHER CONDITIONS
 THE FOLLOWING WEATHER WAS RECORDED YESTERDAY.
  NO SIGNIFICANT WEATHER WAS OBSERVED.


RELATIVE HUMIDITY (PERCENT)
 HIGHEST    83           900 AM
 LOWEST     41           300 PM
 AVERAGE    62

..........................................................


THE CLEVELAND OH CLIMATE NORMALS FOR TODAY
                         NORMAL    RECORD    YEAR
 MAXIMUM TEMPERATURE (F)   39        70      1997
 MINIMUM TEMPERATURE (F)   24        -2      1885


SUNRISE AND SUNSET
FEBRUARY 21 2015......SUNRISE   714 AM EST   SUNSET   608 PM EST
FEBRUARY 22 2015......SUNRISE   713 AM EST   SUNSET   609 PM EST


-  INDICATES NEGATIVE NUMBERS.
R  INDICATES RECORD WAS SET OR TIED.
MM INDICATES DATA IS MISSING.
T  INDICATES TRACE AMOUNT.




$$
