000
CDUS41 KCLE 170609
CLICLE


CLIMATE REPORT
NATIONAL WEATHER SERVICE CLEVELAND OH
209 AM EDT WED JUN 17 2015


...................................

...THE CLEVELAND OH CLIMATE SUMMARY FOR JUNE 16 2015...

CLIMATE NORMAL PERIOD 1981 TO 2010
CLIMATE RECORD PERIOD 1871 TO 2015


WEATHER ITEM   OBSERVED TIME   RECORD YEAR NORMAL DEPARTURE LAST
                VALUE   (LST)  VALUE       VALUE  FROM      YEAR
                                                  NORMAL
..................................................................
TEMPERATURE (F)
 YESTERDAY
  MAXIMUM         77    529 PM  96    1952  79     -2       87
  MINIMUM         65   1159 PM  39    1961  60      5       69
  AVERAGE         71                        70      1       78

PRECIPITATION (IN)
  YESTERDAY        0.45                      0.11   0.34      T
  MONTH TO DATE    3.41                      1.86   1.55     0.82
  SINCE JUN 1      3.41                      1.86   1.55     0.82
  SINCE JAN 1     17.04                     17.00   0.04    17.09

SNOWFALL (IN)
  YESTERDAY        0.0                       0.0    0.0      0.0
  MONTH TO DATE    0.0                       0.0    0.0      0.0
  SINCE JUN 1      0.0                       0.0    0.0      0.0
  SINCE JUL 1     67.1                      68.1   -1.0     86.1
  SNOW DEPTH       0

DEGREE DAYS
 HEATING
  YESTERDAY        0                         1     -1        0
  MONTH TO DATE   28                        32     -4       20
  SINCE JUN 1     28                        32     -4       20
  SINCE JUL 1   6521                      5752    769     6315

 COOLING
  YESTERDAY        6                         6      0       13
  MONTH TO DATE   84                        69     15       57
  SINCE JUN 1     84                        69     15       57
  SINCE JAN 1    205                       128     77      123
..................................................................


WIND (MPH)
  HIGHEST WIND SPEED    17   HIGHEST WIND DIRECTION     N (350)
  HIGHEST GUST SPEED    23   HIGHEST GUST DIRECTION     N (350)
  AVERAGE WIND SPEED     9.5


SKY COVER
  POSSIBLE SUNSHINE  MM
  AVERAGE SKY COVER 0.6


WEATHER CONDITIONS
 THE FOLLOWING WEATHER WAS RECORDED YESTERDAY.
  RAIN
  LIGHT RAIN
  FOG


RELATIVE HUMIDITY (PERCENT)
 HIGHEST   100           600 AM
 LOWEST     53           700 PM
 AVERAGE    77

..........................................................


THE CLEVELAND OH CLIMATE NORMALS FOR TODAY
                         NORMAL    RECORD    YEAR
 MAXIMUM TEMPERATURE (F)   79        93      1994
 MINIMUM TEMPERATURE (F)   61        38      1980


SUNRISE AND SUNSET
JUNE 17 2015..........SUNRISE   553 AM EDT   SUNSET   903 PM EDT
JUNE 18 2015..........SUNRISE   553 AM EDT   SUNSET   904 PM EDT


-  INDICATES NEGATIVE NUMBERS.
R  INDICATES RECORD WAS SET OR TIED.
MM INDICATES DATA IS MISSING.
T  INDICATES TRACE AMOUNT.




$$
