000
CDUS41 KCLE 022112
CLICLE


CLIMATE REPORT
NATIONAL WEATHER SERVICE CLEVELAND OH
511 PM EDT TUE MAY 2 2017


...................................

...THE CLEVELAND OH CLIMATE SUMMARY FOR MAY 2 2017...
VALID TODAY AS OF 0500 PM LOCAL TIME.

CLIMATE NORMAL PERIOD 1981 TO 2010
CLIMATE RECORD PERIOD 1871 TO 2017


WEATHER ITEM   OBSERVED TIME   RECORD YEAR NORMAL DEPARTURE LAST
                VALUE   (LST)  VALUE       VALUE  FROM      YEAR
                                                  NORMAL
..................................................................
TEMPERATURE (F)
 TODAY
  MAXIMUM         54    329 PM  86    1951  65    -11       51
  MINIMUM         45    912 AM  26    1963  46     -1       44
  AVERAGE         50                        56     -6       48

PRECIPITATION (IN)
  TODAY            0.07                      0.11  -0.04     0.84
  MONTH TO DATE    0.37                      0.22   0.15     0.97
  SINCE MAR 1      8.88                      6.64   2.24     9.00
  SINCE JAN 1     16.34                     11.70   4.64    13.59

SNOWFALL (IN)
  TODAY            0.0                       0.0    0.0      0.0
  MONTH TO DATE    0.0                       0.0    0.0      0.0
  SINCE MAR 1     12.1                      15.9   -3.8     11.0
  SINCE JUL 1     37.3                      68.1  -30.8     32.8
  SNOW DEPTH       0

DEGREE DAYS
 HEATING
  TODAY           15                        10      5       17
  MONTH TO DATE   15                        20     -5       25
  SINCE MAR 1   1059                      1314   -255     1168
  SINCE JUL 1   4370                      5531  -1161     4759

 COOLING
  TODAY            0                         1     -1        0
  MONTH TO DATE    0                         2     -2        0
  SINCE MAR 1     31                        13     18        0
  SINCE JAN 1     31                        13     18        0
..................................................................


WIND (MPH)
  HIGHEST WIND SPEED    31   HIGHEST WIND DIRECTION     W (270)
  HIGHEST GUST SPEED    42   HIGHEST GUST DIRECTION     W (250)


SKY COVER
  POSSIBLE SUNSHINE  MM
  AVERAGE SKY COVER 0.9


WEATHER CONDITIONS
 THE FOLLOWING WEATHER WAS RECORDED TODAY.
  LIGHT RAIN
  HAZE


RELATIVE HUMIDITY (PERCENT)
 HIGHEST    63           200 AM
 LOWEST     50           300 PM
 AVERAGE    57

..........................................................


THE CLEVELAND OH CLIMATE NORMALS FOR TOMORROW
                         NORMAL    RECORD    YEAR
 MAXIMUM TEMPERATURE (F)   66        88      2012
 MINIMUM TEMPERATURE (F)   46        27      1986


SUNRISE AND SUNSET
MAY  2 2017...........SUNRISE   623 AM EDT   SUNSET   826 PM EDT
MAY  3 2017...........SUNRISE   622 AM EDT   SUNSET   827 PM EDT


-  INDICATES NEGATIVE NUMBERS.
R  INDICATES RECORD WAS SET OR TIED.
MM INDICATES DATA IS MISSING.
T  INDICATES TRACE AMOUNT.




$$
