610
CDUS41 KCLE 260531
CLICLE


CLIMATE REPORT
NATIONAL WEATHER SERVICE CLEVELAND OH
1230 AM EST TUE JAN 26 2016


...................................

...THE CLEVELAND OH CLIMATE SUMMARY FOR JANUARY 25 2016...

CLIMATE NORMAL PERIOD 1981 TO 2010
CLIMATE RECORD PERIOD 1871 TO 2016


WEATHER ITEM   OBSERVED TIME   RECORD YEAR NORMAL DEPARTURE LAST
                VALUE   (LST)  VALUE       VALUE  FROM      YEAR
                                                  NORMAL
..................................................................
TEMPERATURE (F)
 YESTERDAY
  MAXIMUM         47    321 PM  73    1950  35     12       34
  MINIMUM         26    716 AM -15    1897  22      4       19
  AVERAGE         37                        28      9       27

PRECIPITATION (IN)
  YESTERDAY        T                         0.08  -0.08     0.06
  MONTH TO DATE    1.26                      2.25  -0.99     2.70
  SINCE DEC 1      4.22                      5.35  -1.13     4.65
  SINCE JAN 1      1.26                      2.25  -0.99     2.70

SNOWFALL (IN)
  YESTERDAY        0.0                       0.6   -0.6      0.7
  MONTH TO DATE    7.2                      15.0   -7.8     13.7
  SINCE DEC 1      7.5                      29.1  -21.6     14.6
  SINCE JUL 1      8.4                      33.6  -25.2     34.0
  SNOW DEPTH       T

DEGREE DAYS
 HEATING
  YESTERDAY       28                        37     -9       38
  MONTH TO DATE  966                       924     42     1027
  SINCE DEC 1   1613                      1936   -323     1934
  SINCE JUL 1   2478                      3031   -553     3268

 COOLING
  YESTERDAY        0                         0      0        0
  MONTH TO DATE    0                         0      0        0
  SINCE DEC 1      0                         0      0        0
  SINCE JAN 1      0                         0      0        0
..................................................................


WIND (MPH)
  HIGHEST WIND SPEED    23   HIGHEST WIND DIRECTION     S (180)
  HIGHEST GUST SPEED    34   HIGHEST GUST DIRECTION     S (170)
  AVERAGE WIND SPEED    12.7


SKY COVER
  POSSIBLE SUNSHINE  MM
  AVERAGE SKY COVER 0.8


WEATHER CONDITIONS
 THE FOLLOWING WEATHER WAS RECORDED YESTERDAY.
  LIGHT RAIN
  HAZE


RELATIVE HUMIDITY (PERCENT)
 HIGHEST    68           800 AM
 LOWEST     34           300 PM
 AVERAGE    51

..........................................................


THE CLEVELAND OH CLIMATE NORMALS FOR TODAY
                         NORMAL    RECORD    YEAR
 MAXIMUM TEMPERATURE (F)   35        69      1950
 MINIMUM TEMPERATURE (F)   22        -9      1897


SUNRISE AND SUNSET
JANUARY 26 2016.......SUNRISE   745 AM EST   SUNSET   535 PM EST
JANUARY 27 2016.......SUNRISE   744 AM EST   SUNSET   537 PM EST


-  INDICATES NEGATIVE NUMBERS.
R  INDICATES RECORD WAS SET OR TIED.
MM INDICATES DATA IS MISSING.
T  INDICATES TRACE AMOUNT.




$$
