000
CDUS41 KCLE 060527
CLICLE


CLIMATE REPORT
NATIONAL WEATHER SERVICE CLEVELAND OH
1227 AM EST SAT DEC 6 2014


...................................

...THE CLEVELAND OH CLIMATE SUMMARY FOR DECEMBER 5 2014...

CLIMATE NORMAL PERIOD 1981 TO 2010
CLIMATE RECORD PERIOD 1871 TO 2014


WEATHER ITEM   OBSERVED TIME   RECORD YEAR NORMAL DEPARTURE LAST
                VALUE   (LST)  VALUE       VALUE  FROM      YEAR
                                                  NORMAL
..................................................................
TEMPERATURE (F)
 YESTERDAY
  MAXIMUM         41    515 PM  71    2001  42     -1       63
  MINIMUM         31   1235 AM   2    1871  30      1       34
  AVERAGE         36                        36      0       49

PRECIPITATION (IN)
  YESTERDAY        0.17                      0.10   0.07     0.06
  MONTH TO DATE    0.22                      0.52  -0.30     0.06
  SINCE DEC 1      0.22                      0.52  -0.30     0.06
  SINCE JAN 1     42.32                     36.56   5.76    37.81

SNOWFALL (IN)
  YESTERDAY        T                         0.3   -0.3      0.5
  MONTH TO DATE    T                         1.6   -1.6      0.5
  SINCE DEC 1      T                         1.6   -1.6      0.5
  SINCE JUL 1     19.4                       6.1   13.3      5.2
  SNOW DEPTH       0

DEGREE DAYS
 HEATING
  YESTERDAY       29                        29      0       16
  MONTH TO DATE  155                       141     14      103
  SINCE DEC 1    155                       141     14      103
  SINCE JUL 1   1489                      1236    253     1252

 COOLING
  YESTERDAY        0                         0      0        0
  MONTH TO DATE    0                         0      0        0
  SINCE DEC 1      0                         0      0        0
  SINCE JAN 1    657                       817   -160      889
..................................................................


WIND (MPH)
  HIGHEST WIND SPEED    10   HIGHEST WIND DIRECTION     S (160)
  HIGHEST GUST SPEED    13   HIGHEST GUST DIRECTION     S (160)
  AVERAGE WIND SPEED     4.5


SKY COVER
  POSSIBLE SUNSHINE  MM
  AVERAGE SKY COVER 1.0


WEATHER CONDITIONS
 THE FOLLOWING WEATHER WAS RECORDED YESTERDAY.
  LIGHT RAIN
  SLEET
  FOG


RELATIVE HUMIDITY (PERCENT)
 HIGHEST    92           700 PM
 LOWEST     64           700 AM
 AVERAGE    78

..........................................................


THE CLEVELAND OH CLIMATE NORMALS FOR TODAY
                         NORMAL    RECORD    YEAR
 MAXIMUM TEMPERATURE (F)   41        70      1998
 MINIMUM TEMPERATURE (F)   30         7      2005
                                             1977


SUNRISE AND SUNSET
DECEMBER  6 2014......SUNRISE   739 AM EST   SUNSET   458 PM EST
DECEMBER  7 2014......SUNRISE   740 AM EST   SUNSET   458 PM EST


-  INDICATES NEGATIVE NUMBERS.
R  INDICATES RECORD WAS SET OR TIED.
MM INDICATES DATA IS MISSING.
T  INDICATES TRACE AMOUNT.




$$
