000
CDUS41 KCLE 122112
CLICLE


CLIMATE REPORT
NATIONAL WEATHER SERVICE CLEVELAND OH
510 PM EDT MON JUN 12 2017


...................................

...THE CLEVELAND OH CLIMATE SUMMARY FOR JUNE 12 2017...
VALID TODAY AS OF 0500 PM LOCAL TIME.

CLIMATE NORMAL PERIOD 1981 TO 2010
CLIMATE RECORD PERIOD 1871 TO 2017


WEATHER ITEM   OBSERVED TIME   RECORD YEAR NORMAL DEPARTURE LAST
                VALUE   (LST)  VALUE       VALUE  FROM      YEAR
                                                  NORMAL
..................................................................
TEMPERATURE (F)
 TODAY
  MAXIMUM         93R   355 PM  93    1954  78     15       82
  MINIMUM         73    539 AM  42    1980  59     14       60
  AVERAGE         83                        68     15       71

PRECIPITATION (IN)
  TODAY            0.00                      0.11  -0.11     0.00
  MONTH TO DATE    0.17                      1.40  -1.23     0.51
  SINCE JUN 1      0.17                      1.40  -1.23     0.51
  SINCE JAN 1     22.23                     16.54   5.69    16.44

SNOWFALL (IN)
  TODAY            0.0                       0.0    0.0      0.0
  MONTH TO DATE    0.0                       0.0    0.0      0.0
  SINCE JUN 1      0.0                       0.0    0.0      0.0
  SINCE JUL 1     37.3                      68.1  -30.8     32.8
  SNOW DEPTH       0

DEGREE DAYS
 HEATING
  TODAY            0                         1     -1        0
  MONTH TO DATE   15                        28    -13       10
  SINCE JUN 1     15                        28    -13       10
  SINCE JUL 1   4565                      5748  -1183     4956

 COOLING
  TODAY           18                         5     13        6
  MONTH TO DATE   66                        48     18       83
  SINCE JUN 1     66                        48     18       83
  SINCE JAN 1    154                       107     47      164
..................................................................


WIND (MPH)
  HIGHEST WIND SPEED    21   HIGHEST WIND DIRECTION    SW (220)
  HIGHEST GUST SPEED    27   HIGHEST GUST DIRECTION    SW (230)


SKY COVER
  POSSIBLE SUNSHINE  MM
  AVERAGE SKY COVER 0.4


WEATHER CONDITIONS
 THE FOLLOWING WEATHER WAS RECORDED TODAY.
  NO SIGNIFICANT WEATHER WAS OBSERVED.


RELATIVE HUMIDITY (PERCENT)
 HIGHEST    68           600 AM
 LOWEST     36           200 PM
 AVERAGE    52

..........................................................


THE CLEVELAND OH CLIMATE NORMALS FOR TOMORROW
                         NORMAL    RECORD    YEAR
 MAXIMUM TEMPERATURE (F)   78        93      1954
 MINIMUM TEMPERATURE (F)   59        43      1979


SUNRISE AND SUNSET
JUNE 12 2017..........SUNRISE   553 AM EDT   SUNSET   901 PM EDT
JUNE 13 2017..........SUNRISE   553 AM EDT   SUNSET   902 PM EDT


-  INDICATES NEGATIVE NUMBERS.
R  INDICATES RECORD WAS SET OR TIED.
MM INDICATES DATA IS MISSING.
T  INDICATES TRACE AMOUNT.




$$
