000
CDUS41 KCLE 130527
CLICLE


CLIMATE REPORT
NATIONAL WEATHER SERVICE CLEVELAND OH
1226 AM EST THU NOV 13 2014


...................................

...THE CLEVELAND OH CLIMATE SUMMARY FOR NOVEMBER 12 2014...

CLIMATE NORMAL PERIOD 1981 TO 2010
CLIMATE RECORD PERIOD 1871 TO 2014


WEATHER ITEM   OBSERVED TIME   RECORD YEAR NORMAL DEPARTURE LAST
                VALUE   (LST)  VALUE       VALUE  FROM      YEAR
                                                  NORMAL
..................................................................
TEMPERATURE (F)
 YESTERDAY
  MAXIMUM         42   1256 AM  74    1949  53    -11       36
  MINIMUM         32   1159 PM  18    1911  38     -6       31
  AVERAGE         37                        45     -8       34

PRECIPITATION (IN)
  YESTERDAY        T                         0.12  -0.12     0.07
  MONTH TO DATE    1.42                      1.41   0.01     1.72
  SINCE SEP 1      8.73                      8.29   0.44     8.38
  SINCE JAN 1     39.84                     33.83   6.01    36.59

SNOWFALL (IN)
  YESTERDAY        0.0                       0.2   -0.2      0.7
  MONTH TO DATE    T                         1.1   -1.1      3.1
  SINCE SEP 1      T                         1.3   -1.3      3.1
  SINCE JUL 1      T                         1.3   -1.3      3.1
  SNOW DEPTH       0

DEGREE DAYS
 HEATING
  YESTERDAY       28                        20      8       31
  MONTH TO DATE  240                       214     26      240
  SINCE SEP 1    715                       662     53      644
  SINCE JUL 1    740                       674     66      651

 COOLING
  YESTERDAY        0                         0      0        0
  MONTH TO DATE    0                         0      0        0
  SINCE SEP 1     67                       101    -34      127
  SINCE JAN 1    657                       816   -159      889
..................................................................


WIND (MPH)
  HIGHEST WIND SPEED    23   HIGHEST WIND DIRECTION     W (260)
  HIGHEST GUST SPEED    30   HIGHEST GUST DIRECTION     W (260)
  AVERAGE WIND SPEED    12.3


SKY COVER
  POSSIBLE SUNSHINE  MM
  AVERAGE SKY COVER 1.0


WEATHER CONDITIONS
 THE FOLLOWING WEATHER WAS RECORDED YESTERDAY.
  LIGHT RAIN
  FOG


RELATIVE HUMIDITY (PERCENT)
 HIGHEST    82           100 AM
 LOWEST     64           400 AM
 AVERAGE    73

..........................................................


THE CLEVELAND OH CLIMATE NORMALS FOR TODAY
                         NORMAL    RECORD    YEAR
 MAXIMUM TEMPERATURE (F)   52        72      1989
                                             1909
 MINIMUM TEMPERATURE (F)   38        15      1911


SUNRISE AND SUNSET
NOVEMBER 13 2014......SUNRISE   713 AM EST   SUNSET   510 PM EST
NOVEMBER 14 2014......SUNRISE   715 AM EST   SUNSET   509 PM EST


-  INDICATES NEGATIVE NUMBERS.
R  INDICATES RECORD WAS SET OR TIED.
MM INDICATES DATA IS MISSING.
T  INDICATES TRACE AMOUNT.




$$
