000
CDUS41 KCLE 262214
CLICLE


CLIMATE REPORT
NATIONAL WEATHER SERVICE CLEVELAND OH
513 PM EST THU JAN 26 2017


...................................

...THE CLEVELAND OH CLIMATE SUMMARY FOR JANUARY 26 2017...
VALID TODAY AS OF 0500 PM LOCAL TIME.

CLIMATE NORMAL PERIOD 1981 TO 2010
CLIMATE RECORD PERIOD 1871 TO 2017


WEATHER ITEM   OBSERVED TIME   RECORD YEAR NORMAL DEPARTURE LAST
                VALUE   (LST)  VALUE       VALUE  FROM      YEAR
                                                  NORMAL
..................................................................
TEMPERATURE (F)
 TODAY
  MAXIMUM         42    237 AM  69    1950  35      7       48
  MINIMUM         37    218 PM  -9    1897  22     15       32
  AVERAGE         40                        28     12       40

PRECIPITATION (IN)
  TODAY            0.12                      0.08   0.04     0.01
  MONTH TO DATE    4.07                      2.33   1.74     1.27
  SINCE DEC 1      6.72                      5.43   1.29     4.23
  SINCE JAN 1      4.07                      2.33   1.74     1.27

SNOWFALL (IN)
  TODAY            T                         0.7   -0.7       T
  MONTH TO DATE    3.5                      15.7  -12.2      7.2
  SINCE DEC 1     13.1                      29.8  -16.7      7.5
  SINCE JUL 1     14.0                      34.3  -20.3      8.4
  SNOW DEPTH       0

DEGREE DAYS
 HEATING
  TODAY           25                        37    -12       25
  MONTH TO DATE  751                       961   -210      991
  SINCE DEC 1   1758                      1973   -215     1638
  SINCE JUL 1   2474                      3068   -594     2503

 COOLING
  TODAY            0                         0      0        0
  MONTH TO DATE    0                         0      0        0
  SINCE DEC 1      0                         0      0        0
  SINCE JAN 1      0                         0      0        0
..................................................................


WIND (MPH)
  HIGHEST WIND SPEED    28   HIGHEST WIND DIRECTION     W (250)
  HIGHEST GUST SPEED    33   HIGHEST GUST DIRECTION     W (280)


SKY COVER
  POSSIBLE SUNSHINE  MM
  AVERAGE SKY COVER 1.0


WEATHER CONDITIONS
 THE FOLLOWING WEATHER WAS RECORDED TODAY.
  LIGHT RAIN
  SNOW
  LIGHT SNOW
  BLOWING SNOW


RELATIVE HUMIDITY (PERCENT)
 HIGHEST    82           100 PM
 LOWEST     59           400 AM
 AVERAGE    71

..........................................................


THE CLEVELAND OH CLIMATE NORMALS FOR TOMORROW
                         NORMAL    RECORD    YEAR
 MAXIMUM TEMPERATURE (F)   35        69      1916
 MINIMUM TEMPERATURE (F)   22        -6      1936


SUNRISE AND SUNSET
JANUARY 26 2017.......SUNRISE   744 AM EST   SUNSET   536 PM EST
JANUARY 27 2017.......SUNRISE   743 AM EST   SUNSET   538 PM EST


-  INDICATES NEGATIVE NUMBERS.
R  INDICATES RECORD WAS SET OR TIED.
MM INDICATES DATA IS MISSING.
T  INDICATES TRACE AMOUNT.




$$
