000
CDUS41 KCLE 180545
CLICLE


CLIMATE REPORT
NATIONAL WEATHER SERVICE CLEVELAND OH
145 AM EDT FRI JUL 18 2014


...................................

...THE CLEVELAND OH CLIMATE SUMMARY FOR JULY 17 2014...

CLIMATE NORMAL PERIOD 1981 TO 2010
CLIMATE RECORD PERIOD 1871 TO 2014


WEATHER ITEM   OBSERVED TIME   RECORD YEAR NORMAL DEPARTURE LAST
                VALUE   (LST)  VALUE       VALUE  FROM      YEAR
                                                  NORMAL
..................................................................
TEMPERATURE (F)
 YESTERDAY
  MAXIMUM         74    501 PM  98    2012  83     -9       93
  MINIMUM         57   1128 PM  49    1946  65     -8       75
  AVERAGE         66                        74     -8       84

PRECIPITATION (IN)
  YESTERDAY        0.04                      0.11  -0.07     0.00
  MONTH TO DATE    1.42                      1.84  -0.42     2.92
  SINCE JUN 1      7.68                      5.27   2.41    10.82
  SINCE JAN 1     23.95                     20.41   3.54    23.41

SNOWFALL (IN)
  YESTERDAY        0.0                       0.0    0.0      0.0
  MONTH TO DATE    0.0                       0.0    0.0      0.0
  SINCE JUN 1      0.0                       0.0    0.0      0.0
  SINCE JUL 1      0.0                       0.0    0.0      0.0
  SNOW DEPTH       0

DEGREE DAYS
 HEATING
  YESTERDAY        0                         0      0        0
  MONTH TO DATE    6                         0      6        0
  SINCE JUN 1     26                        42    -16       39
  SINCE JUL 1      6                         0      6        0

 COOLING
  YESTERDAY        1                         9     -8       19
  MONTH TO DATE  104                       148    -44      191
  SINCE JUN 1    286                       316    -30      355
  SINCE JAN 1    352                       375    -23      469
..................................................................


WIND (MPH)
  HIGHEST WIND SPEED    14   HIGHEST WIND DIRECTION    NW (330)
  HIGHEST GUST SPEED    20   HIGHEST GUST DIRECTION    NW (330)
  AVERAGE WIND SPEED     5.6


SKY COVER
  POSSIBLE SUNSHINE  MM
  AVERAGE SKY COVER 0.5


WEATHER CONDITIONS
 THE FOLLOWING WEATHER WAS RECORDED YESTERDAY.
  LIGHT RAIN
  FOG


RELATIVE HUMIDITY (PERCENT)
 HIGHEST    93           200 AM
 LOWEST     35           400 PM
 AVERAGE    64

..........................................................


THE CLEVELAND OH CLIMATE NORMALS FOR TODAY
                         NORMAL    RECORD    YEAR
 MAXIMUM TEMPERATURE (F)   83        96      1878
 MINIMUM TEMPERATURE (F)   65        51      1971


SUNRISE AND SUNSET
JULY 18 2014..........SUNRISE   609 AM EDT   SUNSET   857 PM EDT
JULY 19 2014..........SUNRISE   610 AM EDT   SUNSET   857 PM EDT


-  INDICATES NEGATIVE NUMBERS.
R  INDICATES RECORD WAS SET OR TIED.
MM INDICATES DATA IS MISSING.
T  INDICATES TRACE AMOUNT.




$$
