000
CDUS41 KCLE 290545
CLICLE


CLIMATE REPORT
NATIONAL WEATHER SERVICE CLEVELAND OH
145 AM EDT TUE AUG 29 2017


...................................

...THE CLEVELAND OH CLIMATE SUMMARY FOR AUGUST 28 2017...

CLIMATE NORMAL PERIOD 1981 TO 2010
CLIMATE RECORD PERIOD 1871 TO 2017


WEATHER ITEM   OBSERVED TIME   RECORD YEAR NORMAL DEPARTURE LAST
                VALUE   (LST)  VALUE       VALUE  FROM      YEAR
                                                  NORMAL
..................................................................
TEMPERATURE (F)
 YESTERDAY
  MAXIMUM         80    214 PM  98    1953  80      0       90
  MINIMUM         66    641 AM  42    1968  62      4       70
  AVERAGE         73                        71      2       80

PRECIPITATION (IN)
  YESTERDAY        0.01                      0.11  -0.10     0.00
  MONTH TO DATE    1.21                      3.18  -1.97     3.50
  SINCE JUN 1      9.53                     10.07  -0.54     7.44
  SINCE JAN 1     31.59                     25.21   6.38    23.37

SNOWFALL (IN)
  YESTERDAY        0.0                       0.0    0.0      0.0
  MONTH TO DATE    0.0                       0.0    0.0      0.0
  SINCE JUN 1      0.0                       0.0    0.0      0.0
  SINCE JUL 1      0.0                       0.0    0.0      0.0
  SNOW DEPTH       0

DEGREE DAYS
 HEATING
  YESTERDAY        0                         0      0        0
  MONTH TO DATE    2                         0      2        0
  SINCE JUN 1     19                        46    -27       13
  SINCE JUL 1      2                         4     -2        0

 COOLING
  YESTERDAY        8                         6      2       15
  MONTH TO DATE  230                       206     24      373
  SINCE JUN 1    789                       639    150      972
  SINCE JAN 1    877                       698    179     1053
..................................................................


WIND (MPH)
  HIGHEST WIND SPEED    17   HIGHEST WIND DIRECTION     S (170)
  HIGHEST GUST SPEED    23   HIGHEST GUST DIRECTION     S (170)
  AVERAGE WIND SPEED    10.2


SKY COVER
  POSSIBLE SUNSHINE  MM
  AVERAGE SKY COVER 0.8


WEATHER CONDITIONS
 THE FOLLOWING WEATHER WAS RECORDED YESTERDAY.
  LIGHT RAIN


RELATIVE HUMIDITY (PERCENT)
 HIGHEST    84          1200 AM
 LOWEST     52           300 PM
 AVERAGE    68

..........................................................


THE CLEVELAND OH CLIMATE NORMALS FOR TODAY
                         NORMAL    RECORD    YEAR
 MAXIMUM TEMPERATURE (F)   79        98      1953
 MINIMUM TEMPERATURE (F)   61        38      1982


SUNRISE AND SUNSET
AUGUST 29 2017........SUNRISE   651 AM EDT   SUNSET   805 PM EDT
AUGUST 30 2017........SUNRISE   652 AM EDT   SUNSET   803 PM EDT


-  INDICATES NEGATIVE NUMBERS.
R  INDICATES RECORD WAS SET OR TIED.
MM INDICATES DATA IS MISSING.
T  INDICATES TRACE AMOUNT.




$$
