000
CDUS41 KCLE 090531
CLICLE


CLIMATE REPORT
NATIONAL WEATHER SERVICE CLEVELAND OH
1230 AM EST TUE FEB 9 2016


...................................

...THE CLEVELAND OH CLIMATE SUMMARY FOR FEBRUARY 8 2016...

CLIMATE NORMAL PERIOD 1981 TO 2010
CLIMATE RECORD PERIOD 1871 TO 2016


WEATHER ITEM   OBSERVED TIME   RECORD YEAR NORMAL DEPARTURE LAST
                VALUE   (LST)  VALUE       VALUE  FROM      YEAR
                                                  NORMAL
..................................................................
TEMPERATURE (F)
 YESTERDAY
  MAXIMUM         46   1206 AM  69    1937  36     10       47
  MINIMUM         32   1159 PM  -8    1977  23      9       24
                                      1934
                                      1899
  AVERAGE         39                        29     10       36

PRECIPITATION (IN)
  YESTERDAY        0.61                      0.08   0.53      T
  MONTH TO DATE    1.20                      0.64   0.56     1.15
  SINCE DEC 1      5.53                      6.46  -0.93     6.04
  SINCE JAN 1      2.57                      3.36  -0.79     4.09

SNOWFALL (IN)
  YESTERDAY        3.3                       0.5    2.8      0.0
  MONTH TO DATE    3.3                       4.4   -1.1     12.9
  SINCE DEC 1     11.2                      37.2  -26.0     28.9
  SINCE JUL 1     12.1                      41.7  -29.6     48.3
  SNOW DEPTH       0

DEGREE DAYS
 HEATING
  YESTERDAY       26                        36    -10       29
  MONTH TO DATE  219                       288    -69      328
  SINCE DEC 1   2005                      2445   -440     2530
  SINCE JUL 1   2870                      3540   -670     3864

 COOLING
  YESTERDAY        0                         0      0        0
  MONTH TO DATE    0                         0      0        0
  SINCE DEC 1      0                         0      0        0
  SINCE JAN 1      0                         0      0        0
..................................................................


WIND (MPH)
  HIGHEST WIND SPEED    14   HIGHEST WIND DIRECTION     W (290)
  HIGHEST GUST SPEED    20   HIGHEST GUST DIRECTION    SW (230)
  AVERAGE WIND SPEED     5.7


SKY COVER
  POSSIBLE SUNSHINE  MM
  AVERAGE SKY COVER 1.0


WEATHER CONDITIONS
 THE FOLLOWING WEATHER WAS RECORDED YESTERDAY.
  LIGHT RAIN
  SNOW
  LIGHT SNOW
  FOG
  FOG W/VISIBILITY <= 1/4 MILE


RELATIVE HUMIDITY (PERCENT)
 HIGHEST    96           100 PM
 LOWEST     38          1200 AM
 AVERAGE    67

..........................................................


THE CLEVELAND OH CLIMATE NORMALS FOR TODAY
                         NORMAL    RECORD    YEAR
 MAXIMUM TEMPERATURE (F)   36        63      2001
 MINIMUM TEMPERATURE (F)   23       -14      1899


SUNRISE AND SUNSET
FEBRUARY  9 2016......SUNRISE   731 AM EST   SUNSET   553 PM EST
FEBRUARY 10 2016......SUNRISE   729 AM EST   SUNSET   554 PM EST


-  INDICATES NEGATIVE NUMBERS.
R  INDICATES RECORD WAS SET OR TIED.
MM INDICATES DATA IS MISSING.
T  INDICATES TRACE AMOUNT.




$$
