000
CDUS41 KCLE 240545
CLICLE


CLIMATE REPORT
NATIONAL WEATHER SERVICE CLEVELAND OH
145 AM EDT SAT JUN 24 2017


...................................

...THE CLEVELAND OH CLIMATE SUMMARY FOR JUNE 23 2017...

CLIMATE NORMAL PERIOD 1981 TO 2010
CLIMATE RECORD PERIOD 1871 TO 2017


WEATHER ITEM   OBSERVED TIME   RECORD YEAR NORMAL DEPARTURE LAST
                VALUE   (LST)  VALUE       VALUE  FROM      YEAR
                                                  NORMAL
..................................................................
TEMPERATURE (F)
 YESTERDAY
  MAXIMUM         78   1209 PM  94    1948  81     -3       74
  MINIMUM         71   1159 PM  41    1963  62      9       65
  AVERAGE         75                        71      4       70

PRECIPITATION (IN)
  YESTERDAY        1.26                      0.11   1.15     0.32
  MONTH TO DATE    2.83                      2.65   0.18     2.12
  SINCE JUN 1      2.83                      2.65   0.18     2.12
  SINCE JAN 1     24.89                     17.79   7.10    18.05

SNOWFALL (IN)
  YESTERDAY        0.0                       0.0    0.0      0.0
  MONTH TO DATE    0.0                       0.0    0.0      0.0
  SINCE JUN 1      0.0                       0.0    0.0      0.0
  SINCE JUL 1     37.3                      68.1  -30.8     32.8
  SNOW DEPTH       0

DEGREE DAYS
 HEATING
  YESTERDAY        0                         1     -1        0
  MONTH TO DATE   15                        39    -24       13
  SINCE JUN 1     15                        39    -24       13
  SINCE JUL 1   4565                      5759  -1194     4959

 COOLING
  YESTERDAY       10                         7      3        5
  MONTH TO DATE  197                       114     83      180
  SINCE JUN 1    197                       114     83      180
  SINCE JAN 1    285                       173    112      261
..................................................................


WIND (MPH)
  HIGHEST WIND SPEED    20   HIGHEST WIND DIRECTION     W (250)
  HIGHEST GUST SPEED    24   HIGHEST GUST DIRECTION     W (250)
  AVERAGE WIND SPEED    10.9


SKY COVER
  POSSIBLE SUNSHINE  MM
  AVERAGE SKY COVER 0.9


WEATHER CONDITIONS
 THE FOLLOWING WEATHER WAS RECORDED YESTERDAY.
  THUNDERSTORM
  HEAVY RAIN
  RAIN
  LIGHT RAIN
  FOG
  HAZE


RELATIVE HUMIDITY (PERCENT)
 HIGHEST    94          1000 AM
 LOWEST     67          1200 AM
 AVERAGE    81

..........................................................


THE CLEVELAND OH CLIMATE NORMALS FOR TODAY
                         NORMAL    RECORD    YEAR
 MAXIMUM TEMPERATURE (F)   81        96      1952
 MINIMUM TEMPERATURE (F)   62        44      1915


SUNRISE AND SUNSET
JUNE 24 2017..........SUNRISE   555 AM EDT   SUNSET   905 PM EDT
JUNE 25 2017..........SUNRISE   555 AM EDT   SUNSET   905 PM EDT


-  INDICATES NEGATIVE NUMBERS.
R  INDICATES RECORD WAS SET OR TIED.
MM INDICATES DATA IS MISSING.
T  INDICATES TRACE AMOUNT.




$$
