000
CDUS41 KCLE 312117
CLICLE


CLIMATE REPORT
NATIONAL WEATHER SERVICE CLEVELAND OH
516 PM EDT SUN MAY 31 2015


...................................

...THE CLEVELAND OH CLIMATE SUMMARY FOR MAY 31 2015...
VALID TODAY AS OF 0500 PM LOCAL TIME.

CLIMATE NORMAL PERIOD 1981 TO 2010
CLIMATE RECORD PERIOD 1871 TO 2015


WEATHER ITEM   OBSERVED TIME   RECORD YEAR NORMAL DEPARTURE LAST
                VALUE   (LST)  VALUE       VALUE  FROM      YEAR
                                                  NORMAL
..................................................................
TEMPERATURE (F)
 TODAY
  MAXIMUM         60    751 AM  92    1944  74    -14       76
  MINIMUM         50    359 PM  39    1996  55     -5       52
                                      1984
  AVERAGE         55                        64     -9       64

PRECIPITATION (IN)
  TODAY            0.83                      0.13   0.70     0.00
  MONTH TO DATE    4.03                      3.66   0.37     4.08
  SINCE MAR 1      8.77                     10.08  -1.31    11.24
  SINCE JAN 1     13.57                     15.14  -1.57    16.27

SNOWFALL (IN)
  TODAY            0.0                       0.0    0.0      0.0
  MONTH TO DATE    0.0                       0.0    0.0      0.0
  SINCE MAR 1      5.7                      15.9  -10.2     16.4
  SINCE JUL 1     67.1                      68.1   -1.0     86.1
  SNOW DEPTH       0

DEGREE DAYS
 HEATING
  TODAY           10                         4      6        1
  MONTH TO DATE  137                       211    -74      180
  SINCE MAR 1   1542                      1503     39     1614
  SINCE JUL 1   6492                      5720    772     6295

 COOLING
  TODAY            0                         3     -3        0
  MONTH TO DATE  115                        48     67       59
  SINCE MAR 1    116                        59     57       66
  SINCE JAN 1    116                        59     57       66
..................................................................


WIND (MPH)
  HIGHEST WIND SPEED    29   HIGHEST WIND DIRECTION    NE (30)
  HIGHEST GUST SPEED    35   HIGHEST GUST DIRECTION    NE (40)


SKY COVER
  POSSIBLE SUNSHINE  MM
  AVERAGE SKY COVER 0.9


WEATHER CONDITIONS
 THE FOLLOWING WEATHER WAS RECORDED TODAY.
  RAIN
  LIGHT RAIN
  FOG


RELATIVE HUMIDITY (PERCENT)
 HIGHEST   100           100 AM
 LOWEST     89           300 PM
 AVERAGE    95

..........................................................


THE CLEVELAND OH CLIMATE NORMALS FOR TOMORROW
                         NORMAL    RECORD    YEAR
 MAXIMUM TEMPERATURE (F)   74        95      1934
 MINIMUM TEMPERATURE (F)   55        40      1981
                                             1966


SUNRISE AND SUNSET
MAY 31 2015...........SUNRISE   557 AM EDT   SUNSET   854 PM EDT
JUNE  1 2015..........SUNRISE   556 AM EDT   SUNSET   854 PM EDT


-  INDICATES NEGATIVE NUMBERS.
R  INDICATES RECORD WAS SET OR TIED.
MM INDICATES DATA IS MISSING.
T  INDICATES TRACE AMOUNT.




$$
