000
CDUS41 KCLE 160526
CLICLE


CLIMATE REPORT
NATIONAL WEATHER SERVICE CLEVELAND OH
1226 AM EST THU NOV 16 2017


...................................

...THE CLEVELAND OH CLIMATE SUMMARY FOR NOVEMBER 15 2017...

CLIMATE NORMAL PERIOD 1981 TO 2010
CLIMATE RECORD PERIOD 1871 TO 2017


WEATHER ITEM   OBSERVED TIME   RECORD YEAR NORMAL DEPARTURE LAST
                VALUE   (LST)  VALUE       VALUE  FROM      YEAR
                                                  NORMAL
..................................................................
TEMPERATURE (F)
 YESTERDAY
  MAXIMUM         49   1159 PM  72    1927  51     -2       62
  MINIMUM         32    519 AM  14    1996  37     -5       37
  AVERAGE         41                        44     -3       50

PRECIPITATION (IN)
  YESTERDAY        0.18                      0.13   0.05     0.00
  MONTH TO DATE    3.04                      1.79   1.25     0.72
  SINCE SEP 1      7.53                      8.67  -1.14     9.06
  SINCE JAN 1     39.16                     34.21   4.95    32.43

SNOWFALL (IN)
  YESTERDAY        0.0                       0.1   -0.1      0.0
  MONTH TO DATE    0.2                       1.4   -1.2      0.0
  SINCE SEP 1      0.2                       1.6   -1.4      0.0
  SINCE JUL 1      0.2                       1.6   -1.4      0.0
  SNOW DEPTH       0

DEGREE DAYS
 HEATING
  YESTERDAY       24                        21      3       15
  MONTH TO DATE  302                       275     27      185
  SINCE SEP 1    560                       723   -163      414
  SINCE JUL 1    562                       735   -173      414

 COOLING
  YESTERDAY        0                         0      0        0
  MONTH TO DATE    0                         0      0        7
  SINCE SEP 1    222                       101    121      235
  SINCE JAN 1   1113                       816    297     1319
..................................................................


WIND (MPH)
  HIGHEST WIND SPEED    22   HIGHEST WIND DIRECTION     S (170)
  HIGHEST GUST SPEED    29   HIGHEST GUST DIRECTION    SW (240)
  AVERAGE WIND SPEED    12.1


SKY COVER
  POSSIBLE SUNSHINE  MM
  AVERAGE SKY COVER 0.9


WEATHER CONDITIONS
 THE FOLLOWING WEATHER WAS RECORDED YESTERDAY.
  LIGHT RAIN
  FOG


RELATIVE HUMIDITY (PERCENT)
 HIGHEST    86           800 PM
 LOWEST     60           200 PM
 AVERAGE    73

..........................................................


THE CLEVELAND OH CLIMATE NORMALS FOR TODAY
                         NORMAL    RECORD    YEAR
 MAXIMUM TEMPERATURE (F)   51        72      1931
 MINIMUM TEMPERATURE (F)   37        12      1933


SUNRISE AND SUNSET
NOVEMBER 16 2017......SUNRISE   717 AM EST   SUNSET   507 PM EST
NOVEMBER 17 2017......SUNRISE   719 AM EST   SUNSET   506 PM EST


-  INDICATES NEGATIVE NUMBERS.
R  INDICATES RECORD WAS SET OR TIED.
MM INDICATES DATA IS MISSING.
T  INDICATES TRACE AMOUNT.




$$
