000
CDUS41 KCLE 300530
CLICLE


CLIMATE REPORT
NATIONAL WEATHER SERVICE CLEVELAND OH
1230 AM EST WED NOV 30 2016


...................................

...THE CLEVELAND OH CLIMATE SUMMARY FOR NOVEMBER 29 2016...

CLIMATE NORMAL PERIOD 1981 TO 2010
CLIMATE RECORD PERIOD 1871 TO 2016


WEATHER ITEM   OBSERVED TIME   RECORD YEAR NORMAL DEPARTURE LAST
                VALUE   (LST)  VALUE       VALUE  FROM      YEAR
                                                  NORMAL
..................................................................
TEMPERATURE (F)
 YESTERDAY
  MAXIMUM         61    313 PM  67    1933  45     16       41
  MINIMUM         49   1200 AM   6    1976  32     17       33
                                      1929
                                      1887
  AVERAGE         55                        38     17       37

PRECIPITATION (IN)
  YESTERDAY        0.02                      0.12  -0.10     0.00
  MONTH TO DATE    1.70                      3.51  -1.81     2.31
  SINCE SEP 1     10.04                     10.39  -0.35     9.39
  SINCE JAN 1     33.41                     35.93  -2.52    37.11

SNOWFALL (IN)
  YESTERDAY        0.0                       0.3   -0.3      0.0
  MONTH TO DATE    0.9                       4.1   -3.2      0.8
  SINCE SEP 1      0.9                       4.3   -3.4      0.9
  SINCE JUL 1      0.9                       4.3   -3.4      0.9
  SNOW DEPTH       0

DEGREE DAYS
 HEATING
  YESTERDAY       10                        27    -17       28
  MONTH TO DATE  475                       609   -134      473
  SINCE SEP 1    704                      1057   -353      823
  SINCE JUL 1    704                      1069   -365      837

 COOLING
  YESTERDAY        0                         0      0        0
  MONTH TO DATE    8                         0      8        4
  SINCE SEP 1    236                       101    135      162
  SINCE JAN 1   1320                       816    504      831
..................................................................


WIND (MPH)
  HIGHEST WIND SPEED    32   HIGHEST WIND DIRECTION     S (170)
  HIGHEST GUST SPEED    45   HIGHEST GUST DIRECTION     S (160)
  AVERAGE WIND SPEED    12.5


SKY COVER
  POSSIBLE SUNSHINE  MM
  AVERAGE SKY COVER 0.9


WEATHER CONDITIONS
 THE FOLLOWING WEATHER WAS RECORDED YESTERDAY.
  LIGHT RAIN


RELATIVE HUMIDITY (PERCENT)
 HIGHEST    77           600 AM
 LOWEST     51           300 PM
 AVERAGE    64

..........................................................


THE CLEVELAND OH CLIMATE NORMALS FOR TODAY
                         NORMAL    RECORD    YEAR
 MAXIMUM TEMPERATURE (F)   44        71      1934
 MINIMUM TEMPERATURE (F)   32         3      1976


SUNRISE AND SUNSET
NOVEMBER 30 2016......SUNRISE   733 AM EST   SUNSET   459 PM EST
DECEMBER  1 2016......SUNRISE   735 AM EST   SUNSET   459 PM EST


-  INDICATES NEGATIVE NUMBERS.
R  INDICATES RECORD WAS SET OR TIED.
MM INDICATES DATA IS MISSING.
T  INDICATES TRACE AMOUNT.




$$
