000
CDUS41 KCLE 210527
CLICLE


CLIMATE REPORT
NATIONAL WEATHER SERVICE CLEVELAND OH
1226 AM EST TUE FEB 21 2017


...................................

...THE CLEVELAND OH CLIMATE SUMMARY FOR FEBRUARY 20 2017...

CLIMATE NORMAL PERIOD 1981 TO 2010
CLIMATE RECORD PERIOD 1871 TO 2017


WEATHER ITEM   OBSERVED TIME   RECORD YEAR NORMAL DEPARTURE LAST
                VALUE   (LST)  VALUE       VALUE  FROM      YEAR
                                                  NORMAL
..................................................................
TEMPERATURE (F)
 YESTERDAY
  MAXIMUM         59   1225 PM  69    1930  39     20       67
  MINIMUM         33    526 AM -17    2015  24      9       39
  AVERAGE         46                        31     15       53

PRECIPITATION (IN)
  YESTERDAY        0.00                      0.08  -0.08     0.00
  MONTH TO DATE    2.10                      1.63   0.47     1.82
  SINCE DEC 1      9.53                      7.45   2.08     6.15
  SINCE JAN 1      6.88                      4.35   2.53     3.19

SNOWFALL (IN)
  YESTERDAY        0.0                       0.6   -0.6      0.0
  MONTH TO DATE    2.9                      10.8   -7.9     11.8
  SINCE DEC 1     24.0                      43.6  -19.6     19.7
  SINCE JUL 1     24.9                      48.1  -23.2     20.6
  SNOW DEPTH       0

DEGREE DAYS
 HEATING
  YESTERDAY       19                        34    -15       12
  MONTH TO DATE  545                       704   -159      697
  SINCE DEC 1   2482                      2861   -379     2483
  SINCE JUL 1   3198                      3956   -758     3348

 COOLING
  YESTERDAY        0                         0      0        0
  MONTH TO DATE    0                         0      0        0
  SINCE DEC 1      0                         0      0        0
  SINCE JAN 1      0                         0      0        0
..................................................................


WIND (MPH)
  HIGHEST WIND SPEED    14   HIGHEST WIND DIRECTION    NE (40)
  HIGHEST GUST SPEED    15   HIGHEST GUST DIRECTION    NE (30)
  AVERAGE WIND SPEED     3.5


SKY COVER
  POSSIBLE SUNSHINE  MM
  AVERAGE SKY COVER 0.7


WEATHER CONDITIONS
 THE FOLLOWING WEATHER WAS RECORDED YESTERDAY.
  NO SIGNIFICANT WEATHER WAS OBSERVED.


RELATIVE HUMIDITY (PERCENT)
 HIGHEST    82           600 AM
 LOWEST     39          1200 PM
 AVERAGE    61

..........................................................


THE CLEVELAND OH CLIMATE NORMALS FOR TODAY
                         NORMAL    RECORD    YEAR
 MAXIMUM TEMPERATURE (F)   39        70      1997
 MINIMUM TEMPERATURE (F)   24        -2      1885


SUNRISE AND SUNSET
FEBRUARY 21 2017......SUNRISE   714 AM EST   SUNSET   609 PM EST
FEBRUARY 22 2017......SUNRISE   712 AM EST   SUNSET   610 PM EST


-  INDICATES NEGATIVE NUMBERS.
R  INDICATES RECORD WAS SET OR TIED.
MM INDICATES DATA IS MISSING.
T  INDICATES TRACE AMOUNT.




$$
