000
CDUS41 KCLE 200545
CLICLE


CLIMATE REPORT
NATIONAL WEATHER SERVICE CLEVELAND OH
145 AM EDT TUE JUN 20 2017


...................................

...THE CLEVELAND OH CLIMATE SUMMARY FOR JUNE 19 2017...

CLIMATE NORMAL PERIOD 1981 TO 2010
CLIMATE RECORD PERIOD 1871 TO 2017


WEATHER ITEM   OBSERVED TIME   RECORD YEAR NORMAL DEPARTURE LAST
                VALUE   (LST)  VALUE       VALUE  FROM      YEAR
                                                  NORMAL
..................................................................
TEMPERATURE (F)
 YESTERDAY
  MAXIMUM         81    259 PM  92    1995  80      1       88
                                      1964
  MINIMUM         63   1159 PM  46    1965  61      2       66
                                      1886
  AVERAGE         72                        70      2       77

PRECIPITATION (IN)
  YESTERDAY        0.13                      0.11   0.02     0.00
  MONTH TO DATE    1.40                      2.20  -0.80     1.77
  SINCE JUN 1      1.40                      2.20  -0.80     1.77
  SINCE JAN 1     23.46                     17.34   6.12    17.70

SNOWFALL (IN)
  YESTERDAY        0.0                       0.0    0.0      0.0
  MONTH TO DATE    0.0                       0.0    0.0      0.0
  SINCE JUN 1      0.0                       0.0    0.0      0.0
  SINCE JUL 1     37.3                      68.1  -30.8     32.8
  SNOW DEPTH       0

DEGREE DAYS
 HEATING
  YESTERDAY        0                         1     -1        0
  MONTH TO DATE   15                        35    -20       13
  SINCE JUN 1     15                        35    -20       13
  SINCE JUL 1   4565                      5755  -1190     4959

 COOLING
  YESTERDAY        7                         6      1       12
  MONTH TO DATE  168                        87     81      138
  SINCE JUN 1    168                        87     81      138
  SINCE JAN 1    256                       146    110      219
..................................................................


WIND (MPH)
  HIGHEST WIND SPEED    32   HIGHEST WIND DIRECTION    NW (300)
  HIGHEST GUST SPEED    42   HIGHEST GUST DIRECTION    NW (300)
  AVERAGE WIND SPEED     8.6


SKY COVER
  POSSIBLE SUNSHINE  MM
  AVERAGE SKY COVER 0.7


WEATHER CONDITIONS
 THE FOLLOWING WEATHER WAS RECORDED YESTERDAY.
  THUNDERSTORM
  HEAVY RAIN
  RAIN
  LIGHT RAIN
  FOG


RELATIVE HUMIDITY (PERCENT)
 HIGHEST    87           600 PM
 LOWEST     45           300 PM
 AVERAGE    66

..........................................................


THE CLEVELAND OH CLIMATE NORMALS FOR TODAY
                         NORMAL    RECORD    YEAR
 MAXIMUM TEMPERATURE (F)   80        96      1988
 MINIMUM TEMPERATURE (F)   61        46      2004
                                             1982
                                             1947


SUNRISE AND SUNSET
JUNE 20 2017..........SUNRISE   554 AM EDT   SUNSET   904 PM EDT
JUNE 21 2017..........SUNRISE   554 AM EDT   SUNSET   904 PM EDT


-  INDICATES NEGATIVE NUMBERS.
R  INDICATES RECORD WAS SET OR TIED.
MM INDICATES DATA IS MISSING.
T  INDICATES TRACE AMOUNT.




$$
