000
CDUS41 KCLE 150527
CLICLE


CLIMATE REPORT
NATIONAL WEATHER SERVICE CLEVELAND OH
1227 AM EST MON DEC 15 2014


...................................

...THE CLEVELAND OH CLIMATE SUMMARY FOR DECEMBER 14 2014...

CLIMATE NORMAL PERIOD 1981 TO 2010
CLIMATE RECORD PERIOD 1871 TO 2014


WEATHER ITEM   OBSERVED TIME   RECORD YEAR NORMAL DEPARTURE LAST
                VALUE   (LST)  VALUE       VALUE  FROM      YEAR
                                                  NORMAL
..................................................................
TEMPERATURE (F)
 YESTERDAY
  MAXIMUM         49    237 PM  64    1901  38     11       34
  MINIMUM         42   1008 AM   0    1914  27     15       26
  AVERAGE         46                        32     14       30

PRECIPITATION (IN)
  YESTERDAY        0.00                      0.10  -0.10     0.50
  MONTH TO DATE    0.96                      1.44  -0.48     0.88
  SINCE DEC 1      0.96                      1.44  -0.48     0.88
  SINCE JAN 1     43.06                     37.48   5.58    38.63

SNOWFALL (IN)
  YESTERDAY        0.0                       0.5   -0.5      5.5
  MONTH TO DATE    T                         5.4   -5.4     10.6
  SINCE DEC 1      T                         5.4   -5.4     10.6
  SINCE JUL 1     19.4                       9.9    9.5     15.3
  SNOW DEPTH       0

DEGREE DAYS
 HEATING
  YESTERDAY       19                        32    -13       35
  MONTH TO DATE  417                       420     -3      460
  SINCE DEC 1    417                       420     -3      460
  SINCE JUL 1   1751                      1515    236     1609

 COOLING
  YESTERDAY        0                         0      0        0
  MONTH TO DATE    0                         0      0        0
  SINCE DEC 1      0                         0      0        0
  SINCE JAN 1    657                       817   -160      889
..................................................................


WIND (MPH)
  HIGHEST WIND SPEED    16   HIGHEST WIND DIRECTION     W (290)
  HIGHEST GUST SPEED    21   HIGHEST GUST DIRECTION    NW (300)
  AVERAGE WIND SPEED     7.2


SKY COVER
  POSSIBLE SUNSHINE  MM
  AVERAGE SKY COVER 1.0


WEATHER CONDITIONS
 THE FOLLOWING WEATHER WAS RECORDED YESTERDAY.
  FOG
  HAZE


RELATIVE HUMIDITY (PERCENT)
 HIGHEST   100          1100 AM
 LOWEST     80           300 PM
 AVERAGE    90

..........................................................


THE CLEVELAND OH CLIMATE NORMALS FOR TODAY
                         NORMAL    RECORD    YEAR
 MAXIMUM TEMPERATURE (F)   38        67      1971
 MINIMUM TEMPERATURE (F)   26        -1      1958
                                             1914


SUNRISE AND SUNSET
DECEMBER 15 2014......SUNRISE   746 AM EST   SUNSET   459 PM EST
DECEMBER 16 2014......SUNRISE   747 AM EST   SUNSET   459 PM EST


-  INDICATES NEGATIVE NUMBERS.
R  INDICATES RECORD WAS SET OR TIED.
MM INDICATES DATA IS MISSING.
T  INDICATES TRACE AMOUNT.




$$
