000
CDUS41 KCLE 260537
CLICLE


CLIMATE REPORT
NATIONAL WEATHER SERVICE CLEVELAND OH
135 AM EDT THU MAR 26 2015


...................................

...THE CLEVELAND OH CLIMATE SUMMARY FOR MARCH 25 2015...

CLIMATE NORMAL PERIOD 1981 TO 2010
CLIMATE RECORD PERIOD 1871 TO 2015


WEATHER ITEM   OBSERVED TIME   RECORD YEAR NORMAL DEPARTURE LAST
                VALUE   (LST)  VALUE       VALUE  FROM      YEAR
                                                  NORMAL
..................................................................
TEMPERATURE (F)
 YESTERDAY
  MAXIMUM         56    448 PM  83    1945  50      6       38
  MINIMUM         32   1235 AM   4    1974  33     -1       19
  AVERAGE         44                        42      2       29

PRECIPITATION (IN)
  YESTERDAY        0.17                      0.10   0.07     0.10
  MONTH TO DATE    1.31                      2.28  -0.97     1.27
  SINCE MAR 1      1.31                      2.28  -0.97     1.27
  SINCE JAN 1      6.11                      7.34  -1.23     6.30

SNOWFALL (IN)
  YESTERDAY        0.0                       0.3   -0.3      1.2
  MONTH TO DATE    4.5                      10.8   -6.3      8.9
  SINCE MAR 1      4.5                      10.8   -6.3      8.9
  SINCE JUL 1     65.9                      63.0    2.9     78.6
  SNOW DEPTH       0

DEGREE DAYS
 HEATING
  YESTERDAY       21                        24     -3       36
  MONTH TO DATE  773                       691     82      842
  SINCE MAR 1    773                       691     82      842
  SINCE JUL 1   5723                      4908    815     5523

 COOLING
  YESTERDAY        0                         0      0        0
  MONTH TO DATE    0                         0      0        0
  SINCE MAR 1      0                         0      0        0
  SINCE JAN 1      0                         0      0        0
..................................................................


WIND (MPH)
  HIGHEST WIND SPEED    31   HIGHEST WIND DIRECTION    SW (230)
  HIGHEST GUST SPEED    41   HIGHEST GUST DIRECTION    SW (240)
  AVERAGE WIND SPEED    13.3


SKY COVER
  POSSIBLE SUNSHINE  MM
  AVERAGE SKY COVER 0.9


WEATHER CONDITIONS
 THE FOLLOWING WEATHER WAS RECORDED YESTERDAY.
  LIGHT RAIN
  FOG


RELATIVE HUMIDITY (PERCENT)
 HIGHEST    89           900 AM
 LOWEST     59           200 AM
 AVERAGE    74

..........................................................


THE CLEVELAND OH CLIMATE NORMALS FOR TODAY
                         NORMAL    RECORD    YEAR
 MAXIMUM TEMPERATURE (F)   51        80      1967
 MINIMUM TEMPERATURE (F)   33        14      2001


SUNRISE AND SUNSET
MARCH 26 2015.........SUNRISE   721 AM EDT   SUNSET   746 PM EDT
MARCH 27 2015.........SUNRISE   719 AM EDT   SUNSET   747 PM EDT


-  INDICATES NEGATIVE NUMBERS.
R  INDICATES RECORD WAS SET OR TIED.
MM INDICATES DATA IS MISSING.
T  INDICATES TRACE AMOUNT.




$$
