089
CDUS41 KCLE 160610
CLICLE


CLIMATE REPORT
NATIONAL WEATHER SERVICE CLEVELAND OH
127 AM EDT MON OCT 16 2017


...................................

...THE CLEVELAND OH CLIMATE SUMMARY FOR OCTOBER 15 2017...

CLIMATE NORMAL PERIOD 1981 TO 2010
CLIMATE RECORD PERIOD 1871 TO 2017


WEATHER ITEM   OBSERVED TIME   RECORD YEAR NORMAL DEPARTURE LAST
                VALUE   (LST)  VALUE       VALUE  FROM      YEAR
                                                  NORMAL
..................................................................
TEMPERATURE (F)
 YESTERDAY
  MAXIMUM         79   1232 PM  86    1947  63     16       77
  MINIMUM         53   1159 PM  29    1876  46      7       44
  AVERAGE         66                        54     12       61

PRECIPITATION (IN)
  YESTERDAY        0.06                      0.10  -0.04     0.00
  MONTH TO DATE    2.94                      1.56   1.38     0.50
  SINCE SEP 1      3.75                      5.37  -1.62     5.88
  SINCE JAN 1     35.38                     30.91   4.47    29.25

SNOWFALL (IN)
  YESTERDAY        0.0                       0.0    0.0      0.0
  MONTH TO DATE    0.0                       0.0    0.0      0.0
  SINCE SEP 1      0.0                       0.0    0.0      0.0
  SINCE JUL 1      0.0                       0.0    0.0      0.0
  SNOW DEPTH       0

DEGREE DAYS
 HEATING
  YESTERDAY        0                        11    -11        4
  MONTH TO DATE   12                       138   -126       72
  SINCE SEP 1     60                       229   -169       83
  SINCE JUL 1     62                       241   -179       83

 COOLING
  YESTERDAY        1                         0      1        0
  MONTH TO DATE   44                        10     34       15
  SINCE SEP 1    221                        99    122      200
  SINCE JAN 1   1112                       814    298     1284
..................................................................


WIND (MPH)
  HIGHEST WIND SPEED    33   HIGHEST WIND DIRECTION     W (280)
  HIGHEST GUST SPEED    45   HIGHEST GUST DIRECTION     W (280)
  AVERAGE WIND SPEED    18.0


SKY COVER
  POSSIBLE SUNSHINE  MM
  AVERAGE SKY COVER 0.9


WEATHER CONDITIONS
 THE FOLLOWING WEATHER WAS RECORDED YESTERDAY.
  LIGHT RAIN
  FOG


RELATIVE HUMIDITY (PERCENT)
 HIGHEST    79           600 AM
 LOWEST     53          1200 AM
 AVERAGE    66

..........................................................


THE CLEVELAND OH CLIMATE NORMALS FOR TODAY
                         NORMAL    RECORD    YEAR
 MAXIMUM TEMPERATURE (F)   62        83      1962
 MINIMUM TEMPERATURE (F)   45        29      1944
                                             1876


SUNRISE AND SUNSET
OCTOBER 16 2017.......SUNRISE   741 AM EDT   SUNSET   644 PM EDT
OCTOBER 17 2017.......SUNRISE   742 AM EDT   SUNSET   643 PM EDT


-  INDICATES NEGATIVE NUMBERS.
R  INDICATES RECORD WAS SET OR TIED.
MM INDICATES DATA IS MISSING.
T  INDICATES TRACE AMOUNT.




$$
