000
CDUS41 KCLE 220545
CLICLE


CLIMATE REPORT
NATIONAL WEATHER SERVICE CLEVELAND OH
145 AM EDT THU SEP 22 2016


...................................

...THE CLEVELAND OH CLIMATE SUMMARY FOR SEPTEMBER 21 2016...

CLIMATE NORMAL PERIOD 1981 TO 2010
CLIMATE RECORD PERIOD 1871 TO 2016


WEATHER ITEM   OBSERVED TIME   RECORD YEAR NORMAL DEPARTURE LAST
                VALUE   (LST)  VALUE       VALUE  FROM      YEAR
                                                  NORMAL
..................................................................
TEMPERATURE (F)
 YESTERDAY
  MAXIMUM         83   1213 PM  90    1931  72     11       69
  MINIMUM         59    638 AM  35    1956  54      5       50
  AVERAGE         71                        63      8       60

PRECIPITATION (IN)
  YESTERDAY        0.00                      0.14  -0.14     0.00
  MONTH TO DATE    3.40                      2.67   0.73     4.70
  SINCE SEP 1      3.40                      2.67   0.73     4.70
  SINCE JAN 1     26.77                     28.21  -1.44    32.42

SNOWFALL (IN)
  YESTERDAY        0.0                       0.0    0.0      0.0
  MONTH TO DATE    0.0                       0.0    0.0      0.0
  SINCE SEP 1      0.0                       0.0    0.0      0.0
  SINCE JUL 1      0.0                       0.0    0.0      0.0
  SNOW DEPTH       0

DEGREE DAYS
 HEATING
  YESTERDAY        0                         4     -4        5
  MONTH TO DATE    0                        41    -41       26
  SINCE SEP 1      0                        41    -41       26
  SINCE JUL 1      0                        53    -53       40

 COOLING
  YESTERDAY        6                         2      4        0
  MONTH TO DATE  162                        75     87      140
  SINCE SEP 1    162                        75     87      140
  SINCE JAN 1   1246                       790    456      809
..................................................................


WIND (MPH)
  HIGHEST WIND SPEED    12   HIGHEST WIND DIRECTION     N (10)
  HIGHEST GUST SPEED    18   HIGHEST GUST DIRECTION     N (350)
  AVERAGE WIND SPEED     3.4


SKY COVER
  POSSIBLE SUNSHINE  MM
  AVERAGE SKY COVER 0.2


WEATHER CONDITIONS
 THE FOLLOWING WEATHER WAS RECORDED YESTERDAY.
  NO SIGNIFICANT WEATHER WAS OBSERVED.


RELATIVE HUMIDITY (PERCENT)
 HIGHEST    84           100 AM
 LOWEST     43           400 PM
 AVERAGE    64

..........................................................


THE CLEVELAND OH CLIMATE NORMALS FOR TODAY
                         NORMAL    RECORD    YEAR
 MAXIMUM TEMPERATURE (F)   72        92      1895
 MINIMUM TEMPERATURE (F)   54        36      1904


SUNRISE AND SUNSET
SEPTEMBER 22 2016.....SUNRISE   715 AM EDT   SUNSET   724 PM EDT
SEPTEMBER 23 2016.....SUNRISE   716 AM EDT   SUNSET   722 PM EDT


-  INDICATES NEGATIVE NUMBERS.
R  INDICATES RECORD WAS SET OR TIED.
MM INDICATES DATA IS MISSING.
T  INDICATES TRACE AMOUNT.




$$
