000
CDUS41 KCLE 192112
CLICLE


CLIMATE REPORT
NATIONAL WEATHER SERVICE CLEVELAND OH
511 PM EDT SAT JUL 19 2014


...................................

...THE CLEVELAND OH CLIMATE SUMMARY FOR JULY 19 2014...
VALID TODAY AS OF 0500 PM LOCAL TIME.

CLIMATE NORMAL PERIOD 1981 TO 2010
CLIMATE RECORD PERIOD 1871 TO 2014


WEATHER ITEM   OBSERVED TIME   RECORD YEAR NORMAL DEPARTURE LAST
                VALUE   (LST)  VALUE       VALUE  FROM      YEAR
                                                  NORMAL
..................................................................
TEMPERATURE (F)
 TODAY
  MAXIMUM         72    324 PM  95    1930  83    -11       94
  MINIMUM         63    637 AM  50    1979  65     -2       75
  AVERAGE         68                        74     -6       85

PRECIPITATION (IN)
  TODAY            0.18                      0.10   0.08      T
  MONTH TO DATE    1.60                      2.06  -0.46     2.92
  SINCE JUN 1      7.86                      5.49   2.37    10.82
  SINCE JAN 1     24.13                     20.63   3.50    23.41

SNOWFALL (IN)
  TODAY            0.0                       0.0    0.0      0.0
  MONTH TO DATE    0.0                       0.0    0.0      0.0
  SINCE JUN 1      0.0                       0.0    0.0      0.0
  SINCE JUL 1      0.0                       0.0    0.0      0.0
  SNOW DEPTH       0

DEGREE DAYS
 HEATING
  TODAY            0                         0      0        0
  MONTH TO DATE    7                         0      7        0
  SINCE JUN 1     27                        42    -15       39
  SINCE JUL 1      7                         0      7        0

 COOLING
  TODAY            3                         9     -6       20
  MONTH TO DATE  107                       166    -59      231
  SINCE JUN 1    289                       334    -45      395
  SINCE JAN 1    355                       393    -38      509
..................................................................


WIND (MPH)
  HIGHEST WIND SPEED    12   HIGHEST WIND DIRECTION    NW (330)
  HIGHEST GUST SPEED    14   HIGHEST GUST DIRECTION    SE (150)


SKY COVER
  POSSIBLE SUNSHINE  MM
  AVERAGE SKY COVER 1.0


WEATHER CONDITIONS
 THE FOLLOWING WEATHER WAS RECORDED TODAY.
  HEAVY RAIN
  RAIN
  LIGHT RAIN
  FOG


RELATIVE HUMIDITY (PERCENT)
 HIGHEST    93           500 AM
 LOWEST     57          1200 AM
 AVERAGE    75

..........................................................


THE CLEVELAND OH CLIMATE NORMALS FOR TOMORROW
                         NORMAL    RECORD    YEAR
 MAXIMUM TEMPERATURE (F)   83        98      1930
                                             1926
 MINIMUM TEMPERATURE (F)   65        46      1965


SUNRISE AND SUNSET
JULY 19 2014..........SUNRISE   610 AM EDT   SUNSET   857 PM EDT
JULY 20 2014..........SUNRISE   611 AM EDT   SUNSET   856 PM EDT


-  INDICATES NEGATIVE NUMBERS.
R  INDICATES RECORD WAS SET OR TIED.
MM INDICATES DATA IS MISSING.
T  INDICATES TRACE AMOUNT.




$$
