000
CDUS41 KCLE 180526
CLICLE


CLIMATE REPORT
NATIONAL WEATHER SERVICE CLEVELAND OH
126 AM EDT MON AUG 18 2014


...................................

...THE CLEVELAND OH CLIMATE SUMMARY FOR AUGUST 17 2014...

CLIMATE NORMAL PERIOD 1981 TO 2010
CLIMATE RECORD PERIOD 1871 TO 2014


WEATHER ITEM   OBSERVED TIME   RECORD YEAR NORMAL DEPARTURE LAST
                VALUE   (LST)  VALUE       VALUE  FROM      YEAR
                                                  NORMAL
..................................................................
TEMPERATURE (F)
 YESTERDAY
  MAXIMUM         76    241 PM  99    1988  81     -5       80
  MINIMUM         66   1049 PM  48    1971  63      3       54
  AVERAGE         71                        72     -1       67

PRECIPITATION (IN)
  YESTERDAY        0.35                      0.12   0.23     0.00
  MONTH TO DATE    3.27                      1.96   1.31     1.47
  SINCE JUN 1     13.52                      8.85   4.67    14.28
  SINCE JAN 1     29.79                     23.99   5.80    26.87

SNOWFALL (IN)
  YESTERDAY        0.0                       0.0    0.0      0.0
  MONTH TO DATE    0.0                       0.0    0.0      0.0
  SINCE JUN 1      0.0                       0.0    0.0      0.0
  SINCE JUL 1      0.0                       0.0    0.0      0.0
  SNOW DEPTH       0

DEGREE DAYS
 HEATING
  YESTERDAY        0                         0      0        0
  MONTH TO DATE    8                         0      8        4
  SINCE JUN 1     42                        46     -4       46
  SINCE JUL 1     22                         4     18        7

 COOLING
  YESTERDAY        6                         7     -1        2
  MONTH TO DATE   70                       133    -63       72
  SINCE JUN 1    404                       566   -162      522
  SINCE JAN 1    470                       625   -155      636
..................................................................


WIND (MPH)
  HIGHEST WIND SPEED    14   HIGHEST WIND DIRECTION     W (250)
  HIGHEST GUST SPEED    18   HIGHEST GUST DIRECTION    SW (240)
  AVERAGE WIND SPEED     6.3


SKY COVER
  POSSIBLE SUNSHINE  MM
  AVERAGE SKY COVER 0.8


WEATHER CONDITIONS
 THE FOLLOWING WEATHER WAS RECORDED YESTERDAY.
  HEAVY RAIN
  RAIN
  LIGHT RAIN
  FOG


RELATIVE HUMIDITY (PERCENT)
 HIGHEST    90           300 AM
 LOWEST     57           400 PM
 AVERAGE    74

..........................................................


THE CLEVELAND OH CLIMATE NORMALS FOR TODAY
                         NORMAL    RECORD    YEAR
 MAXIMUM TEMPERATURE (F)   81        96      1947
 MINIMUM TEMPERATURE (F)   63        46      1981
                                             1962


SUNRISE AND SUNSET
AUGUST 18 2014........SUNRISE   639 AM EDT   SUNSET   822 PM EDT
AUGUST 19 2014........SUNRISE   640 AM EDT   SUNSET   821 PM EDT


-  INDICATES NEGATIVE NUMBERS.
R  INDICATES RECORD WAS SET OR TIED.
MM INDICATES DATA IS MISSING.
T  INDICATES TRACE AMOUNT.




$$
