000
CDUS41 KCLE 150528
CLICLE


CLIMATE REPORT
NATIONAL WEATHER SERVICE CLEVELAND OH
125 AM EDT SUN OCT 15 2017


...................................

...THE CLEVELAND OH CLIMATE SUMMARY FOR OCTOBER 14 2017...

CLIMATE NORMAL PERIOD 1981 TO 2010
CLIMATE RECORD PERIOD 1871 TO 2017


WEATHER ITEM   OBSERVED TIME   RECORD YEAR NORMAL DEPARTURE LAST
                VALUE   (LST)  VALUE       VALUE  FROM      YEAR
                                                  NORMAL
..................................................................
TEMPERATURE (F)
 YESTERDAY
  MAXIMUM         80    320 PM  84    1989  63     17       63
                                      1899
  MINIMUM         54    633 AM  30    1988  46      8       37
  AVERAGE         67                        54     13       50

PRECIPITATION (IN)
  YESTERDAY        0.00                      0.09  -0.09     0.00
  MONTH TO DATE    2.88                      1.46   1.42     0.50
  SINCE SEP 1      3.69                      5.27  -1.58     5.88
  SINCE JAN 1     35.32                     30.81   4.51    29.25

SNOWFALL (IN)
  YESTERDAY        0.0                       0.0    0.0      0.0
  MONTH TO DATE    0.0                       0.0    0.0      0.0
  SINCE SEP 1      0.0                       0.0    0.0      0.0
  SINCE JUL 1      0.0                       0.0    0.0      0.0
  SNOW DEPTH       0

DEGREE DAYS
 HEATING
  YESTERDAY        0                        11    -11       15
  MONTH TO DATE   12                       127   -115       68
  SINCE SEP 1     60                       218   -158       79
  SINCE JUL 1     62                       230   -168       79

 COOLING
  YESTERDAY        2                         0      2        0
  MONTH TO DATE   43                        10     33       15
  SINCE SEP 1    220                        99    121      200
  SINCE JAN 1   1111                       814    297     1284
..................................................................


WIND (MPH)
  HIGHEST WIND SPEED    15   HIGHEST WIND DIRECTION     S (170)
  HIGHEST GUST SPEED    21   HIGHEST GUST DIRECTION     S (200)
  AVERAGE WIND SPEED     5.9


SKY COVER
  POSSIBLE SUNSHINE  MM
  AVERAGE SKY COVER 0.4


WEATHER CONDITIONS
 THE FOLLOWING WEATHER WAS RECORDED YESTERDAY.
  FOG


RELATIVE HUMIDITY (PERCENT)
 HIGHEST    93          1200 AM
 LOWEST     40           500 PM
 AVERAGE    67

..........................................................


THE CLEVELAND OH CLIMATE NORMALS FOR TODAY
                         NORMAL    RECORD    YEAR
 MAXIMUM TEMPERATURE (F)   63        86      1947
 MINIMUM TEMPERATURE (F)   46        29      1876


SUNRISE AND SUNSET
OCTOBER 15 2017.......SUNRISE   740 AM EDT   SUNSET   646 PM EDT
OCTOBER 16 2017.......SUNRISE   741 AM EDT   SUNSET   644 PM EDT


-  INDICATES NEGATIVE NUMBERS.
R  INDICATES RECORD WAS SET OR TIED.
MM INDICATES DATA IS MISSING.
T  INDICATES TRACE AMOUNT.




$$
