000
CDUS41 KCLE 150545
CLICLE


CLIMATE REPORT
NATIONAL WEATHER SERVICE CLEVELAND OH
145 AM EDT TUE AUG 15 2017


...................................

...THE CLEVELAND OH CLIMATE SUMMARY FOR AUGUST 14 2017...

CLIMATE NORMAL PERIOD 1981 TO 2010
CLIMATE RECORD PERIOD 1871 TO 2017


WEATHER ITEM   OBSERVED TIME   RECORD YEAR NORMAL DEPARTURE LAST
                VALUE   (LST)  VALUE       VALUE  FROM      YEAR
                                                  NORMAL
..................................................................
TEMPERATURE (F)
 YESTERDAY
  MAXIMUM         85   1212 PM  97    1944  81      4       81
  MINIMUM         63    542 AM  46    1964  64     -1       73
  AVERAGE         74                        72      2       77

PRECIPITATION (IN)
  YESTERDAY        0.00                      0.11  -0.11     0.06
  MONTH TO DATE    0.67                      1.62  -0.95     2.18
  SINCE JUN 1      8.99                      8.51   0.48     6.12
  SINCE JAN 1     31.05                     23.65   7.40    22.05

SNOWFALL (IN)
  YESTERDAY        0.0                       0.0    0.0      0.0
  MONTH TO DATE    0.0                       0.0    0.0      0.0
  SINCE JUN 1      0.0                       0.0    0.0      0.0
  SINCE JUL 1      0.0                       0.0    0.0      0.0
  SNOW DEPTH       0

DEGREE DAYS
 HEATING
  YESTERDAY        0                         0      0        0
  MONTH TO DATE    0                         0      0        0
  SINCE JUN 1     17                        46    -29       13
  SINCE JUL 1      0                         4     -4        0

 COOLING
  YESTERDAY        9                         8      1       12
  MONTH TO DATE  112                       112      0      208
  SINCE JUN 1    671                       545    126      807
  SINCE JAN 1    759                       604    155      888
..................................................................


WIND (MPH)
  HIGHEST WIND SPEED    12   HIGHEST WIND DIRECTION     N (10)
  HIGHEST GUST SPEED    15   HIGHEST GUST DIRECTION     N (360)
  AVERAGE WIND SPEED     4.3


SKY COVER
  POSSIBLE SUNSHINE  MM
  AVERAGE SKY COVER 0.7


WEATHER CONDITIONS
 THE FOLLOWING WEATHER WAS RECORDED YESTERDAY.
  NO SIGNIFICANT WEATHER WAS OBSERVED.


RELATIVE HUMIDITY (PERCENT)
 HIGHEST    78           400 AM
 LOWEST     40          1200 PM
 AVERAGE    59

..........................................................


THE CLEVELAND OH CLIMATE NORMALS FOR TODAY
                         NORMAL    RECORD    YEAR
 MAXIMUM TEMPERATURE (F)   81        96      1944
 MINIMUM TEMPERATURE (F)   63        44      1962


SUNRISE AND SUNSET
AUGUST 15 2017........SUNRISE   637 AM EDT   SUNSET   826 PM EDT
AUGUST 16 2017........SUNRISE   638 AM EDT   SUNSET   825 PM EDT


-  INDICATES NEGATIVE NUMBERS.
R  INDICATES RECORD WAS SET OR TIED.
MM INDICATES DATA IS MISSING.
T  INDICATES TRACE AMOUNT.




$$
