600
CDUS41 KCLE 190545
CLICLE


CLIMATE REPORT
NATIONAL WEATHER SERVICE CLEVELAND OH
145 AM EDT WED APR 19 2017


...................................

...THE CLEVELAND OH CLIMATE SUMMARY FOR APRIL 18 2017...

CLIMATE NORMAL PERIOD 1981 TO 2010
CLIMATE RECORD PERIOD 1871 TO 2017


WEATHER ITEM   OBSERVED TIME   RECORD YEAR NORMAL DEPARTURE LAST
                VALUE   (LST)  VALUE       VALUE  FROM      YEAR
                                                  NORMAL
..................................................................
TEMPERATURE (F)
 YESTERDAY
  MAXIMUM         72    123 PM  85    1896  60     12       79
  MINIMUM         46    536 AM  17    1875  41      5       43
  AVERAGE         59                        51      8       61

PRECIPITATION (IN)
  YESTERDAY        0.00                      0.11  -0.11     0.00
  MONTH TO DATE    1.63                      2.18  -0.55     2.62
  SINCE MAR 1      5.65                      5.11   0.54     6.79
  SINCE JAN 1     13.11                     10.17   2.94    11.38

SNOWFALL (IN)
  YESTERDAY        0.0                       0.1   -0.1      0.0
  MONTH TO DATE    2.8                       2.9   -0.1      7.8
  SINCE MAR 1     12.1                      15.5   -3.4     11.0
  SINCE JUL 1     37.3                      67.7  -30.4     32.8
  SNOW DEPTH       0

DEGREE DAYS
 HEATING
  YESTERDAY        6                        15     -9        4
  MONTH TO DATE  185                       319   -134      375
  SINCE MAR 1    976                      1145   -169      998
  SINCE JUL 1   4287                      5362  -1075     4589

 COOLING
  YESTERDAY        0                         0      0        0
  MONTH TO DATE   16                         0     16        0
  SINCE MAR 1     16                         1     15        0
  SINCE JAN 1     16                         1     15        0
..................................................................


WIND (MPH)
  HIGHEST WIND SPEED    14   HIGHEST WIND DIRECTION     S (160)
  HIGHEST GUST SPEED    17   HIGHEST GUST DIRECTION     S (160)
  AVERAGE WIND SPEED     7.3


SKY COVER
  POSSIBLE SUNSHINE  MM
  AVERAGE SKY COVER 0.5


WEATHER CONDITIONS
 THE FOLLOWING WEATHER WAS RECORDED YESTERDAY.
  NO SIGNIFICANT WEATHER WAS OBSERVED.


RELATIVE HUMIDITY (PERCENT)
 HIGHEST    61           300 AM
 LOWEST     27           100 PM
 AVERAGE    44

..........................................................


THE CLEVELAND OH CLIMATE NORMALS FOR TODAY
                         NORMAL    RECORD    YEAR
 MAXIMUM TEMPERATURE (F)   61        84      1958
 MINIMUM TEMPERATURE (F)   42        22      1887


SUNRISE AND SUNSET
APRIL 19 2017.........SUNRISE   641 AM EDT   SUNSET   812 PM EDT
APRIL 20 2017.........SUNRISE   640 AM EDT   SUNSET   813 PM EDT


-  INDICATES NEGATIVE NUMBERS.
R  INDICATES RECORD WAS SET OR TIED.
MM INDICATES DATA IS MISSING.
T  INDICATES TRACE AMOUNT.




$$
