000
CDUS41 KCLE 180537
CLICLE


CLIMATE REPORT
NATIONAL WEATHER SERVICE CLEVELAND OH
125 AM EDT TUE JUL 18 2017


...................................

...THE CLEVELAND OH CLIMATE SUMMARY FOR JULY 17 2017...

CLIMATE NORMAL PERIOD 1981 TO 2010
CLIMATE RECORD PERIOD 1871 TO 2017


WEATHER ITEM   OBSERVED TIME   RECORD YEAR NORMAL DEPARTURE LAST
                VALUE   (LST)  VALUE       VALUE  FROM      YEAR
                                                  NORMAL
..................................................................
TEMPERATURE (F)
 YESTERDAY
  MAXIMUM         78    612 PM  98    2012  83     -5       89
  MINIMUM         66   1156 PM  49    1946  65      1       61
  AVERAGE         72                        74     -2       75

PRECIPITATION (IN)
  YESTERDAY        0.00                      0.11  -0.11     0.00
  MONTH TO DATE    2.20                      1.84   0.36     1.21
  SINCE JUN 1      8.05                      5.27   2.78     3.33
  SINCE JAN 1     30.11                     20.41   9.70    19.26

SNOWFALL (IN)
  YESTERDAY        0.0                       0.0    0.0      0.0
  MONTH TO DATE    0.0                       0.0    0.0      0.0
  SINCE JUN 1      0.0                       0.0    0.0      0.0
  SINCE JUL 1      0.0                       0.0    0.0      0.0
  SNOW DEPTH       0

DEGREE DAYS
 HEATING
  YESTERDAY        0                         0      0        0
  MONTH TO DATE    0                         0      0        0
  SINCE JUN 1     17                        42    -25       13
  SINCE JUL 1      0                         0      0        0

 COOLING
  YESTERDAY        7                         9     -2       10
  MONTH TO DATE  167                       148     19      180
  SINCE JUN 1    404                       316     88      407
  SINCE JAN 1    492                       375    117      488
..................................................................


WIND (MPH)
  HIGHEST WIND SPEED    12   HIGHEST WIND DIRECTION     N (10)
  HIGHEST GUST SPEED    15   HIGHEST GUST DIRECTION    NW (330)
  AVERAGE WIND SPEED     6.0


SKY COVER
  POSSIBLE SUNSHINE  MM
  AVERAGE SKY COVER 0.3


WEATHER CONDITIONS
 THE FOLLOWING WEATHER WAS RECORDED YESTERDAY.
  NO SIGNIFICANT WEATHER WAS OBSERVED.


RELATIVE HUMIDITY (PERCENT)
 HIGHEST    84           200 AM
 LOWEST     43           600 PM
 AVERAGE    64

..........................................................


THE CLEVELAND OH CLIMATE NORMALS FOR TODAY
                         NORMAL    RECORD    YEAR
 MAXIMUM TEMPERATURE (F)   83        96      1878
 MINIMUM TEMPERATURE (F)   65        51      2014
                                             1971


SUNRISE AND SUNSET
JULY 18 2017..........SUNRISE   610 AM EDT   SUNSET   857 PM EDT
JULY 19 2017..........SUNRISE   611 AM EDT   SUNSET   856 PM EDT


-  INDICATES NEGATIVE NUMBERS.
R  INDICATES RECORD WAS SET OR TIED.
MM INDICATES DATA IS MISSING.
T  INDICATES TRACE AMOUNT.




$$
