000
CDUS41 KCLE 150526
CLICLE


CLIMATE REPORT
NATIONAL WEATHER SERVICE CLEVELAND OH
126 AM EDT FRI JUL 15 2016


...................................

...THE CLEVELAND OH CLIMATE SUMMARY FOR JULY 14 2016...

CLIMATE NORMAL PERIOD 1981 TO 2010
CLIMATE RECORD PERIOD 1871 TO 2016


WEATHER ITEM   OBSERVED TIME   RECORD YEAR NORMAL DEPARTURE LAST
                VALUE   (LST)  VALUE       VALUE  FROM      YEAR
                                                  NORMAL
..................................................................
TEMPERATURE (F)
 YESTERDAY
  MAXIMUM         88    459 PM  99    1954  83      5       83
  MINIMUM         71    554 AM  51    1926  65      6       68
                                      1888
  AVERAGE         80                        74      6       76

PRECIPITATION (IN)
  YESTERDAY        T                         0.11  -0.11     0.14
  MONTH TO DATE    1.09                      1.52  -0.43     2.48
  SINCE JUN 1      3.21                      4.95  -1.74    11.00
  SINCE JAN 1     19.14                     20.09  -0.95    24.63

SNOWFALL (IN)
  YESTERDAY        0.0                       0.0    0.0      0.0
  MONTH TO DATE    0.0                       0.0    0.0      0.0
  SINCE JUN 1      0.0                       0.0    0.0      0.0
  SINCE JUL 1      0.0                       0.0    0.0      0.0
  SNOW DEPTH       0

DEGREE DAYS
 HEATING
  YESTERDAY        0                         0      0        0
  MONTH TO DATE    0                         0      0        1
  SINCE JUN 1     13                        42    -29       31
  SINCE JUL 1      0                         0      0        1

 COOLING
  YESTERDAY       15                         9      6       11
  MONTH TO DATE  151                       121     30       59
  SINCE JUN 1    378                       289     89      206
  SINCE JAN 1    459                       348    111      327
..................................................................


WIND (MPH)
  HIGHEST WIND SPEED    21   HIGHEST WIND DIRECTION     W (250)
  HIGHEST GUST SPEED    26   HIGHEST GUST DIRECTION     W (250)
  AVERAGE WIND SPEED    11.6


SKY COVER
  POSSIBLE SUNSHINE  MM
  AVERAGE SKY COVER 0.7


WEATHER CONDITIONS
 THE FOLLOWING WEATHER WAS RECORDED YESTERDAY.
  LIGHT RAIN


RELATIVE HUMIDITY (PERCENT)
 HIGHEST    84           300 AM
 LOWEST     37           600 PM
 AVERAGE    61

..........................................................


THE CLEVELAND OH CLIMATE NORMALS FOR TODAY
                         NORMAL    RECORD    YEAR
 MAXIMUM TEMPERATURE (F)   83        97      1980
 MINIMUM TEMPERATURE (F)   65        48      1960


SUNRISE AND SUNSET
JULY 15 2016..........SUNRISE   607 AM EDT   SUNSET   859 PM EDT
JULY 16 2016..........SUNRISE   608 AM EDT   SUNSET   858 PM EDT


-  INDICATES NEGATIVE NUMBERS.
R  INDICATES RECORD WAS SET OR TIED.
MM INDICATES DATA IS MISSING.
T  INDICATES TRACE AMOUNT.




$$
