000
CDUS41 KCLE 220537
CLICLE


CLIMATE REPORT
NATIONAL WEATHER SERVICE CLEVELAND OH
126 AM EDT WED OCT 22 2014


...................................

...THE CLEVELAND OH CLIMATE SUMMARY FOR OCTOBER 21 2014...

CLIMATE NORMAL PERIOD 1981 TO 2010
CLIMATE RECORD PERIOD 1871 TO 2014


WEATHER ITEM   OBSERVED TIME   RECORD YEAR NORMAL DEPARTURE LAST
                VALUE   (LST)  VALUE       VALUE  FROM      YEAR
                                                  NORMAL
..................................................................
TEMPERATURE (F)
 YESTERDAY
  MAXIMUM         53    234 AM  83    1953  61     -8       65
  MINIMUM         47   1019 PM  26    1952  44      3       47
  AVERAGE         50                        52     -2       56

PRECIPITATION (IN)
  YESTERDAY        0.48                      0.09   0.39     0.17
  MONTH TO DATE    2.39                      2.10   0.29     3.65
  SINCE SEP 1      6.86                      5.91   0.95     5.61
  SINCE JAN 1     37.97                     31.45   6.52    33.82

SNOWFALL (IN)
  YESTERDAY        0.0                       0.0    0.0      0.0
  MONTH TO DATE    0.0                       0.0    0.0      0.0
  SINCE SEP 1      0.0                       0.0    0.0      0.0
  SINCE JUL 1      0.0                       0.0    0.0      0.0
  SNOW DEPTH       0

DEGREE DAYS
 HEATING
  YESTERDAY       15                        13      2        9
  MONTH TO DATE  217                       211      6      133
  SINCE SEP 1    335                       302     33      220
  SINCE JUL 1    360                       314     46      227

 COOLING
  YESTERDAY        0                         0      0        0
  MONTH TO DATE    4                        10     -6       34
  SINCE SEP 1     67                        99    -32      127
  SINCE JAN 1    657                       814   -157      889
..................................................................


WIND (MPH)
  HIGHEST WIND SPEED    23   HIGHEST WIND DIRECTION     N (340)
  HIGHEST GUST SPEED    33   HIGHEST GUST DIRECTION    NW (320)
  AVERAGE WIND SPEED    12.3


SKY COVER
  POSSIBLE SUNSHINE  MM
  AVERAGE SKY COVER 1.0


WEATHER CONDITIONS
 THE FOLLOWING WEATHER WAS RECORDED YESTERDAY.
  LIGHT RAIN
  FOG


RELATIVE HUMIDITY (PERCENT)
 HIGHEST   100          1200 AM
 LOWEST     83           600 AM
 AVERAGE    92

..........................................................


THE CLEVELAND OH CLIMATE NORMALS FOR TODAY
                         NORMAL    RECORD    YEAR
 MAXIMUM TEMPERATURE (F)   60        81      1947
 MINIMUM TEMPERATURE (F)   44        27      1976


SUNRISE AND SUNSET
OCTOBER 22 2014.......SUNRISE   747 AM EDT   SUNSET   636 PM EDT
OCTOBER 23 2014.......SUNRISE   748 AM EDT   SUNSET   635 PM EDT


-  INDICATES NEGATIVE NUMBERS.
R  INDICATES RECORD WAS SET OR TIED.
MM INDICATES DATA IS MISSING.
T  INDICATES TRACE AMOUNT.




$$
