651
CDUS41 KCLE 140528
CLICLE


CLIMATE REPORT
NATIONAL WEATHER SERVICE CLEVELAND OH
1228 AM EST SUN FEB 14 2016


...................................

...THE CLEVELAND OH CLIMATE SUMMARY FOR FEBRUARY 13 2016...

CLIMATE NORMAL PERIOD 1981 TO 2010
CLIMATE RECORD PERIOD 1871 TO 2016


WEATHER ITEM   OBSERVED TIME   RECORD YEAR NORMAL DEPARTURE LAST
                VALUE   (LST)  VALUE       VALUE  FROM      YEAR
                                                  NORMAL
..................................................................
TEMPERATURE (F)
 YESTERDAY
  MAXIMUM         14    402 PM  68    1938  37    -23       20
  MINIMUM          8   1159 PM  -9    1905  23    -15       -2
  AVERAGE         11                        30    -19        9

PRECIPITATION (IN)
  YESTERDAY        T                         0.09  -0.09      T
  MONTH TO DATE    1.59                      1.05   0.54     1.19
  SINCE DEC 1      5.92                      6.87  -0.95     6.08
  SINCE JAN 1      2.96                      3.77  -0.81     4.13

SNOWFALL (IN)
  YESTERDAY        T                         0.5   -0.5       T
  MONTH TO DATE    9.8                       7.1    2.7     13.4
  SINCE DEC 1     17.7                      39.9  -22.2     29.4
  SINCE JUL 1     18.6                      44.4  -25.8     48.8
  SNOW DEPTH       6

DEGREE DAYS
 HEATING
  YESTERDAY       54                        35     19       56
  MONTH TO DATE  454                       464    -10      566
  SINCE DEC 1   2240                      2621   -381     2768
  SINCE JUL 1   3105                      3716   -611     4102

 COOLING
  YESTERDAY        0                         0      0        0
  MONTH TO DATE    0                         0      0        0
  SINCE DEC 1      0                         0      0        0
  SINCE JAN 1      0                         0      0        0
..................................................................


WIND (MPH)
  HIGHEST WIND SPEED    26   HIGHEST WIND DIRECTION    NW (310)
  HIGHEST GUST SPEED    34   HIGHEST GUST DIRECTION    NW (330)
  AVERAGE WIND SPEED    13.7


SKY COVER
  POSSIBLE SUNSHINE  MM
  AVERAGE SKY COVER 0.9


WEATHER CONDITIONS
 THE FOLLOWING WEATHER WAS RECORDED YESTERDAY.
  LIGHT SNOW
  FOG
  HAZE


RELATIVE HUMIDITY (PERCENT)
 HIGHEST    73           900 PM
 LOWEST     55           900 AM
 AVERAGE    64

..........................................................


THE CLEVELAND OH CLIMATE NORMALS FOR TODAY
                         NORMAL    RECORD    YEAR
 MAXIMUM TEMPERATURE (F)   37        62      1918
 MINIMUM TEMPERATURE (F)   23       -10      1905


SUNRISE AND SUNSET
FEBRUARY 14 2016......SUNRISE   724 AM EST   SUNSET   559 PM EST
FEBRUARY 15 2016......SUNRISE   723 AM EST   SUNSET   601 PM EST


-  INDICATES NEGATIVE NUMBERS.
R  INDICATES RECORD WAS SET OR TIED.
MM INDICATES DATA IS MISSING.
T  INDICATES TRACE AMOUNT.




$$
