000
CDUS41 KCLE 040527
CLICLE


CLIMATE REPORT
NATIONAL WEATHER SERVICE CLEVELAND OH
125 AM EDT TUE AUG 4 2015


...................................

...THE CLEVELAND OH CLIMATE SUMMARY FOR AUGUST 3 2015...

CLIMATE NORMAL PERIOD 1981 TO 2010
CLIMATE RECORD PERIOD 1871 TO 2015


WEATHER ITEM   OBSERVED TIME   RECORD YEAR NORMAL DEPARTURE LAST
                VALUE   (LST)  VALUE       VALUE  FROM      YEAR
                                                  NORMAL
..................................................................
TEMPERATURE (F)
 YESTERDAY
  MAXIMUM         83    352 PM  97    1944  82      1       78
  MINIMUM         63    646 AM  48    1976  64     -1       63
  AVERAGE         73                        73      0       71

PRECIPITATION (IN)
  YESTERDAY        0.34                      0.12   0.22     0.00
  MONTH TO DATE    0.34                      0.35  -0.01     0.22
  SINCE JUN 1     11.58                      7.24   4.34    10.47
  SINCE JAN 1     25.21                     22.38   2.83    26.74

SNOWFALL (IN)
  YESTERDAY        0.0                       0.0    0.0      0.0
  MONTH TO DATE    0.0                       0.0    0.0      0.0
  SINCE JUN 1      0.0                       0.0    0.0      0.0
  SINCE JUL 1      0.0                       0.0    0.0      0.0
  SNOW DEPTH       0

DEGREE DAYS
 HEATING
  YESTERDAY        0                         0      0        0
  MONTH TO DATE    0                         0      0        0
  SINCE JUN 1     33                        46    -13       34
  SINCE JUL 1      3                         4     -1       14

 COOLING
  YESTERDAY        8                         8      0        6
  MONTH TO DATE   27                        24      3       18
  SINCE JUN 1    384                       457    -73      352
  SINCE JAN 1    505                       516    -11      418
..................................................................


WIND (MPH)
  HIGHEST WIND SPEED    32   HIGHEST WIND DIRECTION     N (340)
  HIGHEST GUST SPEED    48   HIGHEST GUST DIRECTION     N (350)
  AVERAGE WIND SPEED    10.4


SKY COVER
  POSSIBLE SUNSHINE  MM
  AVERAGE SKY COVER 0.6


WEATHER CONDITIONS
 THE FOLLOWING WEATHER WAS RECORDED YESTERDAY.
  THUNDERSTORM
  LIGHT RAIN
  FOG


RELATIVE HUMIDITY (PERCENT)
 HIGHEST    93           300 AM
 LOWEST     46           300 PM
 AVERAGE    70

..........................................................


THE CLEVELAND OH CLIMATE NORMALS FOR TODAY
                         NORMAL    RECORD    YEAR
 MAXIMUM TEMPERATURE (F)   82        97      1930
 MINIMUM TEMPERATURE (F)   64        46      1966


SUNRISE AND SUNSET
AUGUST  4 2015........SUNRISE   625 AM EDT   SUNSET   841 PM EDT
AUGUST  5 2015........SUNRISE   626 AM EDT   SUNSET   840 PM EDT


-  INDICATES NEGATIVE NUMBERS.
R  INDICATES RECORD WAS SET OR TIED.
MM INDICATES DATA IS MISSING.
T  INDICATES TRACE AMOUNT.




$$
