050
CDUS41 KCLE 300526
CLICLE


CLIMATE REPORT
NATIONAL WEATHER SERVICE CLEVELAND OH
125 AM EDT FRI SEP 30 2016


...................................

...THE CLEVELAND OH CLIMATE SUMMARY FOR SEPTEMBER 29 2016...

CLIMATE NORMAL PERIOD 1981 TO 2010
CLIMATE RECORD PERIOD 1871 TO 2016


WEATHER ITEM   OBSERVED TIME   RECORD YEAR NORMAL DEPARTURE LAST
                VALUE   (LST)  VALUE       VALUE  FROM      YEAR
                                                  NORMAL
..................................................................
TEMPERATURE (F)
 YESTERDAY
  MAXIMUM         68   1052 AM  95    1953  69     -1       75
  MINIMUM         58    613 AM  32    1942  51      7       60
  AVERAGE         63                        60      3       68

PRECIPITATION (IN)
  YESTERDAY        0.93                      0.13   0.80     0.19
  MONTH TO DATE    4.86                      3.69   1.17     4.89
  SINCE SEP 1      4.86                      3.69   1.17     4.89
  SINCE JAN 1     28.23                     29.23  -1.00    32.61

SNOWFALL (IN)
  YESTERDAY        0.0                       0.0    0.0      0.0
  MONTH TO DATE    0.0                       0.0    0.0      0.0
  SINCE SEP 1      0.0                       0.0    0.0      0.0
  SINCE JUL 1      0.0                       0.0    0.0      0.0
  SNOW DEPTH       0

DEGREE DAYS
 HEATING
  YESTERDAY        2                         7     -5        0
  MONTH TO DATE    9                        84    -75       30
  SINCE SEP 1      9                        84    -75       30
  SINCE JUL 1      9                        96    -87       44

 COOLING
  YESTERDAY        0                         1     -1        3
  MONTH TO DATE  185                        86     99      158
  SINCE SEP 1    185                        86     99      158
  SINCE JAN 1   1269                       801    468      827
..................................................................


WIND (MPH)
  HIGHEST WIND SPEED    20   HIGHEST WIND DIRECTION    NE (40)
  HIGHEST GUST SPEED    23   HIGHEST GUST DIRECTION    NE (30)
  AVERAGE WIND SPEED     8.3


SKY COVER
  POSSIBLE SUNSHINE  MM
  AVERAGE SKY COVER 1.0


WEATHER CONDITIONS
 THE FOLLOWING WEATHER WAS RECORDED YESTERDAY.
  THUNDERSTORM
  HEAVY RAIN
  RAIN
  LIGHT RAIN
  FOG


RELATIVE HUMIDITY (PERCENT)
 HIGHEST    93           500 AM
 LOWEST     73          1100 AM
 AVERAGE    83

..........................................................


THE CLEVELAND OH CLIMATE NORMALS FOR TODAY
                         NORMAL    RECORD    YEAR
 MAXIMUM TEMPERATURE (F)   68        86      1881
                                             1877
 MINIMUM TEMPERATURE (F)   51        35      1963


SUNRISE AND SUNSET
SEPTEMBER 30 2016.....SUNRISE   724 AM EDT   SUNSET   710 PM EDT
OCTOBER  1 2016.......SUNRISE   725 AM EDT   SUNSET   708 PM EDT


-  INDICATES NEGATIVE NUMBERS.
R  INDICATES RECORD WAS SET OR TIED.
MM INDICATES DATA IS MISSING.
T  INDICATES TRACE AMOUNT.




$$
