000
CDUS41 KCLE 180545
CLICLE


CLIMATE REPORT
NATIONAL WEATHER SERVICE CLEVELAND OH
145 AM EDT FRI APR 18 2014


...................................

...THE CLEVELAND OH CLIMATE SUMMARY FOR APRIL 17 2014...

CLIMATE NORMAL PERIOD 1981 TO 2010
CLIMATE RECORD PERIOD 1871 TO 2014


WEATHER ITEM   OBSERVED TIME   RECORD YEAR NORMAL DEPARTURE LAST
                VALUE   (LST)  VALUE       VALUE  FROM      YEAR
                                                  NORMAL
..................................................................
TEMPERATURE (F)
 YESTERDAY
  MAXIMUM         66    531 PM  84    1896  60      6       60
  MINIMUM         39    615 AM  15    1875  41     -2       44
  AVERAGE         53                        50      3       52

PRECIPITATION (IN)
  YESTERDAY        0.00                      0.12  -0.12     0.00
  MONTH TO DATE    3.52                      2.07   1.45     2.15
  SINCE MAR 1      5.72                      5.00   0.72     4.40
  SINCE JAN 1     10.75                     10.06   0.69     8.87

SNOWFALL (IN)
  YESTERDAY        0.0                       0.1   -0.1      0.0
  MONTH TO DATE    1.3                       2.8   -1.5      0.2
  SINCE MAR 1     16.4                      15.4    1.0     10.9
  SINCE JUL 1     86.1                      67.6   18.5     51.6
  SNOW DEPTH       0

DEGREE DAYS
 HEATING
  YESTERDAY       12                        15     -3       13
  MONTH TO DATE  264                       304    -40      304
  SINCE MAR 1   1273                      1130    143     1264
  SINCE JUL 1   5954                      5347    607     5443

 COOLING
  YESTERDAY        0                         0      0        0
  MONTH TO DATE    6                         0      6        0
  SINCE MAR 1      6                         1      5        0
  SINCE JAN 1      6                         1      5        0
..................................................................


WIND (MPH)
  HIGHEST WIND SPEED    21   HIGHEST WIND DIRECTION     S (180)
  HIGHEST GUST SPEED    30   HIGHEST GUST DIRECTION     S (170)
  AVERAGE WIND SPEED    12.0


SKY COVER
  POSSIBLE SUNSHINE  MM
  AVERAGE SKY COVER 0.6


WEATHER CONDITIONS
 THE FOLLOWING WEATHER WAS RECORDED YESTERDAY.
  NO SIGNIFICANT WEATHER WAS OBSERVED.


RELATIVE HUMIDITY (PERCENT)
 HIGHEST    46          1000 PM
 LOWEST     28           500 PM
 AVERAGE    37

..........................................................


THE CLEVELAND OH CLIMATE NORMALS FOR TODAY
                         NORMAL    RECORD    YEAR
 MAXIMUM TEMPERATURE (F)   60        85      1896
 MINIMUM TEMPERATURE (F)   41        17      1875


SUNRISE AND SUNSET
APRIL 18 2014.........SUNRISE   643 AM EDT   SUNSET   811 PM EDT
APRIL 19 2014.........SUNRISE   642 AM EDT   SUNSET   812 PM EDT


-  INDICATES NEGATIVE NUMBERS.
R  INDICATES RECORD WAS SET OR TIED.
MM INDICATES DATA IS MISSING.
T  INDICATES TRACE AMOUNT.




$$
