005
CDUS41 KCLE 270526
CLICLE


CLIMATE REPORT
NATIONAL WEATHER SERVICE CLEVELAND OH
1226 AM EST MON FEB 27 2017


...................................

...THE CLEVELAND OH CLIMATE SUMMARY FOR FEBRUARY 26 2017...

CLIMATE NORMAL PERIOD 1981 TO 2010
CLIMATE RECORD PERIOD 1871 TO 2017


WEATHER ITEM   OBSERVED TIME   RECORD YEAR NORMAL DEPARTURE LAST
                VALUE   (LST)  VALUE       VALUE  FROM      YEAR
                                                  NORMAL
..................................................................
TEMPERATURE (F)
 YESTERDAY
  MAXIMUM         43    432 PM  74    2000  40      3       30
  MINIMUM         26    658 AM -15    1963  25      1       23
  AVERAGE         35                        33      2       27

PRECIPITATION (IN)
  YESTERDAY        0.01                      0.09  -0.08     0.02
  MONTH TO DATE    2.68                      2.16   0.52     3.14
  SINCE DEC 1     10.11                      7.98   2.13     7.47
  SINCE JAN 1      7.46                      4.88   2.58     4.51

SNOWFALL (IN)
  YESTERDAY        0.3                       0.5   -0.2      0.2
  MONTH TO DATE    3.2                      13.9  -10.7     13.0
  SINCE DEC 1     24.3                      46.7  -22.4     20.9
  SINCE JUL 1     25.2                      51.2  -26.0     21.8
  SNOW DEPTH       T

DEGREE DAYS
 HEATING
  YESTERDAY       30                        32     -2       38
  MONTH TO DATE  621                       900   -279      879
  SINCE DEC 1   2558                      3057   -499     2665
  SINCE JUL 1   3274                      4152   -878     3530

 COOLING
  YESTERDAY        0                         0      0        0
  MONTH TO DATE    0                         0      0        0
  SINCE DEC 1      0                         0      0        0
  SINCE JAN 1      0                         0      0        0
..................................................................


WIND (MPH)
  HIGHEST WIND SPEED    21   HIGHEST WIND DIRECTION    SW (210)
  HIGHEST GUST SPEED    26   HIGHEST GUST DIRECTION    SW (220)
  AVERAGE WIND SPEED    12.4


SKY COVER
  POSSIBLE SUNSHINE  MM
  AVERAGE SKY COVER 0.6


WEATHER CONDITIONS
 THE FOLLOWING WEATHER WAS RECORDED YESTERDAY.
  LIGHT SNOW


RELATIVE HUMIDITY (PERCENT)
 HIGHEST    75          1200 AM
 LOWEST     34           600 PM
 AVERAGE    55

..........................................................


THE CLEVELAND OH CLIMATE NORMALS FOR TODAY
                         NORMAL    RECORD    YEAR
 MAXIMUM TEMPERATURE (F)   41        66      1996
 MINIMUM TEMPERATURE (F)   26       -10      1963


SUNRISE AND SUNSET
FEBRUARY 27 2017......SUNRISE   705 AM EST   SUNSET   616 PM EST
FEBRUARY 28 2017......SUNRISE   703 AM EST   SUNSET   617 PM EST


-  INDICATES NEGATIVE NUMBERS.
R  INDICATES RECORD WAS SET OR TIED.
MM INDICATES DATA IS MISSING.
T  INDICATES TRACE AMOUNT.




$$
