000
CDUS41 KCLE 300527
CLICLE


CLIMATE REPORT
NATIONAL WEATHER SERVICE CLEVELAND OH
126 AM EDT SAT APR 30 2016


...................................

...THE CLEVELAND OH CLIMATE SUMMARY FOR APRIL 29 2016...

CLIMATE NORMAL PERIOD 1981 TO 2010
CLIMATE RECORD PERIOD 1871 TO 2016


WEATHER ITEM   OBSERVED TIME   RECORD YEAR NORMAL DEPARTURE LAST
                VALUE   (LST)  VALUE       VALUE  FROM      YEAR
                                                  NORMAL
..................................................................
TEMPERATURE (F)
 YESTERDAY
  MAXIMUM         50    858 AM  84    1899  64    -14       62
  MINIMUM         42   1150 PM  25    1977  45     -3       34
  AVERAGE         46                        54     -8       48

PRECIPITATION (IN)
  YESTERDAY        0.06                      0.10  -0.04     0.00
  MONTH TO DATE    3.49                      3.38   0.11     2.77
  SINCE MAR 1      7.66                      6.31   1.35     4.74
  SINCE JAN 1     12.25                     11.37   0.88     9.54

SNOWFALL (IN)
  YESTERDAY        0.0                       0.0    0.0      0.0
  MONTH TO DATE    7.8                       3.3    4.5      0.9
  SINCE MAR 1     11.0                      15.9   -4.9      5.7
  SINCE JUL 1     32.8                      68.1  -35.3     67.1
  SNOW DEPTH       0

DEGREE DAYS
 HEATING
  YESTERDAY       19                        11      8       17
  MONTH TO DATE  503                       458     45      432
  SINCE MAR 1   1126                      1284   -158     1387
  SINCE JUL 1   4717                      5501   -784     6337

 COOLING
  YESTERDAY        0                         1     -1        0
  MONTH TO DATE    0                         9     -9        1
  SINCE MAR 1      0                        10    -10        1
  SINCE JAN 1      0                        10    -10        1
..................................................................


WIND (MPH)
  HIGHEST WIND SPEED    15   HIGHEST WIND DIRECTION     N (10)
  HIGHEST GUST SPEED    20   HIGHEST GUST DIRECTION     N (20)
  AVERAGE WIND SPEED     6.1


SKY COVER
  POSSIBLE SUNSHINE  MM
  AVERAGE SKY COVER 1.0


WEATHER CONDITIONS
 THE FOLLOWING WEATHER WAS RECORDED YESTERDAY.
  LIGHT RAIN
  FOG
  HAZE


RELATIVE HUMIDITY (PERCENT)
 HIGHEST    93           400 AM
 LOWEST     76          1100 PM
 AVERAGE    85

..........................................................


THE CLEVELAND OH CLIMATE NORMALS FOR TODAY
                         NORMAL    RECORD    YEAR
 MAXIMUM TEMPERATURE (F)   65        88      1942
 MINIMUM TEMPERATURE (F)   45        28      1969


SUNRISE AND SUNSET
APRIL 30 2016.........SUNRISE   625 AM EDT   SUNSET   824 PM EDT
MAY  1 2016...........SUNRISE   624 AM EDT   SUNSET   826 PM EDT


-  INDICATES NEGATIVE NUMBERS.
R  INDICATES RECORD WAS SET OR TIED.
MM INDICATES DATA IS MISSING.
T  INDICATES TRACE AMOUNT.




$$
