000
CDUS41 KCLE 160536
CLICLE


CLIMATE REPORT
NATIONAL WEATHER SERVICE CLEVELAND OH
125 AM EDT TUE MAY 16 2017


...................................

...THE CLEVELAND OH CLIMATE SUMMARY FOR MAY 15 2017...

CLIMATE NORMAL PERIOD 1981 TO 2010
CLIMATE RECORD PERIOD 1871 TO 2017


WEATHER ITEM   OBSERVED TIME   RECORD YEAR NORMAL DEPARTURE LAST
                VALUE   (LST)  VALUE       VALUE  FROM      YEAR
                                                  NORMAL
..................................................................
TEMPERATURE (F)
 YESTERDAY
  MAXIMUM         68    543 PM  89    1962  69     -1       50
  MINIMUM         40    508 AM  35    1977  50    -10       38
                                      1964
  AVERAGE         54                        60     -6       44

PRECIPITATION (IN)
  YESTERDAY        0.00                      0.12  -0.12     0.20
  MONTH TO DATE    2.52                      1.69   0.83     2.47
  SINCE MAR 1     11.03                      8.11   2.92    10.50
  SINCE JAN 1     18.49                     13.17   5.32    15.09

SNOWFALL (IN)
  YESTERDAY        0.0                       0.0    0.0       T
  MONTH TO DATE    0.0                       0.1   -0.1       T
  SINCE MAR 1     12.1                      16.0   -3.9     11.0
  SINCE JUL 1     37.3                      68.2  -30.9     32.8
  SNOW DEPTH       0

DEGREE DAYS
 HEATING
  YESTERDAY       11                         7      4       21
  MONTH TO DATE  184                       129     55      141
  SINCE MAR 1   1228                      1423   -195     1284
  SINCE JUL 1   4539                      5640  -1101     4875

 COOLING
  YESTERDAY        0                         1     -1        0
  MONTH TO DATE    0                        15    -15        6
  SINCE MAR 1     31                        26      5        6
  SINCE JAN 1     31                        26      5        6
..................................................................


WIND (MPH)
  HIGHEST WIND SPEED    13   HIGHEST WIND DIRECTION    NE (40)
  HIGHEST GUST SPEED    15   HIGHEST GUST DIRECTION    NE (40)
  AVERAGE WIND SPEED     3.8


SKY COVER
  POSSIBLE SUNSHINE  MM
  AVERAGE SKY COVER 0.2


WEATHER CONDITIONS
 THE FOLLOWING WEATHER WAS RECORDED YESTERDAY.
  NO SIGNIFICANT WEATHER WAS OBSERVED.


RELATIVE HUMIDITY (PERCENT)
 HIGHEST    89           600 AM
 LOWEST     24           500 PM
 AVERAGE    57

..........................................................


THE CLEVELAND OH CLIMATE NORMALS FOR TODAY
                         NORMAL    RECORD    YEAR
 MAXIMUM TEMPERATURE (F)   70        89      1991
 MINIMUM TEMPERATURE (F)   50        29      1984


SUNRISE AND SUNSET
MAY 16 2017...........SUNRISE   607 AM EDT   SUNSET   841 PM EDT
MAY 17 2017...........SUNRISE   606 AM EDT   SUNSET   842 PM EDT


-  INDICATES NEGATIVE NUMBERS.
R  INDICATES RECORD WAS SET OR TIED.
MM INDICATES DATA IS MISSING.
T  INDICATES TRACE AMOUNT.




$$
