000
CDUS41 KCLE 080533
CLICLE


CLIMATE REPORT
NATIONAL WEATHER SERVICE CLEVELAND OH
1233 AM EST SUN JAN 8 2017


...................................

...THE CLEVELAND OH CLIMATE SUMMARY FOR JANUARY 7 2017...

CLIMATE NORMAL PERIOD 1981 TO 2010
CLIMATE RECORD PERIOD 1871 TO 2017


WEATHER ITEM   OBSERVED TIME   RECORD YEAR NORMAL DEPARTURE LAST
                VALUE   (LST)  VALUE       VALUE  FROM      YEAR
                                                  NORMAL
..................................................................
TEMPERATURE (F)
 YESTERDAY
  MAXIMUM         17    115 PM  65    2008  34    -17       47
  MINIMUM          6    433 AM -11    2014  22    -16       21
  AVERAGE         12                        28    -16       34

PRECIPITATION (IN)
  YESTERDAY        0.02                      0.09  -0.07     0.00
  MONTH TO DATE    0.95                      0.69   0.26     0.02
  SINCE DEC 1      3.60                      3.79  -0.19     2.98
  SINCE JAN 1      0.95                      0.69   0.26     0.02

SNOWFALL (IN)
  YESTERDAY        0.5                       0.6   -0.1      0.0
  MONTH TO DATE    1.8                       4.1   -2.3      0.2
  SINCE DEC 1     11.4                      18.2   -6.8      0.5
  SINCE JUL 1     12.3                      22.7  -10.4      1.4
  SNOW DEPTH       1

DEGREE DAYS
 HEATING
  YESTERDAY       53                        37     16       31
  MONTH TO DATE  263                       258      5      259
  SINCE DEC 1   1270                      1270      0      906
  SINCE JUL 1   1986                      2365   -379     1771

 COOLING
  YESTERDAY        0                         0      0        0
  MONTH TO DATE    0                         0      0        0
  SINCE DEC 1      0                         0      0        0
  SINCE JAN 1      0                         0      0        0
..................................................................


WIND (MPH)
  HIGHEST WIND SPEED    22   HIGHEST WIND DIRECTION     W (250)
  HIGHEST GUST SPEED    28   HIGHEST GUST DIRECTION     W (260)
  AVERAGE WIND SPEED    11.5


SKY COVER
  POSSIBLE SUNSHINE  MM
  AVERAGE SKY COVER 0.9


WEATHER CONDITIONS
 THE FOLLOWING WEATHER WAS RECORDED YESTERDAY.
  LIGHT SNOW
  HAZE


RELATIVE HUMIDITY (PERCENT)
 HIGHEST    80           600 AM
 LOWEST     51          1200 PM
 AVERAGE    66

..........................................................


THE CLEVELAND OH CLIMATE NORMALS FOR TODAY
                         NORMAL    RECORD    YEAR
 MAXIMUM TEMPERATURE (F)   34        66      1937
 MINIMUM TEMPERATURE (F)   22       -10      1968


SUNRISE AND SUNSET
JANUARY  8 2017.......SUNRISE   753 AM EST   SUNSET   516 PM EST
JANUARY  9 2017.......SUNRISE   753 AM EST   SUNSET   517 PM EST


-  INDICATES NEGATIVE NUMBERS.
R  INDICATES RECORD WAS SET OR TIED.
MM INDICATES DATA IS MISSING.
T  INDICATES TRACE AMOUNT.




$$
