000
CDUS41 KCLE 150531
CLICLE


CLIMATE REPORT
NATIONAL WEATHER SERVICE CLEVELAND OH
1230 AM EST THU FEB 15 2018


...................................

...THE CLEVELAND OH CLIMATE SUMMARY FOR FEBRUARY 14 2018...

CLIMATE NORMAL PERIOD 1981 TO 2010
CLIMATE RECORD PERIOD 1871 TO 2018


WEATHER ITEM   OBSERVED TIME   RECORD YEAR NORMAL DEPARTURE LAST
                VALUE   (LST)  VALUE       VALUE  FROM      YEAR
                                                  NORMAL
..................................................................
TEMPERATURE (F)
 YESTERDAY
  MAXIMUM         48   1159 PM  62    1918  37     11       52
  MINIMUM         35    137 AM -10    1905  23     12       32
  AVERAGE         42                        30     12       42

PRECIPITATION (IN)
  YESTERDAY        0.04                      0.08  -0.04     0.00
  MONTH TO DATE    0.77                      1.13  -0.36     2.03
  SINCE DEC 1      4.77                      6.95  -2.18     9.46
  SINCE JAN 1      3.04                      3.85  -0.81     6.81

SNOWFALL (IN)
  YESTERDAY        0.0                       0.5   -0.5      0.0
  MONTH TO DATE    5.8                       7.6   -1.8      2.0
  SINCE DEC 1     35.0                      40.4   -5.4     23.1
  SINCE JUL 1     35.8                      44.9   -9.1     24.0
  SNOW DEPTH       T

DEGREE DAYS
 HEATING
  YESTERDAY       23                        35    -12       23
  MONTH TO DATE  546                       499     47      414
  SINCE DEC 1   2835                      2656    179     2351
  SINCE JUL 1   3725                      3751    -26     3067

 COOLING
  YESTERDAY        0                         0      0        0
  MONTH TO DATE    0                         0      0        0
  SINCE DEC 1      0                         0      0        0
  SINCE JAN 1      0                         0      0        0
..................................................................


WIND (MPH)
  HIGHEST WIND SPEED    20   HIGHEST WIND DIRECTION    SW (210)
  HIGHEST GUST SPEED    25   HIGHEST GUST DIRECTION    SW (210)
  AVERAGE WIND SPEED     9.2


SKY COVER
  POSSIBLE SUNSHINE  MM
  AVERAGE SKY COVER 0.9


WEATHER CONDITIONS
 THE FOLLOWING WEATHER WAS RECORDED YESTERDAY.
  LIGHT RAIN
  FOG


RELATIVE HUMIDITY (PERCENT)
 HIGHEST   100           800 PM
 LOWEST     65          1100 AM
 AVERAGE    83

..........................................................


THE CLEVELAND OH CLIMATE NORMALS FOR TODAY
                         NORMAL    RECORD    YEAR
 MAXIMUM TEMPERATURE (F)   37        67      1954
 MINIMUM TEMPERATURE (F)   24        -5      2015


SUNRISE AND SUNSET
FEBRUARY 15 2018......SUNRISE   722 AM EST   SUNSET   601 PM EST
FEBRUARY 16 2018......SUNRISE   721 AM EST   SUNSET   602 PM EST


-  INDICATES NEGATIVE NUMBERS.
R  INDICATES RECORD WAS SET OR TIED.
MM INDICATES DATA IS MISSING.
T  INDICATES TRACE AMOUNT.




$$
