587
CDUS41 KCLE 030531
CLICLE


CLIMATE REPORT
NATIONAL WEATHER SERVICE CLEVELAND OH
1229 AM EST SAT DEC 3 2016


...................................

...THE CLEVELAND OH CLIMATE SUMMARY FOR DECEMBER 2 2016...

CLIMATE NORMAL PERIOD 1981 TO 2010
CLIMATE RECORD PERIOD 1871 TO 2016


WEATHER ITEM   OBSERVED TIME   RECORD YEAR NORMAL DEPARTURE LAST
                VALUE   (LST)  VALUE       VALUE  FROM      YEAR
                                                  NORMAL
..................................................................
TEMPERATURE (F)
 YESTERDAY
  MAXIMUM         42    140 PM  70    1982  43     -1       49
  MINIMUM         34    530 AM  -5    1976  31      3       35
  AVERAGE         38                        37      1       42

PRECIPITATION (IN)
  YESTERDAY        0.09                      0.11  -0.02     0.08
  MONTH TO DATE    0.09                      0.21  -0.12     0.19
  SINCE DEC 1      0.09                      0.21  -0.12     0.19
  SINCE JAN 1     33.91                     36.25  -2.34    37.30

SNOWFALL (IN)
  YESTERDAY        0.0                       0.3   -0.3       T
  MONTH TO DATE    0.0                       0.6   -0.6       T
  SINCE DEC 1      0.0                       0.6   -0.6       T
  SINCE JUL 1      0.9                       5.1   -4.2      0.9
  SNOW DEPTH       0

DEGREE DAYS
 HEATING
  YESTERDAY       27                        28     -1       23
  MONTH TO DATE   52                        55     -3       38
  SINCE DEC 1     52                        55     -3       38
  SINCE JUL 1    768                      1150   -382      903

 COOLING
  YESTERDAY        0                         0      0        0
  MONTH TO DATE    0                         0      0        0
  SINCE DEC 1      0                         0      0        0
  SINCE JAN 1   1320                       817    503      831
..................................................................


WIND (MPH)
  HIGHEST WIND SPEED    21   HIGHEST WIND DIRECTION     W (250)
  HIGHEST GUST SPEED    26   HIGHEST GUST DIRECTION     W (250)
  AVERAGE WIND SPEED    13.0


SKY COVER
  POSSIBLE SUNSHINE  MM
  AVERAGE SKY COVER 0.9


WEATHER CONDITIONS
 THE FOLLOWING WEATHER WAS RECORDED YESTERDAY.
  RAIN
  LIGHT RAIN
  FOG


RELATIVE HUMIDITY (PERCENT)
 HIGHEST    85           400 PM
 LOWEST     64           800 PM
 AVERAGE    75

..........................................................


THE CLEVELAND OH CLIMATE NORMALS FOR TODAY
                         NORMAL    RECORD    YEAR
 MAXIMUM TEMPERATURE (F)   43        77      1982
 MINIMUM TEMPERATURE (F)   31        -7      1976


SUNRISE AND SUNSET
DECEMBER  3 2016......SUNRISE   737 AM EST   SUNSET   458 PM EST
DECEMBER  4 2016......SUNRISE   738 AM EST   SUNSET   458 PM EST


-  INDICATES NEGATIVE NUMBERS.
R  INDICATES RECORD WAS SET OR TIED.
MM INDICATES DATA IS MISSING.
T  INDICATES TRACE AMOUNT.




$$
