000
CDUS41 KCLE 060528
CLICLE


CLIMATE REPORT
NATIONAL WEATHER SERVICE CLEVELAND OH
128 AM EDT SUN JUL 6 2014


...................................

...THE CLEVELAND OH CLIMATE SUMMARY FOR JULY 5 2014...

CLIMATE NORMAL PERIOD 1981 TO 2010
CLIMATE RECORD PERIOD 1871 TO 2014


WEATHER ITEM   OBSERVED TIME   RECORD YEAR NORMAL DEPARTURE LAST
                VALUE   (LST)  VALUE       VALUE  FROM      YEAR
                                                  NORMAL
..................................................................
TEMPERATURE (F)
 YESTERDAY
  MAXIMUM         78    227 PM  96    1949  83     -5       80
                                      1911
  MINIMUM         52    524 AM  48    1979  64    -12       70
                                      1972
                                      1963
  AVERAGE         65                        73     -8       75

PRECIPITATION (IN)
  YESTERDAY        0.00                      0.11  -0.11     0.23
  MONTH TO DATE    T                         0.56  -0.56     0.52
  SINCE JUN 1      6.26                      3.99   2.27     8.42
  SINCE JAN 1     22.53                     19.13   3.40    21.01

SNOWFALL (IN)
  YESTERDAY        0.0                       0.0    0.0      0.0
  MONTH TO DATE    0.0                       0.0    0.0      0.0
  SINCE JUN 1      0.0                       0.0    0.0      0.0
  SINCE JUL 1      0.0                       0.0    0.0      0.0
  SNOW DEPTH       0

DEGREE DAYS
 HEATING
  YESTERDAY        0                         0      0        0
  MONTH TO DATE    2                         0      2        0
  SINCE JUN 1     22                        42    -20       39
  SINCE JUL 1      2                         0      2        0

 COOLING
  YESTERDAY        0                         8     -8       10
  MONTH TO DATE   33                        40     -7       42
  SINCE JUN 1    215                       208      7      206
  SINCE JAN 1    281                       267     14      320
..................................................................


WIND (MPH)
  HIGHEST WIND SPEED    14   HIGHEST WIND DIRECTION     N (350)
  HIGHEST GUST SPEED    16   HIGHEST GUST DIRECTION     N (350)
  AVERAGE WIND SPEED     5.0


SKY COVER
  POSSIBLE SUNSHINE  MM
  AVERAGE SKY COVER 0.5


WEATHER CONDITIONS
 THE FOLLOWING WEATHER WAS RECORDED YESTERDAY.
  FOG
  HAZE


RELATIVE HUMIDITY (PERCENT)
 HIGHEST    83           100 AM
 LOWEST     43          1200 PM
 AVERAGE    63

..........................................................


THE CLEVELAND OH CLIMATE NORMALS FOR TODAY
                         NORMAL    RECORD    YEAR
 MAXIMUM TEMPERATURE (F)   83        97      1988
                                             1944
 MINIMUM TEMPERATURE (F)   64        45      1979
                                             1972


SUNRISE AND SUNSET
JULY  6 2014..........SUNRISE   600 AM EDT   SUNSET   904 PM EDT
JULY  7 2014..........SUNRISE   601 AM EDT   SUNSET   903 PM EDT


-  INDICATES NEGATIVE NUMBERS.
R  INDICATES RECORD WAS SET OR TIED.
MM INDICATES DATA IS MISSING.
T  INDICATES TRACE AMOUNT.




$$
