000
CDUS41 KCLE 262217
CLICLE


CLIMATE REPORT
NATIONAL WEATHER SERVICE CLEVELAND OH
516 PM EST MON JAN 26 2015


...................................

...THE CLEVELAND OH CLIMATE SUMMARY FOR JANUARY 26 2015...
VALID TODAY AS OF 0500 PM LOCAL TIME.

CLIMATE NORMAL PERIOD 1981 TO 2010
CLIMATE RECORD PERIOD 1871 TO 2015


WEATHER ITEM   OBSERVED TIME   RECORD YEAR NORMAL DEPARTURE LAST
                VALUE   (LST)  VALUE       VALUE  FROM      YEAR
                                                  NORMAL
..................................................................
TEMPERATURE (F)
 TODAY
  MAXIMUM         22   1244 PM  69    1950  35    -13       37
  MINIMUM         19    529 AM  -9    1897  22     -3        6
  AVERAGE         21                        28     -7       22

PRECIPITATION (IN)
  TODAY            0.02                      0.08  -0.06     0.02
  MONTH TO DATE    2.72                      2.33   0.39     1.95
  SINCE DEC 1      4.67                      5.43  -0.76     6.05
  SINCE JAN 1      2.72                      2.33   0.39     1.95

SNOWFALL (IN)
  TODAY            0.2                       0.7   -0.5      0.4
  MONTH TO DATE   13.9                      15.7   -1.8     22.6
  SINCE DEC 1     14.8                      29.8  -15.0     40.1
  SINCE JUL 1     34.2                      34.3   -0.1     44.8
  SNOW DEPTH       1

DEGREE DAYS
 HEATING
  TODAY           44                        37      7       43
  MONTH TO DATE 1071                       961    110     1091
  SINCE DEC 1   1978                      1973      5     2106
  SINCE JUL 1   3312                      3068    244     3255

 COOLING
  TODAY            0                         0      0        0
  MONTH TO DATE    0                         0      0        0
  SINCE DEC 1      0                         0      0        0
  SINCE JAN 1      0                         0      0        0
..................................................................


WIND (MPH)
  HIGHEST WIND SPEED    21   HIGHEST WIND DIRECTION    NE (30)
  HIGHEST GUST SPEED    26   HIGHEST GUST DIRECTION    NE (30)


SKY COVER
  POSSIBLE SUNSHINE  MM
  AVERAGE SKY COVER 1.0


WEATHER CONDITIONS
 THE FOLLOWING WEATHER WAS RECORDED TODAY.
  LIGHT SNOW
  FOG
  BLOWING SNOW


RELATIVE HUMIDITY (PERCENT)
 HIGHEST    84          1200 AM
 LOWEST     73           300 AM
 AVERAGE    79

..........................................................


THE CLEVELAND OH CLIMATE NORMALS FOR TOMORROW
                         NORMAL    RECORD    YEAR
 MAXIMUM TEMPERATURE (F)   35        69      1916
 MINIMUM TEMPERATURE (F)   22        -6      1936


SUNRISE AND SUNSET
JANUARY 26 2015.......SUNRISE   744 AM EST   SUNSET   536 PM EST
JANUARY 27 2015.......SUNRISE   744 AM EST   SUNSET   537 PM EST


-  INDICATES NEGATIVE NUMBERS.
R  INDICATES RECORD WAS SET OR TIED.
MM INDICATES DATA IS MISSING.
T  INDICATES TRACE AMOUNT.




$$
