000
CDUS41 KCLE 170535
CLICLE


CLIMATE REPORT
NATIONAL WEATHER SERVICE CLEVELAND OH
134 AM EDT FRI OCT 17 2014


...................................

...THE CLEVELAND OH CLIMATE SUMMARY FOR OCTOBER 16 2014...

CLIMATE NORMAL PERIOD 1981 TO 2010
CLIMATE RECORD PERIOD 1871 TO 2014


WEATHER ITEM   OBSERVED TIME   RECORD YEAR NORMAL DEPARTURE LAST
                VALUE   (LST)  VALUE       VALUE  FROM      YEAR
                                                  NORMAL
..................................................................
TEMPERATURE (F)
 YESTERDAY
  MAXIMUM         62    350 PM  83    1962  62      0       70
  MINIMUM         53    353 AM  29    1944  45      8       48
                                      1876
  AVERAGE         58                        54      4       59

PRECIPITATION (IN)
  YESTERDAY        0.30                      0.09   0.21     0.31
  MONTH TO DATE    1.37                      1.65  -0.28     3.09
  SINCE SEP 1      5.84                      5.46   0.38     5.05
  SINCE JAN 1     36.95                     31.00   5.95    33.26

SNOWFALL (IN)
  YESTERDAY        0.0                       0.0    0.0      0.0
  MONTH TO DATE    0.0                       0.0    0.0      0.0
  SINCE SEP 1      0.0                       0.0    0.0      0.0
  SINCE JUL 1      0.0                       0.0    0.0      0.0
  SNOW DEPTH       0

DEGREE DAYS
 HEATING
  YESTERDAY        7                        11     -4        6
  MONTH TO DATE  153                       149      4       70
  SINCE SEP 1    271                       240     31      157
  SINCE JUL 1    296                       252     44      164

 COOLING
  YESTERDAY        0                         0      0        0
  MONTH TO DATE    4                        10     -6       34
  SINCE SEP 1     67                        99    -32      127
  SINCE JAN 1    657                       814   -157      889
..................................................................


WIND (MPH)
  HIGHEST WIND SPEED    16   HIGHEST WIND DIRECTION     W (250)
  HIGHEST GUST SPEED    19   HIGHEST GUST DIRECTION    SW (240)
  AVERAGE WIND SPEED     6.2


SKY COVER
  POSSIBLE SUNSHINE  MM
  AVERAGE SKY COVER 0.9


WEATHER CONDITIONS
 THE FOLLOWING WEATHER WAS RECORDED YESTERDAY.
  HEAVY RAIN
  RAIN
  LIGHT RAIN
  FOG


RELATIVE HUMIDITY (PERCENT)
 HIGHEST   100           100 AM
 LOWEST     78           400 PM
 AVERAGE    89

..........................................................


THE CLEVELAND OH CLIMATE NORMALS FOR TODAY
                         NORMAL    RECORD    YEAR
 MAXIMUM TEMPERATURE (F)   62        82      1953
                                             1950
 MINIMUM TEMPERATURE (F)   45        32      1981
                                             1943


SUNRISE AND SUNSET
OCTOBER 17 2014.......SUNRISE   741 AM EDT   SUNSET   643 PM EDT
OCTOBER 18 2014.......SUNRISE   743 AM EDT   SUNSET   642 PM EDT


-  INDICATES NEGATIVE NUMBERS.
R  INDICATES RECORD WAS SET OR TIED.
MM INDICATES DATA IS MISSING.
T  INDICATES TRACE AMOUNT.




$$
