997
CDUS41 KCLE 280545
CLICLE


CLIMATE REPORT
NATIONAL WEATHER SERVICE CLEVELAND OH
145 AM EDT THU APR 28 2016


...................................

...THE CLEVELAND OH CLIMATE SUMMARY FOR APRIL 27 2016...

CLIMATE NORMAL PERIOD 1981 TO 2010
CLIMATE RECORD PERIOD 1871 TO 2016


WEATHER ITEM   OBSERVED TIME   RECORD YEAR NORMAL DEPARTURE LAST
                VALUE   (LST)  VALUE       VALUE  FROM      YEAR
                                                  NORMAL
..................................................................
TEMPERATURE (F)
 YESTERDAY
  MAXIMUM         55    325 PM  86    1990  64     -9       45
                                      1957
  MINIMUM         41    606 AM  27    1971  44     -3       39
  AVERAGE         48                        54     -6       42

PRECIPITATION (IN)
  YESTERDAY        0.00                      0.10  -0.10     0.06
  MONTH TO DATE    3.15                      3.17  -0.02     2.77
  SINCE MAR 1      7.32                      6.10   1.22     4.74
  SINCE JAN 1     11.91                     11.16   0.75     9.54

SNOWFALL (IN)
  YESTERDAY        0.0                       0.0    0.0      0.0
  MONTH TO DATE    7.8                       3.2    4.6      0.9
  SINCE MAR 1     11.0                      15.8   -4.8      5.7
  SINCE JUL 1     32.8                      68.0  -35.2     67.1
  SNOW DEPTH       0

DEGREE DAYS
 HEATING
  YESTERDAY       17                        12      5       23
  MONTH TO DATE  467                       436     31      395
  SINCE MAR 1   1090                      1262   -172     1350
  SINCE JUL 1   4681                      5479   -798     6300

 COOLING
  YESTERDAY        0                         1     -1        0
  MONTH TO DATE    0                         7     -7        1
  SINCE MAR 1      0                         8     -8        1
  SINCE JAN 1      0                         8     -8        1
..................................................................


WIND (MPH)
  HIGHEST WIND SPEED    24   HIGHEST WIND DIRECTION    NE (40)
  HIGHEST GUST SPEED    28   HIGHEST GUST DIRECTION    NE (50)
  AVERAGE WIND SPEED    12.9


SKY COVER
  POSSIBLE SUNSHINE  MM
  AVERAGE SKY COVER 0.7


WEATHER CONDITIONS
 THE FOLLOWING WEATHER WAS RECORDED YESTERDAY.
  NO SIGNIFICANT WEATHER WAS OBSERVED.


RELATIVE HUMIDITY (PERCENT)
 HIGHEST    79           100 AM
 LOWEST     29           600 PM
 AVERAGE    54

..........................................................


THE CLEVELAND OH CLIMATE NORMALS FOR TODAY
                         NORMAL    RECORD    YEAR
 MAXIMUM TEMPERATURE (F)   64        88      1986
 MINIMUM TEMPERATURE (F)   45        25      1947


SUNRISE AND SUNSET
APRIL 28 2016.........SUNRISE   628 AM EDT   SUNSET   822 PM EDT
APRIL 29 2016.........SUNRISE   627 AM EDT   SUNSET   823 PM EDT


-  INDICATES NEGATIVE NUMBERS.
R  INDICATES RECORD WAS SET OR TIED.
MM INDICATES DATA IS MISSING.
T  INDICATES TRACE AMOUNT.




$$
