000
CDUS41 KCLE 290525
CLICLE


CLIMATE REPORT
NATIONAL WEATHER SERVICE CLEVELAND OH
1225 AM EST TUE NOV 29 2016


...................................

...THE CLEVELAND OH CLIMATE SUMMARY FOR NOVEMBER 28 2016...

CLIMATE NORMAL PERIOD 1981 TO 2010
CLIMATE RECORD PERIOD 1871 TO 2016


WEATHER ITEM   OBSERVED TIME   RECORD YEAR NORMAL DEPARTURE LAST
                VALUE   (LST)  VALUE       VALUE  FROM      YEAR
                                                  NORMAL
..................................................................
TEMPERATURE (F)
 YESTERDAY
  MAXIMUM         55    819 PM  69    2005  45     10       42
  MINIMUM         36    318 AM   8    1955  33      3       39
  AVERAGE         46                        39      7       41

PRECIPITATION (IN)
  YESTERDAY        0.13                      0.12   0.01     0.26
  MONTH TO DATE    1.68                      3.39  -1.71     2.31
  SINCE SEP 1     10.02                     10.27  -0.25     9.39
  SINCE JAN 1     33.39                     35.81  -2.42    37.11

SNOWFALL (IN)
  YESTERDAY        0.0                       0.2   -0.2      0.0
  MONTH TO DATE    0.9                       3.8   -2.9      0.8
  SINCE SEP 1      0.9                       4.0   -3.1      0.9
  SINCE JUL 1      0.9                       4.0   -3.1      0.9
  SNOW DEPTH       0

DEGREE DAYS
 HEATING
  YESTERDAY       19                        26     -7       24
  MONTH TO DATE  465                       582   -117      445
  SINCE SEP 1    694                      1030   -336      795
  SINCE JUL 1    694                      1042   -348      809

 COOLING
  YESTERDAY        0                         0      0        0
  MONTH TO DATE    8                         0      8        4
  SINCE SEP 1    236                       101    135      162
  SINCE JAN 1   1320                       816    504      831
..................................................................


WIND (MPH)
  HIGHEST WIND SPEED    24   HIGHEST WIND DIRECTION    SE (140)
  HIGHEST GUST SPEED    32   HIGHEST GUST DIRECTION    SE (140)
  AVERAGE WIND SPEED    11.5


SKY COVER
  POSSIBLE SUNSHINE  MM
  AVERAGE SKY COVER 0.9


WEATHER CONDITIONS
 THE FOLLOWING WEATHER WAS RECORDED YESTERDAY.
  LIGHT RAIN


RELATIVE HUMIDITY (PERCENT)
 HIGHEST    70           100 AM
 LOWEST     30           800 PM
 AVERAGE    50

..........................................................


THE CLEVELAND OH CLIMATE NORMALS FOR TODAY
                         NORMAL    RECORD    YEAR
 MAXIMUM TEMPERATURE (F)   45        67      1933
 MINIMUM TEMPERATURE (F)   32         6      1976
                                             1929
                                             1887


SUNRISE AND SUNSET
NOVEMBER 29 2016......SUNRISE   732 AM EST   SUNSET   459 PM EST
NOVEMBER 30 2016......SUNRISE   733 AM EST   SUNSET   459 PM EST


-  INDICATES NEGATIVE NUMBERS.
R  INDICATES RECORD WAS SET OR TIED.
MM INDICATES DATA IS MISSING.
T  INDICATES TRACE AMOUNT.




$$
