000
CDUS41 KCLE 150531
CLICLE


CLIMATE REPORT
NATIONAL WEATHER SERVICE CLEVELAND OH
130 AM EDT WED MAR 15 2017


...................................

...THE CLEVELAND OH CLIMATE SUMMARY FOR MARCH 14 2017...

CLIMATE NORMAL PERIOD 1981 TO 2010
CLIMATE RECORD PERIOD 1871 TO 2017


WEATHER ITEM   OBSERVED TIME   RECORD YEAR NORMAL DEPARTURE LAST
                VALUE   (LST)  VALUE       VALUE  FROM      YEAR
                                                  NORMAL
..................................................................
TEMPERATURE (F)
 YESTERDAY
  MAXIMUM         27    138 AM  79    1990  46    -19       70
  MINIMUM         19    736 PM   6    1993  29    -10       53
                                      1895
  AVERAGE         23                        38    -15       62

PRECIPITATION (IN)
  YESTERDAY        0.09                      0.09   0.00     0.51
  MONTH TO DATE    1.98                      1.21   0.77     2.66
  SINCE MAR 1      1.98                      1.21   0.77     2.66
  SINCE JAN 1      9.44                      6.27   3.17     7.25

SNOWFALL (IN)
  YESTERDAY        1.5                       0.4    1.1      0.0
  MONTH TO DATE    8.3                       6.6    1.7      3.2
  SINCE MAR 1      8.3                       6.6    1.7      3.2
  SINCE JUL 1     33.5                      58.8  -25.3     25.0
  SNOW DEPTH       1

DEGREE DAYS
 HEATING
  YESTERDAY       42                        27     15        3
  MONTH TO DATE  419                       412      7      309
  SINCE MAR 1    419                       412      7      309
  SINCE JUL 1   3730                      4629   -899     3900

 COOLING
  YESTERDAY        0                         0      0        0
  MONTH TO DATE    0                         0      0        0
  SINCE MAR 1      0                         0      0        0
  SINCE JAN 1      0                         0      0        0
..................................................................


WIND (MPH)
  HIGHEST WIND SPEED    30   HIGHEST WIND DIRECTION    NW (330)
  HIGHEST GUST SPEED    39   HIGHEST GUST DIRECTION     N (20)
  AVERAGE WIND SPEED    22.5


SKY COVER
  POSSIBLE SUNSHINE  MM
  AVERAGE SKY COVER 1.0


WEATHER CONDITIONS
 THE FOLLOWING WEATHER WAS RECORDED YESTERDAY.
  SNOW
  LIGHT SNOW
  HAZE
  BLOWING SNOW


RELATIVE HUMIDITY (PERCENT)
 HIGHEST    81          1200 AM
 LOWEST     57           200 PM
 AVERAGE    69

..........................................................


THE CLEVELAND OH CLIMATE NORMALS FOR TODAY
                         NORMAL    RECORD    YEAR
 MAXIMUM TEMPERATURE (F)   46        80      1990
 MINIMUM TEMPERATURE (F)   30         3      1993


SUNRISE AND SUNSET
MARCH 15 2017.........SUNRISE   739 AM EDT   SUNSET   734 PM EDT
MARCH 16 2017.........SUNRISE   737 AM EDT   SUNSET   735 PM EDT


-  INDICATES NEGATIVE NUMBERS.
R  INDICATES RECORD WAS SET OR TIED.
MM INDICATES DATA IS MISSING.
T  INDICATES TRACE AMOUNT.




$$
