000
CDUS41 KCLE 130526
CLICLE


CLIMATE REPORT
NATIONAL WEATHER SERVICE CLEVELAND OH
1225 AM EST FRI JAN 13 2017


...................................

...THE CLEVELAND OH CLIMATE SUMMARY FOR JANUARY 12 2017...

CLIMATE NORMAL PERIOD 1981 TO 2010
CLIMATE RECORD PERIOD 1871 TO 2017


WEATHER ITEM   OBSERVED TIME   RECORD YEAR NORMAL DEPARTURE LAST
                VALUE   (LST)  VALUE       VALUE  FROM      YEAR
                                                  NORMAL
..................................................................
TEMPERATURE (F)
 YESTERDAY
  MAXIMUM         65R   334 AM  65    1916  34     31       28
  MINIMUM         33   1159 PM  -9    1918  22     11       11
                                      1886
  AVERAGE         49                        28     21       20

PRECIPITATION (IN)
  YESTERDAY        1.08                      0.09   0.99     0.17
  MONTH TO DATE    2.51                      1.15   1.36     1.00
  SINCE DEC 1      5.16                      4.25   0.91     3.96
  SINCE JAN 1      2.51                      1.15   1.36     1.00

SNOWFALL (IN)
  YESTERDAY        0.0                       0.6   -0.6      2.7
  MONTH TO DATE    3.5                       7.0   -3.5      4.2
  SINCE DEC 1     13.1                      21.1   -8.0      4.5
  SINCE JUL 1     14.0                      25.6  -11.6      5.4
  SNOW DEPTH       0

DEGREE DAYS
 HEATING
  YESTERDAY       16                        37    -21       45
  MONTH TO DATE  413                       443    -30      430
  SINCE DEC 1   1420                      1455    -35     1077
  SINCE JUL 1   2136                      2550   -414     1942

 COOLING
  YESTERDAY        0                         0      0        0
  MONTH TO DATE    0                         0      0        0
  SINCE DEC 1      0                         0      0        0
  SINCE JAN 1      0                         0      0        0
..................................................................


WIND (MPH)
  HIGHEST WIND SPEED    28   HIGHEST WIND DIRECTION    SW (230)
  HIGHEST GUST SPEED    41   HIGHEST GUST DIRECTION    SW (210)
  AVERAGE WIND SPEED    10.6


SKY COVER
  POSSIBLE SUNSHINE  MM
  AVERAGE SKY COVER 1.0


WEATHER CONDITIONS
 THE FOLLOWING WEATHER WAS RECORDED YESTERDAY.
  HEAVY RAIN
  RAIN
  LIGHT RAIN
  FOG


RELATIVE HUMIDITY (PERCENT)
 HIGHEST    92          1000 AM
 LOWEST     67           400 AM
 AVERAGE    80

..........................................................


THE CLEVELAND OH CLIMATE NORMALS FOR TODAY
                         NORMAL    RECORD    YEAR
 MAXIMUM TEMPERATURE (F)   34        68      2005
                                             1890
 MINIMUM TEMPERATURE (F)   22       -10      1977


SUNRISE AND SUNSET
JANUARY 13 2017.......SUNRISE   752 AM EST   SUNSET   521 PM EST
JANUARY 14 2017.......SUNRISE   751 AM EST   SUNSET   522 PM EST


-  INDICATES NEGATIVE NUMBERS.
R  INDICATES RECORD WAS SET OR TIED.
MM INDICATES DATA IS MISSING.
T  INDICATES TRACE AMOUNT.




$$
