000
CDUS41 KCLE 110527
CLICLE


CLIMATE REPORT
NATIONAL WEATHER SERVICE CLEVELAND OH
1226 AM EST THU DEC 11 2014


...................................

...THE CLEVELAND OH CLIMATE SUMMARY FOR DECEMBER 10 2014...

CLIMATE NORMAL PERIOD 1981 TO 2010
CLIMATE RECORD PERIOD 1871 TO 2014


WEATHER ITEM   OBSERVED TIME   RECORD YEAR NORMAL DEPARTURE LAST
                VALUE   (LST)  VALUE       VALUE  FROM      YEAR
                                                  NORMAL
..................................................................
TEMPERATURE (F)
 YESTERDAY
  MAXIMUM         37   1228 AM  69    1971  40     -3       28
  MINIMUM         28   1159 PM  -5    1958  28      0       20
  AVERAGE         33                        34     -1       24

PRECIPITATION (IN)
  YESTERDAY        0.02                      0.10  -0.08     0.00
  MONTH TO DATE    0.96                      1.04  -0.08     0.21
  SINCE DEC 1      0.96                      1.04  -0.08     0.21
  SINCE JAN 1     43.06                     37.08   5.98    37.96

SNOWFALL (IN)
  YESTERDAY        T                         0.4   -0.4      0.0
  MONTH TO DATE    T                         3.6   -3.6      2.2
  SINCE DEC 1      T                         3.6   -3.6      2.2
  SINCE JUL 1     19.4                       8.1   11.3      6.9
  SNOW DEPTH       0

DEGREE DAYS
 HEATING
  YESTERDAY       32                        31      1       41
  MONTH TO DATE  298                       293      5      291
  SINCE DEC 1    298                       293      5      291
  SINCE JUL 1   1632                      1388    244     1440

 COOLING
  YESTERDAY        0                         0      0        0
  MONTH TO DATE    0                         0      0        0
  SINCE DEC 1      0                         0      0        0
  SINCE JAN 1    657                       817   -160      889
..................................................................


WIND (MPH)
  HIGHEST WIND SPEED    23   HIGHEST WIND DIRECTION    NW (310)
  HIGHEST GUST SPEED    31   HIGHEST GUST DIRECTION     N (350)
  AVERAGE WIND SPEED    17.0


SKY COVER
  POSSIBLE SUNSHINE  MM
  AVERAGE SKY COVER 0.8


WEATHER CONDITIONS
 THE FOLLOWING WEATHER WAS RECORDED YESTERDAY.
  LIGHT RAIN
  SNOW
  LIGHT SNOW
  FOG


RELATIVE HUMIDITY (PERCENT)
 HIGHEST    89           500 AM
 LOWEST     69           500 PM
 AVERAGE    79

..........................................................


THE CLEVELAND OH CLIMATE NORMALS FOR TODAY
                         NORMAL    RECORD    YEAR
 MAXIMUM TEMPERATURE (F)   39        64      1931
 MINIMUM TEMPERATURE (F)   28        -2      1977


SUNRISE AND SUNSET
DECEMBER 11 2014......SUNRISE   743 AM EST   SUNSET   458 PM EST
DECEMBER 12 2014......SUNRISE   744 AM EST   SUNSET   458 PM EST


-  INDICATES NEGATIVE NUMBERS.
R  INDICATES RECORD WAS SET OR TIED.
MM INDICATES DATA IS MISSING.
T  INDICATES TRACE AMOUNT.




$$
