404
CDUS41 KCLE 120526
CLICLE


CLIMATE REPORT
NATIONAL WEATHER SERVICE CLEVELAND OH
1226 AM EST THU JAN 12 2017


...................................

...THE CLEVELAND OH CLIMATE SUMMARY FOR JANUARY 11 2017...

CLIMATE NORMAL PERIOD 1981 TO 2010
CLIMATE RECORD PERIOD 1871 TO 2017


WEATHER ITEM   OBSERVED TIME   RECORD YEAR NORMAL DEPARTURE LAST
                VALUE   (LST)  VALUE       VALUE  FROM      YEAR
                                                  NORMAL
..................................................................
TEMPERATURE (F)
 YESTERDAY
  MAXIMUM         59   1159 PM  67    1890  34     25       22
  MINIMUM         35    835 AM  -9    1886  22     13        9
  AVERAGE         47                        28     19       16

PRECIPITATION (IN)
  YESTERDAY        0.07                      0.10  -0.03      T
  MONTH TO DATE    1.43                      1.06   0.37     0.83
  SINCE DEC 1      4.08                      4.16  -0.08     3.79
  SINCE JAN 1      1.43                      1.06   0.37     0.83

SNOWFALL (IN)
  YESTERDAY        0.0                       0.6   -0.6       T
  MONTH TO DATE    3.5                       6.4   -2.9      1.5
  SINCE DEC 1     13.1                      20.5   -7.4      1.8
  SINCE JUL 1     14.0                      25.0  -11.0      2.7
  SNOW DEPTH       0

DEGREE DAYS
 HEATING
  YESTERDAY       18                        37    -19       49
  MONTH TO DATE  397                       406     -9      385
  SINCE DEC 1   1404                      1418    -14     1032
  SINCE JUL 1   2120                      2513   -393     1897

 COOLING
  YESTERDAY        0                         0      0        0
  MONTH TO DATE    0                         0      0        0
  SINCE DEC 1      0                         0      0        0
  SINCE JAN 1      0                         0      0        0
..................................................................


WIND (MPH)
  HIGHEST WIND SPEED    37   HIGHEST WIND DIRECTION     W (260)
  HIGHEST GUST SPEED    48   HIGHEST GUST DIRECTION     W (260)
  AVERAGE WIND SPEED    15.9


SKY COVER
  POSSIBLE SUNSHINE  MM
  AVERAGE SKY COVER 0.8


WEATHER CONDITIONS
 THE FOLLOWING WEATHER WAS RECORDED YESTERDAY.
  LIGHT RAIN


RELATIVE HUMIDITY (PERCENT)
 HIGHEST    83           900 PM
 LOWEST     53          1200 PM
 AVERAGE    68

..........................................................


THE CLEVELAND OH CLIMATE NORMALS FOR TODAY
                         NORMAL    RECORD    YEAR
 MAXIMUM TEMPERATURE (F)   34        65      1916
 MINIMUM TEMPERATURE (F)   22        -9      1918
                                             1886


SUNRISE AND SUNSET
JANUARY 12 2017.......SUNRISE   752 AM EST   SUNSET   520 PM EST
JANUARY 13 2017.......SUNRISE   752 AM EST   SUNSET   521 PM EST


-  INDICATES NEGATIVE NUMBERS.
R  INDICATES RECORD WAS SET OR TIED.
MM INDICATES DATA IS MISSING.
T  INDICATES TRACE AMOUNT.




$$
