000
CDUS41 KCLE 300527
CLICLE


CLIMATE REPORT
NATIONAL WEATHER SERVICE CLEVELAND OH
127 AM EDT SUN AUG 30 2015


...................................

...THE CLEVELAND OH CLIMATE SUMMARY FOR AUGUST 29 2015...

CLIMATE NORMAL PERIOD 1981 TO 2010
CLIMATE RECORD PERIOD 1871 TO 2015


WEATHER ITEM   OBSERVED TIME   RECORD YEAR NORMAL DEPARTURE LAST
                VALUE   (LST)  VALUE       VALUE  FROM      YEAR
                                                  NORMAL
..................................................................
TEMPERATURE (F)
 YESTERDAY
  MAXIMUM         84    442 PM  98    1953  79      5       80
  MINIMUM         58    335 AM  38    1982  61     -3       51
  AVERAGE         71                        70      1       66

PRECIPITATION (IN)
  YESTERDAY        0.04                      0.11  -0.07     0.00
  MONTH TO DATE    2.51                      3.29  -0.78     4.59
  SINCE JUN 1     13.75                     10.18   3.57    14.84
  SINCE JAN 1     27.38                     25.32   2.06    31.11

SNOWFALL (IN)
  YESTERDAY        0.0                       0.0    0.0      0.0
  MONTH TO DATE    0.0                       0.0    0.0      0.0
  SINCE JUN 1      0.0                       0.0    0.0      0.0
  SINCE JUL 1      0.0                       0.0    0.0      0.0
  SNOW DEPTH       0

DEGREE DAYS
 HEATING
  YESTERDAY        0                         1     -1        0
  MONTH TO DATE   11                         1     10       11
  SINCE JUN 1     44                        47     -3       45
  SINCE JUL 1     14                         5      9       25

 COOLING
  YESTERDAY        6                         6      0        1
  MONTH TO DATE  169                       212    -43      166
  SINCE JUN 1    526                       645   -119      500
  SINCE JAN 1    647                       704    -57      566
..................................................................


WIND (MPH)
  HIGHEST WIND SPEED    13   HIGHEST WIND DIRECTION     N (20)
  HIGHEST GUST SPEED    15   HIGHEST GUST DIRECTION    NE (40)
  AVERAGE WIND SPEED     4.4


SKY COVER
  POSSIBLE SUNSHINE  MM
  AVERAGE SKY COVER 0.8


WEATHER CONDITIONS
 THE FOLLOWING WEATHER WAS RECORDED YESTERDAY.
  THUNDERSTORM
  LIGHT RAIN


RELATIVE HUMIDITY (PERCENT)
 HIGHEST    93           300 AM
 LOWEST     47           100 PM
 AVERAGE    70

..........................................................


THE CLEVELAND OH CLIMATE NORMALS FOR TODAY
                         NORMAL    RECORD    YEAR
 MAXIMUM TEMPERATURE (F)   79        96      1953
 MINIMUM TEMPERATURE (F)   61        45      1976
                                             1968


SUNRISE AND SUNSET
AUGUST 30 2015........SUNRISE   651 AM EDT   SUNSET   804 PM EDT
AUGUST 31 2015........SUNRISE   652 AM EDT   SUNSET   802 PM EDT


-  INDICATES NEGATIVE NUMBERS.
R  INDICATES RECORD WAS SET OR TIED.
MM INDICATES DATA IS MISSING.
T  INDICATES TRACE AMOUNT.




$$
