000
CDUS41 KCLE 250532
CLICLE


CLIMATE REPORT
NATIONAL WEATHER SERVICE CLEVELAND OH
1232 AM EST SUN JAN 25 2015


...................................

...THE CLEVELAND OH CLIMATE SUMMARY FOR JANUARY 24 2015...

CLIMATE NORMAL PERIOD 1981 TO 2010
CLIMATE RECORD PERIOD 1871 TO 2015


WEATHER ITEM   OBSERVED TIME   RECORD YEAR NORMAL DEPARTURE LAST
                VALUE   (LST)  VALUE       VALUE  FROM      YEAR
                                                  NORMAL
..................................................................
TEMPERATURE (F)
 YESTERDAY
  MAXIMUM         34   1159 PM  65    1909  34      0       21
  MINIMUM         23    122 AM -19    1963  22      1       -1
  AVERAGE         29                        28      1       10

PRECIPITATION (IN)
  YESTERDAY        T                         0.08  -0.08      T
  MONTH TO DATE    2.64                      2.17   0.47     1.65
  SINCE DEC 1      4.59                      5.27  -0.68     5.75
  SINCE JAN 1      2.64                      2.17   0.47     1.65

SNOWFALL (IN)
  YESTERDAY        T                         0.6   -0.6       T
  MONTH TO DATE   13.0                      14.4   -1.4     16.9
  SINCE DEC 1     13.9                      28.5  -14.6     34.4
  SINCE JUL 1     33.3                      33.0    0.3     39.1
  SNOW DEPTH       2

DEGREE DAYS
 HEATING
  YESTERDAY       36                        37     -1       55
  MONTH TO DATE  989                       887    102     1004
  SINCE DEC 1   1896                      1899     -3     2019
  SINCE JUL 1   3230                      2994    236     3168

 COOLING
  YESTERDAY        0                         0      0        0
  MONTH TO DATE    0                         0      0        0
  SINCE DEC 1      0                         0      0        0
  SINCE JAN 1      0                         0      0        0
..................................................................


WIND (MPH)
  HIGHEST WIND SPEED    17   HIGHEST WIND DIRECTION    SW (240)
  HIGHEST GUST SPEED    22   HIGHEST GUST DIRECTION    SW (230)
  AVERAGE WIND SPEED    10.0


SKY COVER
  POSSIBLE SUNSHINE  MM
  AVERAGE SKY COVER 1.0


WEATHER CONDITIONS
 THE FOLLOWING WEATHER WAS RECORDED YESTERDAY.
  LT FREEZING RAIN
  LIGHT SNOW
  FOG
  HAZE


RELATIVE HUMIDITY (PERCENT)
 HIGHEST    92           600 PM
 LOWEST     78          1100 AM
 AVERAGE    85

..........................................................


THE CLEVELAND OH CLIMATE NORMALS FOR TODAY
                         NORMAL    RECORD    YEAR
 MAXIMUM TEMPERATURE (F)   35        73      1950
 MINIMUM TEMPERATURE (F)   22       -15      1897


SUNRISE AND SUNSET
JANUARY 25 2015.......SUNRISE   745 AM EST   SUNSET   535 PM EST
JANUARY 26 2015.......SUNRISE   744 AM EST   SUNSET   536 PM EST


-  INDICATES NEGATIVE NUMBERS.
R  INDICATES RECORD WAS SET OR TIED.
MM INDICATES DATA IS MISSING.
T  INDICATES TRACE AMOUNT.




$$
