000
CDUS41 KCLE 110545
CLICLE


CLIMATE REPORT
NATIONAL WEATHER SERVICE CLEVELAND OH
145 AM EDT FRI AUG 11 2017


...................................

...THE CLEVELAND OH CLIMATE SUMMARY FOR AUGUST 10 2017...

CLIMATE NORMAL PERIOD 1981 TO 2010
CLIMATE RECORD PERIOD 1871 TO 2017


WEATHER ITEM   OBSERVED TIME   RECORD YEAR NORMAL DEPARTURE LAST
                VALUE   (LST)  VALUE       VALUE  FROM      YEAR
                                                  NORMAL
..................................................................
TEMPERATURE (F)
 YESTERDAY
  MAXIMUM         84    300 PM  97    1944  81      3       92
  MINIMUM         60    541 AM  47    1972  64     -4       76
  AVERAGE         72                        73     -1       84

PRECIPITATION (IN)
  YESTERDAY        0.00                      0.11  -0.11     1.04
  MONTH TO DATE    0.61                      1.17  -0.56     1.58
  SINCE JUN 1      8.93                      8.06   0.87     5.52
  SINCE JAN 1     30.99                     23.20   7.79    21.45

SNOWFALL (IN)
  YESTERDAY        0.0                       0.0    0.0      0.0
  MONTH TO DATE    0.0                       0.0    0.0      0.0
  SINCE JUN 1      0.0                       0.0    0.0      0.0
  SINCE JUL 1      0.0                       0.0    0.0      0.0
  SNOW DEPTH       0

DEGREE DAYS
 HEATING
  YESTERDAY        0                         0      0        0
  MONTH TO DATE    0                         0      0        0
  SINCE JUN 1     17                        46    -29       13
  SINCE JUL 1      0                         4     -4        0

 COOLING
  YESTERDAY        7                         8     -1       19
  MONTH TO DATE   79                        80     -1      138
  SINCE JUN 1    638                       513    125      737
  SINCE JAN 1    726                       572    154      818
..................................................................


WIND (MPH)
  HIGHEST WIND SPEED    13   HIGHEST WIND DIRECTION     S (180)
  HIGHEST GUST SPEED    17   HIGHEST GUST DIRECTION     S (200)
  AVERAGE WIND SPEED     5.9


SKY COVER
  POSSIBLE SUNSHINE  MM
  AVERAGE SKY COVER 0.5


WEATHER CONDITIONS
 THE FOLLOWING WEATHER WAS RECORDED YESTERDAY.
  NO SIGNIFICANT WEATHER WAS OBSERVED.


RELATIVE HUMIDITY (PERCENT)
 HIGHEST    84           200 AM
 LOWEST     37          1200 PM
 AVERAGE    61

..........................................................


THE CLEVELAND OH CLIMATE NORMALS FOR TODAY
                         NORMAL    RECORD    YEAR
 MAXIMUM TEMPERATURE (F)   81        96      1944
 MINIMUM TEMPERATURE (F)   64        48      1965


SUNRISE AND SUNSET
AUGUST 11 2017........SUNRISE   633 AM EDT   SUNSET   832 PM EDT
AUGUST 12 2017........SUNRISE   634 AM EDT   SUNSET   830 PM EDT


-  INDICATES NEGATIVE NUMBERS.
R  INDICATES RECORD WAS SET OR TIED.
MM INDICATES DATA IS MISSING.
T  INDICATES TRACE AMOUNT.




$$
