000
CDUS41 KCLE 100533
CLICLE


CLIMATE REPORT
NATIONAL WEATHER SERVICE CLEVELAND OH
1233 AM EST TUE JAN 10 2017


...................................

...THE CLEVELAND OH CLIMATE SUMMARY FOR JANUARY 9 2017...

CLIMATE NORMAL PERIOD 1981 TO 2010
CLIMATE RECORD PERIOD 1871 TO 2017


WEATHER ITEM   OBSERVED TIME   RECORD YEAR NORMAL DEPARTURE LAST
                VALUE   (LST)  VALUE       VALUE  FROM      YEAR
                                                  NORMAL
..................................................................
TEMPERATURE (F)
 YESTERDAY
  MAXIMUM         31   1159 PM  66    1937  34     -3       52
  MINIMUM         15    242 AM -13    1875  22     -7       45
  AVERAGE         23                        28     -5       49

PRECIPITATION (IN)
  YESTERDAY        0.00                      0.09  -0.09     0.07
  MONTH TO DATE    0.97                      0.87   0.10     0.33
  SINCE DEC 1      3.62                      3.97  -0.35     3.29
  SINCE JAN 1      0.97                      0.87   0.10     0.33

SNOWFALL (IN)
  YESTERDAY        0.0                       0.6   -0.6      0.0
  MONTH TO DATE    2.6                       5.3   -2.7      0.2
  SINCE DEC 1     12.2                      19.4   -7.2      0.5
  SINCE JUL 1     13.1                      23.9  -10.8      1.4
  SNOW DEPTH       1

DEGREE DAYS
 HEATING
  YESTERDAY       42                        37      5       16
  MONTH TO DATE  354                       332     22      304
  SINCE DEC 1   1361                      1344     17      951
  SINCE JUL 1   2077                      2439   -362     1816

 COOLING
  YESTERDAY        0                         0      0        0
  MONTH TO DATE    0                         0      0        0
  SINCE DEC 1      0                         0      0        0
  SINCE JAN 1      0                         0      0        0
..................................................................


WIND (MPH)
  HIGHEST WIND SPEED    20   HIGHEST WIND DIRECTION     S (180)
  HIGHEST GUST SPEED    28   HIGHEST GUST DIRECTION     S (170)
  AVERAGE WIND SPEED    12.3


SKY COVER
  POSSIBLE SUNSHINE  MM
  AVERAGE SKY COVER 1.0


WEATHER CONDITIONS
 THE FOLLOWING WEATHER WAS RECORDED YESTERDAY.
  NO SIGNIFICANT WEATHER WAS OBSERVED.


RELATIVE HUMIDITY (PERCENT)
 HIGHEST    59          1200 AM
 LOWEST     42           200 PM
 AVERAGE    51

..........................................................


THE CLEVELAND OH CLIMATE NORMALS FOR TODAY
                         NORMAL    RECORD    YEAR
 MAXIMUM TEMPERATURE (F)   34        61      1939
 MINIMUM TEMPERATURE (F)   22       -12      1875


SUNRISE AND SUNSET
JANUARY 10 2017.......SUNRISE   753 AM EST   SUNSET   518 PM EST
JANUARY 11 2017.......SUNRISE   753 AM EST   SUNSET   519 PM EST


-  INDICATES NEGATIVE NUMBERS.
R  INDICATES RECORD WAS SET OR TIED.
MM INDICATES DATA IS MISSING.
T  INDICATES TRACE AMOUNT.




$$
