000
CDUS41 KCLE 120545
CLICLE


CLIMATE REPORT
NATIONAL WEATHER SERVICE CLEVELAND OH
145 AM EDT FRI MAY 12 2017


...................................

...THE CLEVELAND OH CLIMATE SUMMARY FOR MAY 11 2017...

CLIMATE NORMAL PERIOD 1981 TO 2010
CLIMATE RECORD PERIOD 1871 TO 2017


WEATHER ITEM   OBSERVED TIME   RECORD YEAR NORMAL DEPARTURE LAST
                VALUE   (LST)  VALUE       VALUE  FROM      YEAR
                                                  NORMAL
..................................................................
TEMPERATURE (F)
 YESTERDAY
  MAXIMUM         58   1238 PM  88    2015  68    -10       75
  MINIMUM         51    909 AM  33    1977  49      2       57
                                      1966
  AVERAGE         55                        58     -3       66

PRECIPITATION (IN)
  YESTERDAY        0.21                      0.11   0.10     0.00
  MONTH TO DATE    2.36                      1.22   1.14     1.19
  SINCE MAR 1     10.87                      7.64   3.23     9.22
  SINCE JAN 1     18.33                     12.70   5.63    13.81

SNOWFALL (IN)
  YESTERDAY        0.0                       0.0    0.0      0.0
  MONTH TO DATE    0.0                       0.1   -0.1      0.0
  SINCE MAR 1     12.1                      16.0   -3.9     11.0
  SINCE JUL 1     37.3                      68.2  -30.9     32.8
  SNOW DEPTH       0

DEGREE DAYS
 HEATING
  YESTERDAY       10                         8      2        0
  MONTH TO DATE  145                       100     45      103
  SINCE MAR 1   1189                      1394   -205     1246
  SINCE JUL 1   4500                      5611  -1111     4837

 COOLING
  YESTERDAY        0                         1     -1        1
  MONTH TO DATE    0                        11    -11        1
  SINCE MAR 1     31                        22      9        1
  SINCE JAN 1     31                        22      9        1
..................................................................


WIND (MPH)
  HIGHEST WIND SPEED    20   HIGHEST WIND DIRECTION     N (20)
  HIGHEST GUST SPEED    24   HIGHEST GUST DIRECTION     N (20)
  AVERAGE WIND SPEED    11.6


SKY COVER
  POSSIBLE SUNSHINE  MM
  AVERAGE SKY COVER 0.9


WEATHER CONDITIONS
 THE FOLLOWING WEATHER WAS RECORDED YESTERDAY.
  LIGHT RAIN


RELATIVE HUMIDITY (PERCENT)
 HIGHEST    83           800 AM
 LOWEST     39           100 AM
 AVERAGE    61

..........................................................


THE CLEVELAND OH CLIMATE NORMALS FOR TODAY
                         NORMAL    RECORD    YEAR
 MAXIMUM TEMPERATURE (F)   68        89      1881
 MINIMUM TEMPERATURE (F)   49        32      1976


SUNRISE AND SUNSET
MAY 12 2017...........SUNRISE   611 AM EDT   SUNSET   837 PM EDT
MAY 13 2017...........SUNRISE   610 AM EDT   SUNSET   838 PM EDT


-  INDICATES NEGATIVE NUMBERS.
R  INDICATES RECORD WAS SET OR TIED.
MM INDICATES DATA IS MISSING.
T  INDICATES TRACE AMOUNT.




$$
