000
CDUS41 KCLE 082110
CLICLE


CLIMATE REPORT
NATIONAL WEATHER SERVICE CLEVELAND OH
510 PM EDT SAT JUL 8 2017


...................................

...THE CLEVELAND OH CLIMATE SUMMARY FOR JULY 8 2017...
VALID TODAY AS OF 0500 PM LOCAL TIME.

CLIMATE NORMAL PERIOD 1981 TO 2010
CLIMATE RECORD PERIOD 1871 TO 2017


WEATHER ITEM   OBSERVED TIME   RECORD YEAR NORMAL DEPARTURE LAST
                VALUE   (LST)  VALUE       VALUE  FROM      YEAR
                                                  NORMAL
..................................................................
TEMPERATURE (F)
 TODAY
  MAXIMUM         77    358 PM  99    1988  83     -6       89
  MINIMUM         68    443 AM  45    1984  64      4       70
  AVERAGE         73                        74     -1       80

PRECIPITATION (IN)
  TODAY            T                         0.10  -0.10     0.51
  MONTH TO DATE    0.60                      0.87  -0.27     0.93
  SINCE JUN 1      6.45                      4.30   2.15     3.05
  SINCE JAN 1     28.51                     19.44   9.07    18.98

SNOWFALL (IN)
  TODAY            0.0                       0.0    0.0      0.0
  MONTH TO DATE    0.0                       0.0    0.0      0.0
  SINCE JUN 1      0.0                       0.0    0.0      0.0
  SINCE JUL 1      0.0                       0.0    0.0      0.0
  SNOW DEPTH       0

DEGREE DAYS
 HEATING
  TODAY            0                         0      0        0
  MONTH TO DATE    0                         0      0        0
  SINCE JUN 1     17                        42    -25       13
  SINCE JUL 1      0                         0      0        0

 COOLING
  TODAY            8                         9     -1       15
  MONTH TO DATE   79                        67     12       72
  SINCE JUN 1    316                       235     81      299
  SINCE JAN 1    404                       294    110      380
..................................................................


WIND (MPH)
  HIGHEST WIND SPEED    15   HIGHEST WIND DIRECTION    NW (310)
  HIGHEST GUST SPEED    21   HIGHEST GUST DIRECTION    NW (300)


SKY COVER
  POSSIBLE SUNSHINE  MM
  AVERAGE SKY COVER 0.9


WEATHER CONDITIONS
 THE FOLLOWING WEATHER WAS RECORDED TODAY.
  LIGHT RAIN


RELATIVE HUMIDITY (PERCENT)
 HIGHEST    90           600 AM
 LOWEST     56           400 PM
 AVERAGE    73

..........................................................


THE CLEVELAND OH CLIMATE NORMALS FOR TOMORROW
                         NORMAL    RECORD    YEAR
 MAXIMUM TEMPERATURE (F)   83        97      1936
 MINIMUM TEMPERATURE (F)   64        43      1961


SUNRISE AND SUNSET
JULY  8 2017..........SUNRISE   602 AM EDT   SUNSET   903 PM EDT
JULY  9 2017..........SUNRISE   603 AM EDT   SUNSET   902 PM EDT


-  INDICATES NEGATIVE NUMBERS.
R  INDICATES RECORD WAS SET OR TIED.
MM INDICATES DATA IS MISSING.
T  INDICATES TRACE AMOUNT.




$$
